000
CXUS54 KSHV 011400
CF6GGG
PRELIMINARY LOCAL CLIMATOLOGICAL DATA (WS FORM: F-6)
STATION: LONGVIEW
MONTH: NOVEMBER
YEAR: 2021
LATITUDE: 32 22 N
LONGITUDE: 94 43 W
TEMPERATURE IN F: :PCPN: SNOW: WIND :SUNSHINE: SKY :PK WND
================================================================================
1 2 3 4 5 6A 6B 7 8 9 10 11 12 13 14 15 16 17 18
12Z AVG MX 2MIN
DY MAX MIN AVG DEP HDD CDD WTR SNW DPTH SPD SPD DIR MIN PSBL S-S WX SPD DR
================================================================================
1 77 43 60 -1 5 0 0.00 0.0 0 3.7 13 150 M M 0 17 150
2 73 50 62 1 3 0 T 0.0 0 7.4 14 80 M M 2 18 60
3 53 45 49 -11 16 0 0.39 0.0 0 7.7 15 110 M M 10 1 22 80
4 61 38 50 -10 15 0 0.00 0.0 0 5.4 14 10 M M 3 1 19 30
5 62 33 48 -12 17 0 0.00 0.0 0 2.3 12 30 M M 0 16 360
6 67 33 50 -9 15 0 0.00 0.0 0 2.1 8 90 M M 0 12 90
7 72 37 55 -4 10 0 0.00 0.0 0 4.0 10 150 M M 1 12 17 150
8 76 39 58 -1 7 0 0.00 0.0 0 4.6 13 160 M M 0 1 17 190
9 74 47 61 3 4 0 0.00 0.0 0 4.9 13 230 M M 1 1 16 200
10 78 51 65 7 0 0 T 0.0 0 9.9 22 180 M M 6 123 28 190
11 71 44 58 0 7 0 0.69 0.0 0 6.9 32 310 M M 3 13 43 300
12 71 40 56 -1 9 0 0.00 0.0 0 7.7 20 310 M M 0 24 310
13 62 33 48 -9 17 0 0.00 0.0 0 3.6 10 340 M M 0 13 330
14 75 41 58 1 7 0 0.00 0.0 0 4.7 17 240 M M 0 22 240
15 81 46 64 8 1 0 0.00 0.0 0 7.2 18 200 M M 3 25 220
16 81 61 71 15 0 6 0.00 0.0 0 13.7 25 200 M M 3 33 200
17 83 63 73 17 0 8 0.00 0.0 0 11.9 28 210 M M 2 35 220
18 68 42 55 -1 10 0 T 0.0 0 10.0 22 40 M M 4 8 33 30
19 62 31 47 -8 18 0 0.00 0.0 0 3.5 15 120 M M 0 19 120
20 74 38 56 1 9 0 0.00 0.0 0 7.4 17 200 M M 0 22 200
21 74 58 66 11 0 1 0.09 0.0 0 7.9 18 330 M M 10 24 320
22 68 40 54 0 11 0 0.00 0.0 0 5.0 14 350 M M 1 20 350
23 69 36 53 -1 12 0 0.00 0.0 0 6.4 14 170 M M 0 17 160
24 74 49 62 8 3 0 T 0.0 0 12.2 22 170 M M 6 29 160
25 66 41 54 1 11 0 0.82 0.0 0 9.0 20 330 M M 6 3 26 340
26 51 34 43 -10 22 0 0.00 0.0 0 2.9 10 70 M M 0 13 80
27 51 34 43 -10 22 0 0.30 0.0 0 4.9 9 200 M M 6 11 200
28 68 44 56 3 9 0 0.06 0.0 0 3.5 12 330 M M 5 1 16 330
29 71 36 54 2 11 0 0.00 0.0 0 4.7 10 190 M M 0 14 200
30 75 44 60 8 5 0 0.00 0.0 0 8.0 16 210 M M 0 20 210
================================================================================
SM 2088 1271 276 15 2.35 0.0 193.1 M 72
================================================================================
AV 69.6 42.4 6.4 FASTST M M 2 MAX(MPH)
MISC ----> 32 310 43 300
================================================================================
NOTES:
# LAST OF SEVERAL OCCURRENCES
COLUMN 17 PEAK WIND IN M.P.H.
PRELIMINARY LOCAL CLIMATOLOGICAL DATA (WS FORM: F-6) , PAGE 2
STATION: LONGVIEW
MONTH: NOVEMBER
YEAR: 2021
LATITUDE: 32 22 N
LONGITUDE: 94 43 W
[TEMPERATURE DATA] [PRECIPITATION DATA] SYMBOLS USED IN COLUMN 16
AVERAGE MONTHLY: 56.0 TOTAL FOR MONTH: 2.35 1 = FOG OR MIST
DPTR FM NORMAL: -0.3 DPTR FM NORMAL: -1.45 2 = FOG REDUCING VISIBILITY
HIGHEST: 83 ON 17 GRTST 24HR 0.82 ON 25-25 TO 1/4 MILE OR LESS
LOWEST: 31 ON 19 3 = THUNDER
SNOW, ICE PELLETS, HAIL 4 = ICE PELLETS
TOTAL MONTH: 0.0 INCH 5 = HAIL
GRTST 24HR 0.0 6 = FREEZING RAIN OR DRIZZLE
GRTST DEPTH: 0 7 = DUSTSTORM OR SANDSTORM:
VSBY 1/2 MILE OR LESS
8 = SMOKE OR HAZE
[NO. OF DAYS WITH] [WEATHER - DAYS WITH] 9 = BLOWING SNOW
X = TORNADO
MAX 32 OR BELOW: 0 0.01 INCH OR MORE: 6
MAX 90 OR ABOVE: 0 0.10 INCH OR MORE: 4
MIN 32 OR BELOW: 1 0.50 INCH OR MORE: 2
MIN 0 OR BELOW: 0 1.00 INCH OR MORE: 0
[HDD (BASE 65) ]
TOTAL THIS MO. 276 CLEAR (SCALE 0-3) 21
DPTR FM NORMAL -9 PTCLDY (SCALE 4-7) 7
TOTAL FM JUL 1 310 CLOUDY (SCALE 8-10) 2
DPTR FM NORMAL -53
[CDD (BASE 65) ]
TOTAL THIS MO. 15
DPTR FM NORMAL -11 [PRESSURE DATA]
TOTAL FM JAN 1 2418 HIGHEST SLP 30.49 ON 19
DPTR FM NORMAL -186 LOWEST SLP 29.80 ON 10
[REMARKS]
#FINAL-11-21#