000
CXUS55 KGGW 010910
CF6GGW
PRELIMINARY LOCAL CLIMATOLOGICAL DATA (WS FORM: F-6)
STATION: GLASGOW MT
MONTH: DECEMBER
YEAR: 2020
LATITUDE: 48 13 N
LONGITUDE: 106 37 W
TEMPERATURE IN F: :PCPN: SNOW: WIND :SUNSHINE: SKY :PK WND
================================================================================
1 2 3 4 5 6A 6B 7 8 9 10 11 12 13 14 15 16 17 18
12Z AVG MX 2MIN
DY MAX MIN AVG DEP HDD CDD WTR SNW DPTH SPD SPD DIR MIN PSBL S-S WX SPD DR
================================================================================
1 36 18 27 6 38 0 T T T 14.3 31 300 M M 5 41 300
2 37 12 25 4 40 0 0.00 0.0 T 3.9 10 290 M M 0 15 290
3 40 15 28 8 37 0 0.00 0.0 T 3.5 9 320 M M 0 10 330
4 41 22 32 12 33 0 0.00 0.0 T 9.8 18 310 M M 0 22 320
5 42 21 32 12 33 0 0.00 0.0 T 4.7 13 320 M M 0 14 290
6 35 16 26 7 39 0 0.00 0.0 T 4.4 12 340 M M 1 12 12 350
7 47 20 34 15 31 0 0.00 0.0 T 4.6 13 320 M M 0 16 320
8 48 31 40 22 25 0 0.00 0.0 T 4.6 12 280 M M 0 16 280
9 44 29 37 19 28 0 0.00 0.0 T 9.5 20 330 M M 3 26 330
10 31 23 27 9 38 0 0.00 0.0 T 4.0 10 290 M M 6 12 13 310
11 30 20 25 8 40 0 T T T 5.9 15 80 M M 10 128 19 80
12 27 20 24 7 41 0 T 0.1 T 8.8 24 330 M M 10 1 31 330
13 20 6 13 -4 52 0 0.00 0.0 T 10.9 25 350 M M 9 31 340
14 18 7 13 -3 52 0 T T T 10.5 22 110 M M 10 28 120
15 39 12 26 10 39 0 0.00 0.0 T 7.0 13 120 M M 6 17 250
16 42 21 32 16 33 0 0.00 0.0 T 6.3 13 280 M M 1 18 300
17 42 22 32 16 33 0 0.00 0.0 T 11.2 18 300 M M 2 23 300
18 32 11 22 7 43 0 0.00 0.0 T 10.8 25 320 M M 2 35 310
19 49 21 35 20 30 0 0.00 0.0 T 12.4 32 290 M M 2 45 280
20 50 26 38 23 27 0 T 0.0 T 11.7 32 290 M M 6 42 290
21 41 27 34 19 31 0 T 0.0 T 5.5 14 110 M M 6 17 110
22 37 14 26 12 39 0 T T T 18.7 35 340 M M 5 68 47 350
23 28 11 20 6 45 0 T T T 9.6 26 300 M M 4 35 300
24 44 22 33 19 32 0 0.00 0.0 T 4.9 14 270 M M 3 18 270
25 39 22 31 17 34 0 0.00 0.0 T 6.5 15 100 M M 0 20 90
26 31 19 25 11 40 0 T T T 8.8 21 330 M M 7 26 330
27 25 18 22 8 43 0 0.01 0.1 T 5.5 12 10 M M 10 8 15 360
28 27 17 22 8 43 0 0.00 0.0 T 8.3 15 150 M M 7 21 170
29 30 9 20 6 45 0 T T T 10.1 26 310 M M 2 34 300
30 34 7 21 8 44 0 0.00 0.0 T 4.8 10 120 M M 2 11 110
31 41 22 32 19 33 0 T T T 6.4 15 270 M M 7 20 270
================================================================================
SM 1127 561 1161 0 0.01 0.2 247.9 M 126
================================================================================
AV 36.4 18.1 8.0 FASTST M M 4 MAX(MPH)
MISC ----> 35 340 47 350
================================================================================
NOTES:
# LAST OF SEVERAL OCCURRENCES
COLUMN 17 PEAK WIND IN M.P.H.
PRELIMINARY LOCAL CLIMATOLOGICAL DATA (WS FORM: F-6) , PAGE 2
STATION: GLASGOW MT
MONTH: DECEMBER
YEAR: 2020
LATITUDE: 48 13 N
LONGITUDE: 106 37 W
[TEMPERATURE DATA] [PRECIPITATION DATA] SYMBOLS USED IN COLUMN 16
AVERAGE MONTHLY: 27.2 TOTAL FOR MONTH: 0.01 1 = FOG OR MIST
DPTR FM NORMAL: 10.9 DPTR FM NORMAL: -0.39 2 = FOG REDUCING VISIBILITY
HIGHEST: 50 ON 20 GRTST 24HR 0.01 ON 26-27 TO 1/4 MILE OR LESS
LOWEST: 6 ON 13 3 = THUNDER
SNOW, ICE PELLETS, HAIL 4 = ICE PELLETS
TOTAL MONTH: 0.2 INCH 5 = HAIL
GRTST 24HR 0.1 ON 12-12 6 = FREEZING RAIN OR DRIZZLE
GRTST DEPTH: T 7 = DUSTSTORM OR SANDSTORM:
VSBY 1/2 MILE OR LESS
8 = SMOKE OR HAZE
[NO. OF DAYS WITH] [WEATHER - DAYS WITH] 9 = BLOWING SNOW
X = TORNADO
MAX 32 OR BELOW: 11 0.01 INCH OR MORE: 1
MAX 90 OR ABOVE: 0 0.10 INCH OR MORE: 0
MIN 32 OR BELOW: 31 0.50 INCH OR MORE: 0
MIN 0 OR BELOW: 0 1.00 INCH OR MORE: 0
[HDD (BASE 65) ]
TOTAL THIS MO. 1161 CLEAR (SCALE 0-3) 15
DPTR FM NORMAL -348 PTCLDY (SCALE 4-7) 11
TOTAL FM JUL 1 3127 CLOUDY (SCALE 8-10) 5
DPTR FM NORMAL -376
[CDD (BASE 65) ]
TOTAL THIS MO. 0
DPTR FM NORMAL 0 [PRESSURE DATA]
TOTAL FM JAN 1 627 HIGHEST SLP M ON M
DPTR FM NORMAL 94 LOWEST SLP 29.35 ON 22
[REMARKS]
#FINAL-12-20#