357
CXUS55 KGJT 011000
CF6GJT
PRELIMINARY LOCAL CLIMATOLOGICAL DATA (WS FORM: F-6)
STATION: GRAND JUNCTION CO
MONTH: MAY
YEAR: 2020
LATITUDE: 39 7 N
LONGITUDE: 108 32 W
TEMPERATURE IN F: :PCPN: SNOW: WIND :SUNSHINE: SKY :PK WND
================================================================================
1 2 3 4 5 6A 6B 7 8 9 10 11 12 13 14 15 16 17 18
12Z AVG MX 2MIN
DY MAX MIN AVG DEP HDD CDD WTR SNW DPTH SPD SPD DIR MIN PSBL S-S WX SPD DR
================================================================================
1 88 52 70 13 0 5 0.00 0.0 0 7.0 22 50 M M 0 31 50
2 83 54 69 12 0 4 0.00 0.0 0 10.0 43 300 M M 0 8 58 290
3 82 50 66 9 0 1 0.00 0.0 0 7.8 20 330 M M 0 26 310
4 71 46 59 1 6 0 0.00 0.0 0 8.6 25 310 M M 1 34 320
5 76 37 57 -1 8 0 0.00 0.0 0 6.3 16 270 M M 0 8 22 310
6 81 46 64 6 1 0 0.00 0.0 0 8.6 20 300 M M 0 8 26 310
7 77 44 61 2 4 0 0.00 0.0 0 12.5 29 50 M M 0 8 40 50
8 75 40 58 -1 7 0 0.00 0.0 0 6.3 20 310 M M 0 8 27 310
9 76 46 61 2 4 0 0.00 0.0 0 6.3 16 30 M M 0 22 200
10 84 42 63 3 2 0 0.00 0.0 0 6.6 17 310 M M 0 25 300
11 77 55 66 6 0 1 0.08 0.0 0 13.0 35 250 M M 6 38 50 210
12 83 52 68 8 0 3 T 0.0 0 15.0 30 260 M M 1 38 240
13 80 53 67 6 0 2 0.00 0.0 0 9.3 26 270 M M 0 8 36 270
14 78 54 66 5 0 1 0.00 0.0 0 5.5 15 290 M M 1 8 23 270
15 76 52 64 3 1 0 0.00 0.0 0 6.0 31 310 M M 1 41 290
16 79 49 64 2 1 0 0.00 0.0 0 6.4 21 320 M M 0 28 300
17 87 53 70 8 0 5 0.00 0.0 0 7.6 16 290 M M 0 22 270
18 91 60 76 14 0 11 0.00 0.0 0 11.6 28 190 M M 0 36 200
19 89 58 74 12 0 9 0.00 0.0 0 16.2 31 190 M M 0 42 190
20 73 46 60 -3 5 0 0.00 0.0 0 12.7 31 190 M M 1 43 190
21 74 39 57 -6 8 0 0.00 0.0 0 7.9 23 300 M M 0 30 300
22 84 47 66 2 0 1 0.00 0.0 0 13.0 30 180 M M 0 43 180
23 76 51 64 0 1 0 T 0.0 0 10.1 31 170 M M 2 45 180
24 71 45 58 -6 7 0 T 0.0 0 10.6 22 310 M M 3 37 300
25 77 44 61 -3 4 0 0.00 0.0 0 7.5 20 260 M M 0 40 250
26 80 44 62 -3 3 0 0.00 0.0 0 5.8 13 270 M M 0 17 300
27 88 53 71 6 0 6 0.00 0.0 0 8.6 37 310 M M 1 8 49 310
28 92 55 74 8 0 9 0.00 0.0 0 7.1 16 270 M M 0 25 90
29 94 62 78 12 0 13 0.00 0.0 0 9.6 29 330 M M 0 35 330
30 93 64 79 13 0 14 0.01 0.0 0 9.6 29 150 M M 1 3 47 140
31 92 62 77 11 0 12 0.01 0.0 0 13.3 29 150 M M 2 3 35 140
================================================================================
SM 2527 1555 62 97 0.10 0.0 286.4 M 20
================================================================================
AV 81.5 50.2 9.2 FASTST M M 1 MAX(MPH)
MISC ----> # 43 300 # 58 290
================================================================================
NOTES:
# LAST OF SEVERAL OCCURRENCES
COLUMN 17 PEAK WIND IN M.P.H.
PRELIMINARY LOCAL CLIMATOLOGICAL DATA (WS FORM: F-6) , PAGE 2
STATION: GRAND JUNCTION CO
MONTH: MAY
YEAR: 2020
LATITUDE: 39 7 N
LONGITUDE: 108 32 W
[TEMPERATURE DATA] [PRECIPITATION DATA] SYMBOLS USED IN COLUMN 16
AVERAGE MONTHLY: 65.8 TOTAL FOR MONTH: 0.10 1 = FOG OR MIST
DPTR FM NORMAL: 4.2 DPTR FM NORMAL: -0.78 2 = FOG REDUCING VISIBILITY
HIGHEST: 94 ON 29 GRTST 24HR 0.08 ON 11-11 TO 1/4 MILE OR LESS
LOWEST: 37 ON 5 3 = THUNDER
SNOW, ICE PELLETS, HAIL 4 = ICE PELLETS
TOTAL MONTH: 0.0 INCH 5 = HAIL
GRTST 24HR 0.0 6 = FREEZING RAIN OR DRIZZLE
GRTST DEPTH: 0 7 = DUSTSTORM OR SANDSTORM:
VSBY 1/2 MILE OR LESS
8 = SMOKE OR HAZE
[NO. OF DAYS WITH] [WEATHER - DAYS WITH] 9 = BLOWING SNOW
X = TORNADO
MAX 32 OR BELOW: 0 0.01 INCH OR MORE: 3
MAX 90 OR ABOVE: 5 0.10 INCH OR MORE: 0
MIN 32 OR BELOW: 0 0.50 INCH OR MORE: 0
MIN 0 OR BELOW: 0 1.00 INCH OR MORE: 0
[HDD (BASE 65) ]
TOTAL THIS MO. 62 CLEAR (SCALE 0-3) 30
DPTR FM NORMAL -93 PTCLDY (SCALE 4-7) 1
TOTAL FM JUL 1 5507 CLOUDY (SCALE 8-10) 0
DPTR FM NORMAL -82
[CDD (BASE 65) ]
TOTAL THIS MO. 97
DPTR FM NORMAL 49 [PRESSURE DATA]
TOTAL FM JAN 1 103 HIGHEST SLP 30.20 ON 5
DPTR FM NORMAL 52 LOWEST SLP 29.44 ON 19
[REMARKS]
#FINAL-05-20#