000
CXUS53 KGLD 010800
CF6GLD
PRELIMINARY LOCAL CLIMATOLOGICAL DATA (WS FORM: F-6)
STATION: GOODLAND KS
MONTH: MARCH
YEAR: 2023
LATITUDE: 39 22 N
LONGITUDE: 101 42 W
TEMPERATURE IN F: :PCPN: SNOW: WIND :SUNSHINE: SKY :PK WND
================================================================================
1 2 3 4 5 6A 6B 7 8 9 10 11 12 13 14 15 16 17 18
12Z AVG MX 2MIN
DY MAX MIN AVG DEP HDD CDD WTR SNW DPTH SPD SPD DIR MIN PSBL S-S WX SPD DR
================================================================================
1 46 19 33 -3 32 0 0.00 0.0 0 9.5 17 100 M M 3 25 100
2 47 21 34 -2 31 0 0.00 0.0 0 6.1 14 170 M M 2 1 20 120
3 53 21 37 0 28 0 0.06 0.1 0 12.2 26 330 M M 2 1 33 320
4 44 25 35 -2 30 0 0.03 T T 10.1 25 150 M M 2 34 150
5 65 27 46 8 19 0 0.00 0.0 0 10.6 22 160 M M 0 27 150
6 48 24 36 -2 29 0 0.00 0.0 0 12.6 22 80 M M 2 28 80
7 28 25 27 -11 38 0 0.00 0.0 0 7.7 17 90 M M 10 1 22 110
8 30 26 28 -11 37 0 T 0.0 0 8.8 15 80 M M 10 126 19 90
9 51 20 36 -3 29 0 T 0.0 0 8.5 23 30 M M 5 1 33 360
10 51 20 36 -4 29 0 0.00 0.0 0 17.4 32 160 M M 3 1 40 160
11 54 23 39 -1 26 0 T T 0 11.8 28 340 M M 2 15 37 10
12 41 21 31 -9 34 0 0.00 0.0 0 11.0 21 350 M M 7 28 350
13 47 25 36 -5 29 0 0.00 0.0 0 14.3 24 160 M M 4 34 180
14 67 23 45 4 20 0 0.00 0.0 0 16.8 23 180 M M 0 31 200
15 76 37 57 16 8 0 T 0.0 0 14.9 41 350 M M 1 8 52 340
16 49 17 33 -9 32 0 T T 0 24.7 41 360 M M 7 18 57 360
17 45 14 30 -12 35 0 0.00 0.0 0 16.2 32 310 M M 2 43 310
18 39 11 25 -17 40 0 0.00 0.0 0 12.7 24 350 M M 0 35 360
19 58 18 38 -5 27 0 0.00 0.0 0 17.3 29 200 M M 0 39 210
20 58 21 40 -3 25 0 0.00 0.0 0 7.7 18 70 M M 0 26 310
21 59 23 41 -2 24 0 0.00 0.0 0 10.1 25 350 M M 2 33 340
22 56 25 41 -3 24 0 0.00 0.0 0 11.9 22 80 M M 3 27 70
23 53 22 38 -6 27 0 T T 0 8.1 16 30 M M 3 24 160
24 45 27 36 -8 29 0 0.39 0.7 0 4.8 16 360 M M 8 126 20 10
25 34 22 28 -16 37 0 0.41 3.5 0 19.0 30 320 M M 7 12 40 320
26 41 17 29 -16 36 0 0.00 0.0 2 9.3 16 60 M M 2 20 20
27 33 24 29 -16 36 0 0.11 1.0 T 10.4 22 340 M M 10 12 29 340
28 51 16 34 -11 31 0 0.00 0.0 1 12.3 23 190 M M 1 1 30 170
29 44 25 35 -11 30 0 0.00 0.0 0 11.5 21 30 M M 2 26 30
30 80 25 53 7 12 0 0.00 0.0 0 11.3 25 300 M M 3 12 35 210
31 59 27 43 -3 22 0 0.00 0.0 0 18.6 45 310 M M 2 61 320
================================================================================
SM 1552 691 886 0 1.00 5.3 378.2 M 105
================================================================================
AV 50.1 22.3 12.2 FASTST M M 3 MAX(MPH)
MISC ----> 45 310 61 320
================================================================================
NOTES:
# LAST OF SEVERAL OCCURRENCES
COLUMN 17 PEAK WIND IN M.P.H.
PRELIMINARY LOCAL CLIMATOLOGICAL DATA (WS FORM: F-6) , PAGE 2
STATION: GOODLAND KS
MONTH: MARCH
YEAR: 2023
LATITUDE: 39 22 N
LONGITUDE: 101 42 W
[TEMPERATURE DATA] [PRECIPITATION DATA] SYMBOLS USED IN COLUMN 16
AVERAGE MONTHLY: 36.2 TOTAL FOR MONTH: 1.00 1 = FOG OR MIST
DPTR FM NORMAL: -5.2 DPTR FM NORMAL: 0.12 2 = FOG REDUCING VISIBILITY
HIGHEST: 80 ON 30 GRTST 24HR 0.41 ON 25-25 TO 1/4 MILE OR LESS
LOWEST: 11 ON 18 3 = THUNDER
SNOW, ICE PELLETS, HAIL 4 = ICE PELLETS
TOTAL MONTH: 5.3 INCHES 5 = HAIL
GRTST 24HR 3.5 ON 25-25 6 = FREEZING RAIN OR DRIZZLE
GRTST DEPTH: 2 ON 26 7 = DUSTSTORM OR SANDSTORM:
VSBY 1/2 MILE OR LESS
8 = SMOKE OR HAZE
[NO. OF DAYS WITH] [WEATHER - DAYS WITH] 9 = BLOWING SNOW
X = TORNADO
MAX 32 OR BELOW: 2 0.01 INCH OR MORE: 5
MAX 90 OR ABOVE: 0 0.10 INCH OR MORE: 3
MIN 32 OR BELOW: 30 0.50 INCH OR MORE: 0
MIN 0 OR BELOW: 0 1.00 INCH OR MORE: 0
[HDD (BASE 65) ]
TOTAL THIS MO. 886 CLEAR (SCALE 0-3) 21
DPTR FM NORMAL 154 PTCLDY (SCALE 4-7) 7
TOTAL FM JUL 1 5412 CLOUDY (SCALE 8-10) 3
DPTR FM NORMAL 335
[CDD (BASE 65) ]
TOTAL THIS MO. 0
DPTR FM NORMAL 0 [PRESSURE DATA]
TOTAL FM JAN 1 0 HIGHEST SLP M ON M
DPTR FM NORMAL 0 LOWEST SLP 29.25 ON 30
[REMARKS]
#FINAL-03-23#