000
CXUS54 KFWD 072153
CF6GLE
PRELIMINARY LOCAL CLIMATOLOGICAL DATA (WS FORM: F-6)
STATION: GAINESVILLE
MONTH: AUGUST
YEAR: 2022
LATITUDE: 33 39 N
LONGITUDE: 97 12 W
TEMPERATURE IN F: :PCPN: SNOW: WIND :SUNSHINE: SKY :PK WND
================================================================================
1 2 3 4 5 6A 6B 7 8 9 10 11 12 13 14 15 16 17 18
12Z AVG MX 2MIN
DY MAX MIN AVG DEP HDD CDD WTR SNW DPTH SPD SPD DIR MIN PSBL S-S WX SPD DR
================================================================================
1 99 82 91 7 0 26 0.00 M M 7.3 13 200 M M 1 18 190
2 100 78 89 5 0 24 0.00 M M 8.5 15 200 M M 0 23 200
3 101 80 91 7 0 26 0.00 M M 9.9 16 150 M M 0 23 160
4 100 77 89 5 0 24 0.00 M M 6.9 14 140 M M 0 21 140
5 102 76 89 5 0 24 0.00 M M 7.3 13 150 M M 1 21 130
6 97 77 87 3 0 22 0.00 M M 8.4 14 160 M M 1 18 120
7 98 76 87 3 0 22 0.00 M M 8.7 16 190 M M 2 23 210
8 100 78 89 5 0 24 0.02 M M 6.5 15 200 M M 3 21 210
9 94 74 84 0 0 19 0.03 M M 5.1 12 150 M M 2 18 150
10 99 70 85 1 0 20 0.00 M M 3.6 16 340 M M 2 30 340
11 98 69 84 0 0 19 0.00 M M 4.5 12 80 M M 1 25 90
12 97 73 85 1 0 20 0.00 M M 5.6 14 120 M M 2 16 50
13 98 75 87 3 0 22 0.00 M M 5.5 9 120 M M 1 16 160
14 98 71 85 1 0 20 0.00 M M 5.3 14 150 M M 0 18 140
15 98 73 86 2 0 21 0.00 M M 6.1 15 190 M M 0 20 190
16 100 72 86 2 0 21 0.00 M M 4.5 10 210 M M 0 18 150
17 95 73 84 0 0 19 0.00 M M 7.3 14 40 M M 1 20 20
18 86 71 79 -4 0 14 0.04 M M 5.5 9 110 M M 5 M M
19 92 68 80 -3 0 15 0.00 M M 3.4 10 120 M M 4 12 M M
20 95 72 84 1 0 19 M M M 6.1 14 190 M M 1 22 190
21 78 68 73 -10 0 8 0.90 M M 7.2 13 40 M M 8 17 40
22 81 72 77 -6 0 12 0.91 M M 7.1 12 50 M M 10 M M
23 83 71 77 -5 0 12 0.00 M M 5.5 12 40 M M 10 18 70
24 85 71 78 -4 0 13 0.04 M M 3.5 9 30 M M 7 16 40
25 90 68 79 -3 0 14 0.00 M M 3.1 8 90 M M 2 16 90
26 92 70 81 -1 0 16 0.00 M M 3.8 9 90 M M 2 M M
27 93 72 83 1 0 18 0.00 M M 5.1 12 140 M M 1 18 140
28 94 75 85 4 0 20 0.00 M M 9.5 16 150 M M 2 22 190
29 92 70 81 0 0 16 0.20 M M 9.6 26 350 M M 2 36 350
30 87 71 79 -2 0 14 0.22 M M 3.1 10 90 M M 4 M M
31 88 72 80 0 0 15 0.00 M M 3.6 10 210 M M 4 M M
================================================================================
SM 2910 2265 0 579 2.36 M 187.4 M 79
================================================================================
AV 93.9 73.1 6.0 FASTST M M 3 MAX(MPH)
MISC ----> 26 350 36 350
================================================================================
NOTES:
# LAST OF SEVERAL OCCURRENCES
COLUMN 17 PEAK WIND IN M.P.H.
PRELIMINARY LOCAL CLIMATOLOGICAL DATA (WS FORM: F-6) , PAGE 2
STATION: GAINESVILLE
MONTH: AUGUST
YEAR: 2022
LATITUDE: 33 39 N
LONGITUDE: 97 12 W
[TEMPERATURE DATA] [PRECIPITATION DATA] SYMBOLS USED IN COLUMN 16
AVERAGE MONTHLY: 83.5 TOTAL FOR MONTH: 2.36 1 = FOG OR MIST
DPTR FM NORMAL: 0.3 DPTR FM NORMAL: -0.03 2 = FOG REDUCING VISIBILITY
HIGHEST: 102 ON 5 GRTST 24HR 0.91 ON 22-22 TO 1/4 MILE OR LESS
LOWEST: 68 ON 21,19 3 = THUNDER
SNOW, ICE PELLETS, HAIL 4 = ICE PELLETS
TOTAL MONTH: M 5 = HAIL
GRTST 24HR M ON M 6 = FREEZING RAIN OR DRIZZLE
GRTST DEPTH: M ON M 7 = DUSTSTORM OR SANDSTORM:
VSBY 1/2 MILE OR LESS
8 = SMOKE OR HAZE
[NO. OF DAYS WITH] [WEATHER - DAYS WITH] 9 = BLOWING SNOW
X = TORNADO
MAX 32 OR BELOW: 0 0.01 INCH OR MORE: 8
MAX 90 OR ABOVE: 24 0.10 INCH OR MORE: 4
MIN 32 OR BELOW: 0 0.50 INCH OR MORE: 2
MIN 0 OR BELOW: 0 1.00 INCH OR MORE: 0
[HDD (BASE 65) ]
TOTAL THIS MO. 0 CLEAR (SCALE 0-3) 23
DPTR FM NORMAL 0 PTCLDY (SCALE 4-7) 5
TOTAL FM JUL 1 0 CLOUDY (SCALE 8-10) 3
DPTR FM NORMAL 0
[CDD (BASE 65) ]
TOTAL THIS MO. 579
DPTR FM NORMAL 15 [PRESSURE DATA]
TOTAL FM JAN 1 2178 HIGHEST SLP M ON M
DPTR FM NORMAL 406 LOWEST SLP M ON M
[REMARKS]
#FINAL-08-22#