000
CXUS53 KAPX 230730
CF6GLR
PRELIMINARY LOCAL CLIMATOLOGICAL DATA (WS FORM: F-6)
STATION: GAYLORD
MONTH: APRIL
YEAR: 2024
LATITUDE: 45 0 N
LONGITUDE: 84 42 W
TEMPERATURE IN F: :PCPN: SNOW: WIND :SUNSHINE: SKY :PK WND
================================================================================
1 2 3 4 5 6A 6B 7 8 9 10 11 12 13 14 15 16 17 18
12Z AVG MX 2MIN
DY MAX MIN AVG DEP HDD CDD WTR SNW DPTH SPD SPD DIR MIN PSBL S-S WX SPD DR
================================================================================
1 47 31 39 5 26 0 0.00 M M 5.3 13 50 M M 2 22 80
2 45 33 39 5 26 0 0.40 M M 12.8 25 50 M M 7 128 43 50
3 42 36 39 4 26 0 0.05 M M 7.5 22 60 M M 10 18 35 60
4 41 33 37 2 28 0 0.11 M M 9.1 20 40 M M 10 18 29 40
5 50 30 40 4 25 0 0.00 M M 5.9 17 40 M M 5 28 40
6 57 27 42 6 23 0 0.00 M M 3.5 9 30 M M 1 M M
7 60 29 45 8 20 0 0.00 M M 7.0 14 120 M M 1 28 110
8 70 42 56 19 9 0 T M M 10.8 24 220 M M 4 32 220
9 68 39 54 17 11 0 T M M 9.7 26 240 M M 4 39 230
10 66 35 51 13 14 0 0.00 M M 6.8 22 220 M M 3 30 220
11 57 45 51 13 14 0 0.20 M M 7.6 20 50 M M 7 18 29 30
12 46 36 41 2 24 0 0.84 M M 14.8 22 310 M M 8 18 43 290
13 53 37 45 6 20 0 0.00 M M 10.1 20 250 M M 3 35 330
14 65 42 54 14 11 0 0.64 M M 6.1 20 270 M M 2 1 32 290
15 63 31 47 7 18 0 0.00 M M 5.3 23 250 M M 1 40 270
16 63 30 47 7 18 0 0.05 M M 6.5 17 120 M M 1 32 60
17 52 42 47 6 18 0 0.45 M M 9.9 21 130 M M 10 1 37 120
18 55 42 49 8 16 0 0.05 M M 8.5 21 250 M M 9 1 32 250
19 47 36 42 0 23 0 T M M 13.9 31 250 M M 9 1 44 240
20 41 34 38 -4 27 0 T M M 11.0 24 250 M M 10 30 240
21 50 30 40 -3 25 0 0.00 M M 8.6 22 260 M M 2 33 300
22 64 28 46 3 19 0 0.00 M M 11.0 22 210 M M 0 37 210
================================================================================
SM 1202 768 441 0 2.79 M 191.7 M 109
================================================================================
AV 54.6 34.9 8.7 FASTST M M 5 MAX(MPH)
MISC ----> 31 250 44 240
================================================================================
NOTES:
# LAST OF SEVERAL OCCURRENCES
COLUMN 17 PEAK WIND IN M.P.H.
PRELIMINARY LOCAL CLIMATOLOGICAL DATA (WS FORM: F-6) , PAGE 2
STATION: GAYLORD
MONTH: APRIL
YEAR: 2024
LATITUDE: 45 0 N
LONGITUDE: 84 42 W
[TEMPERATURE DATA] [PRECIPITATION DATA] SYMBOLS USED IN COLUMN 16
AVERAGE MONTHLY: 44.8 TOTAL FOR MONTH: 2.79 1 = FOG OR MIST
DPTR FM NORMAL: 6.3 DPTR FM NORMAL: 0.84 2 = FOG REDUCING VISIBILITY
HIGHEST: 70 ON 8 GRTST 24HR 1.01 ON 11-12 TO 1/4 MILE OR LESS
LOWEST: 27 ON 6 3 = THUNDER
SNOW, ICE PELLETS, HAIL 4 = ICE PELLETS
TOTAL MONTH: M 5 = HAIL
GRTST 24HR M ON M 6 = FREEZING RAIN OR DRIZZLE
GRTST DEPTH: M ON M 7 = DUSTSTORM OR SANDSTORM:
VSBY 1/2 MILE OR LESS
8 = SMOKE OR HAZE
[NO. OF DAYS WITH] [WEATHER - DAYS WITH] 9 = BLOWING SNOW
X = TORNADO
MAX 32 OR BELOW: 0 0.01 INCH OR MORE: 9
MAX 90 OR ABOVE: 0 0.10 INCH OR MORE: 6
MIN 32 OR BELOW: 8 0.50 INCH OR MORE: 2
MIN 0 OR BELOW: 0 1.00 INCH OR MORE: 0
[HDD (BASE 65) ]
TOTAL THIS MO. 441 CLEAR (SCALE 0-3) 10
DPTR FM NORMAL -141 PTCLDY (SCALE 4-7) 6
TOTAL FM JUL 1 6084 CLOUDY (SCALE 8-10) 6
DPTR FM NORMAL -1601
[CDD (BASE 65) ]
TOTAL THIS MO. 0
DPTR FM NORMAL 0 [PRESSURE DATA]
TOTAL FM JAN 1 0 HIGHEST SLP M ON M
DPTR FM NORMAL 0 LOWEST SLP 29.17 ON 3
[REMARKS]