000
CXUS54 KOUN 010810
CF6GOK
PRELIMINARY LOCAL CLIMATOLOGICAL DATA (WS FORM: F-6)
STATION: GUTHRIE MUNICIPAL
MONTH: JUNE
YEAR: 2023
LATITUDE: 35 50 N
LONGITUDE: 97 25 W
TEMPERATURE IN F: :PCPN: SNOW: WIND :SUNSHINE: SKY :PK WND
================================================================================
1 2 3 4 5 6A 6B 7 8 9 10 11 12 13 14 15 16 17 18
12Z AVG MX 2MIN
DY MAX MIN AVG DEP HDD CDD WTR SNW DPTH SPD SPD DIR MIN PSBL S-S WX SPD DR
================================================================================
1 85 68 77 3 0 12 0.02 M M 9.1 17 150 M M 2 3 25 160
2 88 65 77 2 0 12 0.00 M M 7.4 17 150 M M 3 26 350
3 81 63 72 -3 0 7 0.10 M M 4.7 20 250 M M 4 1 26 260
4 82 60 71 -4 0 6 0.01 M M 2.9 12 50 M M 2 14 50
5 89 60 75 -1 0 10 0.00 0.0 M 3.0 14 60 M M 1 1 20 70
6 87 61 74 -2 0 9 0.03 0.0 M 2.6 14 110 M M 2 38 20 30
7 89 62 76 0 0 11 0.25 0.0 M 3.5 14 300 M M 3 13 18 300
8 89 63 76 0 0 11 0.00 M M 3.8 12 170 M M 0 1 14 200
9 92 63 78 1 0 13 0.00 M M 4.4 12 150 M M 0 14 160
10 83 64 74 -3 0 9 0.68 M M 6.9 25 160 M M 2 13 40 20
11 84 64 74 -3 0 9 T M M 7.5 15 320 M M 1 23 330
12 69 61 65 -12 0 0 0.18 M M 4.6 16 100 M M 2 13 20 110
13 82 61 72 -6 0 7 0.01 M M 4.1 10 150 M M 7 18 15 130
14 85 65 75 -3 0 10 0.00 M M 3.0 14 300 M M 2 18 19 290
15 89 62 76 -2 0 11 0.30 M M 6.7 36 120 M M 1 13 49 120
16 87 61 74 -4 0 9 0.00 M M 3.9 10 10 M M 2 16 20
17 87 61 74 -5 0 9 1.22 M M 9.2 37 310 M M 2 1238 58 300
18 84 60 72 -7 0 7 0.01 M M 6.1 13 170 M M 1 3 15 240
19 90 65 78 -1 0 13 0.00 M M 8.6 15 140 M M 0 22 130
20 93 75 84 5 0 19 0.00 M M 11.0 18 140 M M 1 8 27 120
21 85 66 76 -4 0 11 0.21 M M 8.9 21 80 M M 2 13 32 20
22 88 68 78 -2 0 13 0.00 M M 4.5 7 80 M M 2 18 8 110
23 84 67 76 -4 0 11 0.07 M M 9.6 29 260 M M 1 13 36 260
24 93 69 81 1 0 16 T M M 8.3 16 210 M M 1 3 21 190
25 91 70 81 1 0 16 T M M 6.3 21 230 M M 0 3 31 270
26 90 65 78 -2 0 13 0.00 M M 7.8 15 80 M M 0 19 130
27 84 65 75 -6 0 10 0.34 M M 9.8 29 70 M M 3 13 43 60
28 98 73 86 5 0 21 0.00 M M 14.0 20 180 M M 0 28 180
29 99 79 89 8 0 24 0.00 M M 10.9 21 190 M M 0 30 190
30 97 75 86 5 0 21 0.00 M M 8.9 17 300 M M 0 25 270
================================================================================
SM 2624 1961 0 350 3.43 0.0 202.0 M 47
================================================================================
AV 87.5 65.4 6.7 FASTST M M 2 MAX(MPH)
MISC ----> 37 310 58 300
================================================================================
NOTES:
# LAST OF SEVERAL OCCURRENCES
COLUMN 17 PEAK WIND IN M.P.H.
PRELIMINARY LOCAL CLIMATOLOGICAL DATA (WS FORM: F-6) , PAGE 2
STATION: GUTHRIE MUNICIPAL
MONTH: JUNE
YEAR: 2023
LATITUDE: 35 50 N
LONGITUDE: 97 25 W
[TEMPERATURE DATA] [PRECIPITATION DATA] SYMBOLS USED IN COLUMN 16
AVERAGE MONTHLY: 76.4 TOTAL FOR MONTH: 3.43 1 = FOG OR MIST
DPTR FM NORMAL: -1.6 DPTR FM NORMAL: -0.93 2 = FOG REDUCING VISIBILITY
HIGHEST: 99 ON 29 GRTST 24HR 1.23 ON 17-18 TO 1/4 MILE OR LESS
LOWEST: 60 ON 18, 5 3 = THUNDER
SNOW, ICE PELLETS, HAIL 4 = ICE PELLETS
TOTAL MONTH: 0.0 INCH 5 = HAIL
GRTST 24HR 0.0 6 = FREEZING RAIN OR DRIZZLE
GRTST DEPTH: M ON M 7 = DUSTSTORM OR SANDSTORM:
VSBY 1/2 MILE OR LESS
8 = SMOKE OR HAZE
[NO. OF DAYS WITH] [WEATHER - DAYS WITH] 9 = BLOWING SNOW
X = TORNADO
MAX 32 OR BELOW: 0 0.01 INCH OR MORE: 14
MAX 90 OR ABOVE: 9 0.10 INCH OR MORE: 8
MIN 32 OR BELOW: 0 0.50 INCH OR MORE: 2
MIN 0 OR BELOW: 0 1.00 INCH OR MORE: 1
[HDD (BASE 65) ]
TOTAL THIS MO. 0 CLEAR (SCALE 0-3) 27
DPTR FM NORMAL -1 PTCLDY (SCALE 4-7) 3
TOTAL FM JUL 1 3523 CLOUDY (SCALE 8-10) 0
DPTR FM NORMAL -39
[CDD (BASE 65) ]
TOTAL THIS MO. 350
DPTR FM NORMAL -42 [PRESSURE DATA]
TOTAL FM JAN 1 567 HIGHEST SLP M ON M
DPTR FM NORMAL -75 LOWEST SLP 29.59 ON 15
[REMARKS]
#FINAL-06-23#