000
CXUS54 KOUN 010810
CF6GOK
PRELIMINARY LOCAL CLIMATOLOGICAL DATA (WS FORM: F-6)
STATION: GUTHRIE MUNICIPAL
MONTH: JULY
YEAR: 2022
LATITUDE: 35 50 N
LONGITUDE: 97 25 W
TEMPERATURE IN F: :PCPN: SNOW: WIND :SUNSHINE: SKY :PK WND
================================================================================
1 2 3 4 5 6A 6B 7 8 9 10 11 12 13 14 15 16 17 18
12Z AVG MX 2MIN
DY MAX MIN AVG DEP HDD CDD WTR SNW DPTH SPD SPD DIR MIN PSBL S-S WX SPD DR
================================================================================
1 97 72 85 4 0 20 0.00 0.0 0 10.2 17 170 M M 0 23 160
2 96 72 84 2 0 19 0.00 0.0 0 6.3 15 170 M M 0 19 150
3 97 74 86 4 0 21 0.09 0.0 0 7.5 20 180 M M 1 138 26 180
4 98 75 87 5 0 22 0.00 M M 11.3 20 170 M M 0 27 140
5 101 82 92 10 0 27 0.00 M M 12.9 21 180 M M 0 28 180
6 104 79 92 10 0 27 0.00 M M 11.8 20 200 M M 1 28 180
7 106 82 94 12 0 29 0.00 M M 10.4 18 190 M M 0 25 180
8 103 80 92 10 0 27 T M M 6.2 20 240 M M 0 3 25 220
9 98 72 85 2 0 20 0.00 M M 5.2 14 60 M M 0 20 50
10 98 66 82 -1 0 17 0.00 M M 5.2 13 90 M M 0 18 90
11 102 65 84 1 0 19 0.00 M M 6.8 15 180 M M 0 32 90
12 95 74 85 2 0 20 0.00 M M 8.0 18 80 M M 0 24 80
13 97 65 81 -2 0 16 0.00 M M 4.6 12 130 M M 0 17 90
14 103 73 88 5 0 23 0.00 M M 8.0 15 80 M M 0 20 180
15 101 72 87 4 0 22 0.00 M M 9.8 18 190 M M 0 24 190
16 101 74 88 5 0 23 0.00 M M 9.0 18 190 M M 0 23 190
17 106 76 91 7 0 26 0.00 M M 6.8 14 180 M M 0 18 180
18 101 76 89 5 0 24 0.00 M M 7.9 14 100 M M 0 20 50
19 110 72 91 7 0 26 0.00 M M 7.1 14 160 M M 0 17 150
20 101 83 92 8 0 27 T M M 6.9 17 190 M M 0 3 26 220
21 101 79 90 6 0 25 0.00 M M 10.4 21 230 M M 0 28 220
22 101 74 88 4 0 23 0.00 M M 10.6 28 140 M M 1 38 130
23 102 74 88 4 0 23 0.00 M M 11.3 21 180 M M 0 28 230
24 104 78 91 7 0 26 0.00 M M 11.0 21 200 M M 0 28 210
25 104 77 91 7 0 26 0.00 0.0 M 9.1 16 170 M M 1 24 160
26 105 84 95 11 0 30 0.00 0.0 M 12.5 18 180 M M 1 25 200
27 105 78 92 8 0 27 0.24 0.0 M 7.9 32 290 M M 2 3 45 280
28 95 73 84 0 0 19 0.18 M M 6.1 15 50 M M 3 13 19 50
29 84 73 79 -5 0 14 0.28 M M 7.5 15 70 M M 6 13 19 70
30 88 66 77 -7 0 12 0.01 M M 5.5 15 290 M M 3 3 22 270
31 88 73 81 -3 0 16 0.48 M M 7.9 17 170 M M 4 13 22 180
================================================================================
SM 3092 2313 0 696 1.28 0.0 261.7 M 23
================================================================================
AV 99.7 74.6 8.4 FASTST M M 1 MAX(MPH)
MISC ----> 32 290 45 280
================================================================================
NOTES:
# LAST OF SEVERAL OCCURRENCES
COLUMN 17 PEAK WIND IN M.P.H.
PRELIMINARY LOCAL CLIMATOLOGICAL DATA (WS FORM: F-6) , PAGE 2
STATION: GUTHRIE MUNICIPAL
MONTH: JULY
YEAR: 2022
LATITUDE: 35 50 N
LONGITUDE: 97 25 W
[TEMPERATURE DATA] [PRECIPITATION DATA] SYMBOLS USED IN COLUMN 16
AVERAGE MONTHLY: 87.2 TOTAL FOR MONTH: 1.28 1 = FOG OR MIST
DPTR FM NORMAL: 4.0 DPTR FM NORMAL: -1.45 2 = FOG REDUCING VISIBILITY
HIGHEST: 110 ON 19 GRTST 24HR 0.48 ON 31-31 TO 1/4 MILE OR LESS
LOWEST: 65 ON 13,11 3 = THUNDER
SNOW, ICE PELLETS, HAIL 4 = ICE PELLETS
TOTAL MONTH: 0.0 INCH 5 = HAIL
GRTST 24HR 0.0 6 = FREEZING RAIN OR DRIZZLE
GRTST DEPTH: 0 7 = DUSTSTORM OR SANDSTORM:
VSBY 1/2 MILE OR LESS
8 = SMOKE OR HAZE
[NO. OF DAYS WITH] [WEATHER - DAYS WITH] 9 = BLOWING SNOW
X = TORNADO
MAX 32 OR BELOW: 0 0.01 INCH OR MORE: 6
MAX 90 OR ABOVE: 28 0.10 INCH OR MORE: 4
MIN 32 OR BELOW: 0 0.50 INCH OR MORE: 0
MIN 0 OR BELOW: 0 1.00 INCH OR MORE: 0
[HDD (BASE 65) ]
TOTAL THIS MO. 0 CLEAR (SCALE 0-3) 29
DPTR FM NORMAL 0 PTCLDY (SCALE 4-7) 2
TOTAL FM JUL 1 0 CLOUDY (SCALE 8-10) 0
DPTR FM NORMAL 0
[CDD (BASE 65) ]
TOTAL THIS MO. 696
DPTR FM NORMAL 133 [PRESSURE DATA]
TOTAL FM JAN 1 1479 HIGHEST SLP M ON M
DPTR FM NORMAL 274 LOWEST SLP 28.61 ON 20
[REMARKS]
#FINAL-07-22#