000
CXUS54 KFWD 010830
CF6GOP
PRELIMINARY LOCAL CLIMATOLOGICAL DATA (WS FORM: F-6)
STATION: GATESVILLE
MONTH: JANUARY
YEAR: 2022
LATITUDE: 31 25 N
LONGITUDE: 97 48 W
TEMPERATURE IN F: :PCPN: SNOW: WIND :SUNSHINE: SKY :PK WND
================================================================================
1 2 3 4 5 6A 6B 7 8 9 10 11 12 13 14 15 16 17 18
12Z AVG MX 2MIN
DY MAX MIN AVG DEP HDD CDD WTR SNW DPTH SPD SPD DIR MIN PSBL S-S WX SPD DR
================================================================================
1 81 30 56 11 9 0 0.00 M M 7.1 18 340 M M 4 1 28 340
2 43 19 31 -14 34 0 0.00 M M 12.7 21 320 M M 0 29 320
3 57 18 38 -7 27 0 0.00 M M 2.1 10 200 M M 0 14 180
4 68 30 49 4 16 0 0.00 M M 7.3 16 190 M M 0 23 190
5 63 36 50 5 15 0 0.00 M M 3.6 12 30 M M 0 17 320
6 43 27 35 -10 30 0 0.00 M M 7.7 18 320 M M 0 24 340
7 45 21 33 -12 32 0 0.00 M M 2.9 8 150 M M 4 1 13 120
8 66 39 53 8 12 0 0.00 M M 2.3 9 190 M M 7 12 16 0
9 57 43 50 5 15 0 0.00 M M 10.3 18 330 M M 7 1 24 330
10 55 32 44 -1 21 0 0.00 M M 6.9 14 350 M M 0 18 10
11 48 28 38 -7 27 0 0.02 M M 0.2 5 220 M M 1 M M
12 63 34 49 4 16 0 0.00 M M 2.7 10 220 M M 0 15 220
13 75 32 54 9 11 0 0.00 M M 1.0 6 99 M M 0 12 0
14 77 36 57 12 8 0 0.00 M M 7.0 20 180 M M 0 30 320
15 57 37 47 2 18 0 0.00 M M 20.0 29 320 M M 0 39 300
16 61 27 44 -1 21 0 0.00 M M 4.8 13 320 M M 0 18 320
17 66 27 47 2 18 0 0.00 M M 3.2 10 170 M M 0 15 120
18 75 45 60 15 5 0 0.00 M M 10.4 20 190 M M 0 25 190
19 77 39 58 13 7 0 0.00 M M 10.1 20 360 M M 0 27 360
20 37 27 32 -14 33 0 0.00 M M 13.4 17 350 M M 0 28 350
21 46 19 33 -13 32 0 0.00 M M 1.8 6 99 M M 0 12 0
22 52 19 36 -10 29 0 0.00 M M 0.6 6 70 M M 0 M M
23 63 36 50 4 15 0 0.00 M M 3.5 9 230 M M 3 16 230
24 54 39 47 1 18 0 0.04 M M 3.7 10 220 M M 9 12 15 230
25 57 37 47 1 18 0 0.00 M M 3.6 8 60 M M 3 12 12 99
26 52 32 42 -4 23 0 0.00 M M 2.8 7 30 M M 1 1 M M
27 57 39 48 2 17 0 0.00 M M 2.7 7 340 M M 4 M M
28 57 32 45 -1 20 0 0.00 M M 8.2 15 330 M M 0 25 330
29 66 27 47 1 18 0 0.00 M M 5.0 13 240 M M 0 18 260
30 70 28 49 3 16 0 0.00 M M 5.2 10 200 M M 0 17 200
31 64 45 55 8 10 0 0.01 M M 4.1 12 160 M M 3 17 160
================================================================================
SM 1852 980 591 0 0.07 M 177.0 M 46
================================================================================
AV 59.7 31.6 5.7 FASTST M M 1 MAX(MPH)
MISC ----> 29 320 39 300
================================================================================
NOTES:
# LAST OF SEVERAL OCCURRENCES
COLUMN 17 PEAK WIND IN M.P.H.
PRELIMINARY LOCAL CLIMATOLOGICAL DATA (WS FORM: F-6) , PAGE 2
STATION: GATESVILLE
MONTH: JANUARY
YEAR: 2022
LATITUDE: 31 25 N
LONGITUDE: 97 48 W
[TEMPERATURE DATA] [PRECIPITATION DATA] SYMBOLS USED IN COLUMN 16
AVERAGE MONTHLY: 45.7 TOTAL FOR MONTH: 0.07 1 = FOG OR MIST
DPTR FM NORMAL: 0.3 DPTR FM NORMAL: M 2 = FOG REDUCING VISIBILITY
HIGHEST: 81 ON 1 GRTST 24HR 0.04 ON 24-24 TO 1/4 MILE OR LESS
LOWEST: 18 ON 3 3 = THUNDER
SNOW, ICE PELLETS, HAIL 4 = ICE PELLETS
TOTAL MONTH: M 5 = HAIL
GRTST 24HR M ON M 6 = FREEZING RAIN OR DRIZZLE
GRTST DEPTH: M ON M 7 = DUSTSTORM OR SANDSTORM:
VSBY 1/2 MILE OR LESS
8 = SMOKE OR HAZE
[NO. OF DAYS WITH] [WEATHER - DAYS WITH] 9 = BLOWING SNOW
X = TORNADO
MAX 32 OR BELOW: 0 0.01 INCH OR MORE: 3
MAX 90 OR ABOVE: 0 0.10 INCH OR MORE: 0
MIN 32 OR BELOW: 18 0.50 INCH OR MORE: 0
MIN 0 OR BELOW: 0 1.00 INCH OR MORE: 0
[HDD (BASE 65) ]
TOTAL THIS MO. 591 CLEAR (SCALE 0-3) 22
DPTR FM NORMAL -19 PTCLDY (SCALE 4-7) 8
TOTAL FM JUL 1 1029 CLOUDY (SCALE 8-10) 1
DPTR FM NORMAL -549
[CDD (BASE 65) ]
TOTAL THIS MO. 0
DPTR FM NORMAL -1 [PRESSURE DATA]
TOTAL FM JAN 1 0 HIGHEST SLP M ON M
DPTR FM NORMAL -1 LOWEST SLP M ON M
[REMARKS]
#FINAL-01-22#