000
CXUS53 KGID 011254
CLMGRI
CLIMATE REPORT
NATIONAL WEATHER SERVICE HASTINGS NE
754 AM CDT THU JUN 01 2023
...................................
...THE GRAND ISLAND NE CLIMATE SUMMARY FOR THE MONTH OF MAY 2023...
CLIMATE NORMAL PERIOD 1991 TO 2020
CLIMATE RECORD PERIOD 1895 TO 2023
WEATHER OBSERVED NORMAL DEPART LAST YEAR`S
VALUE DATE(S) VALUE FROM VALUE DATE(S)
NORMAL
................................................................
TEMPERATURE (F)
RECORD
HIGH 104 05/29/1934
LOW 23 05/02/1967
HIGHEST 90 05/29 90 0 96 05/19
05/30
LOWEST 28 05/02 35 -7 34 05/02
AVG. MAXIMUM 79.4 73.4 6.0 74.3
AVG. MINIMUM 51.7 50.5 1.2 51.8
MEAN 65.5 62.0 3.5 63.1
DAYS MAX >= 90 2 1.9 0.1 3
DAYS MAX <= 32 0 0.0 0.0 0
DAYS MIN <= 32 3 0.5 2.5 0
DAYS MIN <= 0 0 0.0 0.0 0
PRECIPITATION (INCHES)
RECORD
MAXIMUM 11.27 1903
MINIMUM 0.34 1934
TOTALS 1.78 4.70 -2.92 2.45
DAILY AVG. 0.06 0.15 -0.09 0.08
DAYS >= .01 10 11.6 -1.6 10
DAYS >= .10 7 7.2 -0.2 4
DAYS >= .50 1 3.0 -2.0 2
DAYS >= 1.00 0 1.3 -1.3 1
GREATEST
24 HR. TOTAL 0.56 05/29 TO 05/30
SNOWFALL (INCHES)
RECORDS
TOTAL 4.5 1947
TOTALS 0.0 0.0 0.0 1.2
SINCE 7/1 26.6 27.7 -1.1 MM
DAYS >= 1.0 0 0.0 0.0 1
GREATEST
SNOW DEPTH 0 0
24 HR TOTAL MM
DEGREE DAYS
HEATING TOTAL 77 167 -90 157
SINCE 7/1 5849 5908 -59 MM
COOLING TOTAL 101 72 29 104
SINCE 1/1 121 83 38 MM
................................................................
WIND (MPH)
AVERAGE WIND SPEED 9.9
HIGHEST WIND SPEED/DIRECTION 37/140 DATE 05/09
HIGHEST GUST SPEED/DIRECTION 49/140 DATE 05/09
SKY COVER
POSSIBLE SUNSHINE (PERCENT) MM
AVERAGE SKY COVER 0.29
NUMBER OF DAYS FAIR 21
NUMBER OF DAYS PC 7
NUMBER OF DAYS CLOUDY 3
AVERAGE RH (PERCENT) 60
WEATHER CONDITIONS. NUMBER OF DAYS WITH
THUNDERSTORM 10 MIXED PRECIP 0
HEAVY RAIN 4 RAIN 3
LIGHT RAIN 13 FREEZING RAIN 0
LT FREEZING RAIN 0 HAIL 0
HEAVY SNOW 0 SNOW 0
LIGHT SNOW 0 SLEET 0
FOG 14 FOG W/VIS <= 1/4 MILE 1
HAZE 9
- INDICATES NEGATIVE NUMBERS.
R INDICATES RECORD WAS SET OR TIED.
MM INDICATES DATA IS MISSING.
T INDICATES TRACE AMOUNT.
$$