000
CXUS54 KFWD 010731
CF6GVT
PRELIMINARY LOCAL CLIMATOLOGICAL DATA (WS FORM: F-6)
STATION: GREENVILLE
MONTH: AUGUST
YEAR: 2020
LATITUDE: 33 4 N
LONGITUDE: 96 4 W
TEMPERATURE IN F: :PCPN: SNOW: WIND :SUNSHINE: SKY :PK WND
================================================================================
1 2 3 4 5 6A 6B 7 8 9 10 11 12 13 14 15 16 17 18
12Z AVG MX 2MIN
DY MAX MIN AVG DEP HDD CDD WTR SNW DPTH SPD SPD DIR MIN PSBL S-S WX SPD DR
================================================================================
1 91 72 82 -4 0 17 0.00 0.0 0 1.9 7 40 M M 2 M M
2 97 70 84 -2 0 19 0.00 0.0 0 2.1 7 350 M M 2 M M
3 93 70 82 -4 0 17 0.00 0.0 0 3.5 10 30 M M 1 M M
4 93 70 82 -4 0 17 0.00 0.0 0 2.6 8 360 M M 2 M M
5 86 72 79 -7 0 14 0.06 0.0 0 5.1 15 340 M M 4 3 22 30
6 99 73 86 0 0 21 0.00 0.0 0 6.4 13 140 M M 2 18 140
7 99 79 89 3 0 24 0.00 0.0 0 7.9 13 150 M M 0 20 180
8 99 79 89 3 0 24 0.00 0.0 0 7.8 14 130 M M 0 21 130
9 100 79 90 4 0 25 0.00 0.0 0 8.4 15 170 M M 1 21 170
10 100 81 91 5 0 26 0.00 0.0 0 9.2 15 210 M M 0 21 220
11 100 79 90 4 0 25 0.00 0.0 0 8.5 15 180 M M 1 23 200
12 97 79 88 2 0 23 0.09 0.0 0 7.0 16 120 M M 1 21 120
13 104 77 91 5 0 26 0.00 0.0 0 5.0 14 170 M M 1 22 170
14 102 82 92 6 0 27 0.00 0.0 0 7.9 16 140 M M 0 21 140
15 106 77 92 6 0 27 0.00 0.0 0 2.8 9 190 M M 0 M M
16 106 73 90 4 0 25 M 0.0 0 5.9 25 330 M M 2 3 35 330
17 M 72 M M M M 0.00 0.0 0 0.8 6 260 M M 1 M M
18 97 70 84 -1 0 19 0.00 0.0 0 4.3 13 360 M M 0 21 360
19 95 66 81 -4 0 16 0.00 0.0 0 3.2 8 50 M M 0 16 360
20 93 64 79 -6 0 14 0.00 0.0 0 2.2 7 50 M M 1 M M
21 95 63 79 -6 0 14 0.00 0.0 0 1.5 8 170 M M 0 M M
22 97 68 83 -2 0 18 0.00 0.0 0 1.9 7 100 M M 2 M M
23 M 70 M M M M 0.00 0.0 0 2.0 7 100 M M 1 M M
24 99 70 85 0 0 20 0.00 0.0 0 3.4 10 90 M M 0 16 40
25 99 72 86 2 0 21 0.00 0.0 0 2.8 10 50 M M 2 17 70
26 91 73 82 -2 0 17 1.32 0.0 0 4.9 14 110 M M 7 3 22 50
27 93 73 83 -1 0 18 0.00 0.0 0 3.9 9 340 M M 5 M M
28 102 73 88 4 0 23 0.00 0.0 0 7.0 14 160 M M 1 M M
29 104 79 92 8 0 27 0.00 0.0 0 8.6 15 140 M M 1 M M
30 95 73 84 1 0 19 0.34 0.0 0 7.5 17 120 M M 3 3 25 120
31 99 82 91 8 0 26 0.00 0.0 0 8.6 16 180 M M 2 21 180
================================================================================
SM 2831 2280 0 609 1.81 0.0 154.6 M 45
================================================================================
AV 97.6 73.6 5.0 FASTST M M 1 MAX(MPH)
MISC ----> # 25 330 # 35 330
================================================================================
NOTES:
# LAST OF SEVERAL OCCURRENCES
COLUMN 17 PEAK WIND IN M.P.H.
PRELIMINARY LOCAL CLIMATOLOGICAL DATA (WS FORM: F-6) , PAGE 2
STATION: GREENVILLE
MONTH: AUGUST
YEAR: 2020
LATITUDE: 33 4 N
LONGITUDE: 96 4 W
[TEMPERATURE DATA] [PRECIPITATION DATA] SYMBOLS USED IN COLUMN 16
AVERAGE MONTHLY: 85.6 TOTAL FOR MONTH: 1.81 1 = FOG OR MIST
DPTR FM NORMAL: 0.4 DPTR FM NORMAL: -0.07 2 = FOG REDUCING VISIBILITY
HIGHEST: 106 ON 16,15 GRTST 24HR 1.32 ON 26-26 TO 1/4 MILE OR LESS
LOWEST: 63 ON 21 3 = THUNDER
SNOW, ICE PELLETS, HAIL 4 = ICE PELLETS
TOTAL MONTH: 0.0 INCH 5 = HAIL
GRTST 24HR 0.0 6 = FREEZING RAIN OR DRIZZLE
GRTST DEPTH: 0 7 = DUSTSTORM OR SANDSTORM:
VSBY 1/2 MILE OR LESS
8 = SMOKE OR HAZE
[NO. OF DAYS WITH] [WEATHER - DAYS WITH] 9 = BLOWING SNOW
X = TORNADO
MAX 32 OR BELOW: 0 0.01 INCH OR MORE: 4
MAX 90 OR ABOVE: 28 0.10 INCH OR MORE: 2
MIN 32 OR BELOW: 0 0.50 INCH OR MORE: 1
MIN 0 OR BELOW: 0 1.00 INCH OR MORE: 1
[HDD (BASE 65) ]
TOTAL THIS MO. 0 CLEAR (SCALE 0-3) 27
DPTR FM NORMAL 0 PTCLDY (SCALE 4-7) 4
TOTAL FM JUL 1 0 CLOUDY (SCALE 8-10) 0
DPTR FM NORMAL 0
[CDD (BASE 65) ]
TOTAL THIS MO. 609
DPTR FM NORMAL -17 [PRESSURE DATA]
TOTAL FM JAN 1 2209 HIGHEST SLP M ON M
DPTR FM NORMAL 115 LOWEST SLP M ON M
[REMARKS]
#FINAL-08-20#