665
CXUS51 KGYX 010900
CF6GYX
PRELIMINARY LOCAL CLIMATOLOGICAL DATA (WS FORM: F-6)
STATION: GRAY ME
MONTH: JUNE
YEAR: 2020
LATITUDE: 43 53 N
LONGITUDE: 70 15 W
TEMPERATURE IN F: :PCPN: SNOW: WIND :SUNSHINE: SKY :PK WND
================================================================================
1 2 3 4 5 6A 6B 7 8 9 10 11 12 13 14 15 16 17 18
12Z AVG MX 2MIN
DY MAX MIN AVG DEP HDD CDD WTR SNW DPTH SPD SPD DIR MIN PSBL S-S WX SPD DR
================================================================================
1 60 37 49 -11 16 0 0.00 0.0 0 M M M M M M M M
2 68 42 55 -5 10 0 T 0.0 0 M M M M M M M M
3 70 49 60 0 5 0 T 0.0 0 M M M M M M M M
4 80 53 67 7 0 2 0.00 0.0 0 M M M M M M M M
5 84 64 74 13 0 9 T 0.0 0 M M M M M M M M
6 80 61 71 10 0 6 0.31 0.0 0 M M M M M M M M
7 65 55 60 -2 5 0 0.00 0.0 0 M M M M M M M M
8 73 51 62 0 3 0 0.00 0.0 0 M M M M M M M M
9 70 56 63 1 2 0 T 0.0 0 M M M M M M M M
10 66 51 59 -3 6 0 0.02 0.0 0 M M M M M M M M
11 69 53 61 -2 4 0 0.12 0.0 0 M M M M M M M M
12 79 60 70 7 0 5 0.00 0.0 0 M M M M M M M M
13 68 51 60 -3 5 0 0.00 0.0 0 M M M M M M M M
14 69 49 59 -5 6 0 0.00 0.0 0 M M M M M M M M
15 71 47 59 -5 6 0 0.00 0.0 0 M M M M M M M M
16 77 51 64 0 1 0 0.00 0.0 0 M M M M M M M M
17 79 52 66 1 0 1 0.00 0.0 0 M M M M M M M M
18 88 55 72 7 0 7 0.00 0.0 0 M M M M M M M M
19 90 66 78 13 0 13 0.00 0.0 0 M M M M M M M M
20 92 69 81 15 0 16 0.00 0.0 0 M M M M M M M M
21 83 62 73 7 0 8 0.00 0.0 0 M M M M M M M M
22 77 60 69 3 0 4 0.01 0.0 0 M M M M M M M M
23 74 59 67 1 0 2 0.00 0.0 0 M M M M M M M M
24 77 63 70 3 0 5 0.04 0.0 0 M M M M M M M M
25 83 59 71 4 0 6 0.00 0.0 0 M M M M M M M M
26 83 59 71 4 0 6 T 0.0 0 M M M M M M M M
27 80 61 71 4 0 6 0.00 0.0 0 M M M M M M M M
28 80 59 70 2 0 5 0.32 0.0 0 M M M M M M M M
29 64 61 63 -5 2 0 3.77 0.0 0 M M M M M M M M
30 68 63 66 -2 0 1 0.80 0.0 0 M M M M M M M M
================================================================================
SM 2267 1678 71 102 5.39 0.0 M M M
================================================================================
AV 75.6 55.9 M FASTST M M 5 MAX(MPH)
MISC ----> M M M M
================================================================================
NOTES:
# LAST OF SEVERAL OCCURRENCES
COLUMN 17 PEAK WIND IN M.P.H.
PRELIMINARY LOCAL CLIMATOLOGICAL DATA (WS FORM: F-6) , PAGE 2
STATION: GRAY ME
MONTH: JUNE
YEAR: 2020
LATITUDE: 43 53 N
LONGITUDE: 70 15 W
[TEMPERATURE DATA] [PRECIPITATION DATA] SYMBOLS USED IN COLUMN 16
AVERAGE MONTHLY: 65.8 TOTAL FOR MONTH: 5.39 1 = FOG OR MIST
DPTR FM NORMAL: 1.7 DPTR FM NORMAL: 1.09 2 = FOG REDUCING VISIBILITY
HIGHEST: 92 ON 20 GRTST 24HR 3.77 ON 29-29 TO 1/4 MILE OR LESS
LOWEST: 37 ON 1 3 = THUNDER
SNOW, ICE PELLETS, HAIL 4 = ICE PELLETS
TOTAL MONTH: 0.0 INCH 5 = HAIL
GRTST 24HR 0.0 6 = FREEZING RAIN OR DRIZZLE
GRTST DEPTH: 0 7 = DUSTSTORM OR SANDSTORM:
VSBY 1/2 MILE OR LESS
8 = SMOKE OR HAZE
[NO. OF DAYS WITH] [WEATHER - DAYS WITH] 9 = BLOWING SNOW
X = TORNADO
MAX 32 OR BELOW: 0 0.01 INCH OR MORE: 8
MAX 90 OR ABOVE: 2 0.10 INCH OR MORE: 5
MIN 32 OR BELOW: 0 0.50 INCH OR MORE: 2
MIN 0 OR BELOW: 0 1.00 INCH OR MORE: 1
[HDD (BASE 65) ]
TOTAL THIS MO. 71 CLEAR (SCALE 0-3) 0
DPTR FM NORMAL -23 PTCLDY (SCALE 4-7) 0
TOTAL FM JUL 1 6977 CLOUDY (SCALE 8-10) 0
DPTR FM NORMAL -215
[CDD (BASE 65) ]
TOTAL THIS MO. 102
DPTR FM NORMAL 37 [PRESSURE DATA]
TOTAL FM JAN 1 132 HIGHEST SLP M ON M
DPTR FM NORMAL 56 LOWEST SLP M ON M
[REMARKS]
#FINAL-06-20#