000
CXUS54 KJAN 011414
CF6HBG
PRELIMINARY LOCAL CLIMATOLOGICAL DATA (WS FORM: F-6)
STATION: HATTIESBURG
MONTH: APRIL
YEAR: 2020
LATITUDE: 31 16 N
LONGITUDE: 89 15 W
TEMPERATURE IN F: :PCPN: SNOW: WIND :SUNSHINE: SKY :PK WND
================================================================================
1 2 3 4 5 6A 6B 7 8 9 10 11 12 13 14 15 16 17 18
12Z AVG MX 2MIN
DY MAX MIN AVG DEP HDD CDD WTR SNW DPTH SPD SPD DIR MIN PSBL S-S WX SPD DR
================================================================================
1 74 45 60 -2 5 0 0.00 0.0 0 2.8 13 310 M M 0 17 330
2 75 48 62 0 3 0 0.00 0.0 0 1.9 9 90 M M 0 1 13 90
3 78 58 68 6 0 3 0.01 0.0 0 1.6 9 350 M M 2 1 13 10
4 75 56 66 3 0 1 0.04 0.0 0 1.2 8 360 M M 2 1 12 360
5 82 62 72 9 0 7 0.04 0.0 0 1.5 8 20 M M 5 1 12 120
6 82 59 71 8 0 6 0.00 0.0 0 3.2 12 180 M M 1 18 130
7 81 64 73 10 0 8 0.06 0.0 0 4.6 15 240 M M 6 1 23 230
8 85 71 78 15 0 13 0.00 0.0 0 5.8 12 240 M M 6 18 300
9 90 66 78 14 0 13 0.28 0.0 0 5.8 14 320 M M 5 138 20 350
10 70 49 60 -4 5 0 0.03 0.0 0 6.2 20 40 M M 2 31 20
11 76 44 60 -4 5 0 T 0.0 0 4.5 13 180 M M 0 20 150
12 82 63 73 9 0 8 2.06 0.0 0 13.0 29 180 M M 9 13 43 260
13 73 53 63 -1 2 0 T 0.0 0 6.8 16 360 M M 1 1 23 300
14 71 50 61 -4 4 0 0.00 0.0 0 8.7 16 360 M M 5 23 10
15 66 45 56 -9 9 0 0.00 0.0 0 7.9 17 360 M M 0 8 26 340
16 75 38 57 -8 8 0 0.00 0.0 0 3.5 15 70 M M 0 8 23 70
17 80 44 62 -4 3 0 0.00 0.0 0 5.8 16 170 M M 3 8 24 170
18 79 67 73 7 0 8 0.03 0.0 0 4.2 13 360 M M 9 13 21 360
19 87 64 76 10 0 11 3.31 0.0 0 8.2 37 360 M M 8 123 62 360
20 72 56 64 -2 1 0 0.00 0.0 0 3.9 13 360 M M 4 18 350
21 83 52 68 1 0 3 T 0.0 0 1.8 12 320 M M 0 8 15 350
22 80 56 68 1 0 3 T 0.0 0 8.0 28 140 M M 2 36 140
23 80 61 71 4 0 6 0.15 0.0 0 9.1 26 160 M M 5 13 37 160
24 81 54 68 0 0 3 T 0.0 0 2.2 9 320 M M 0 1 14 310
25 83 61 72 4 0 7 T 0.0 0 8.7 20 290 M M 2 27 290
26 77 50 64 -4 1 0 0.00 0.0 0 5.5 20 320 M M 0 31 320
27 78 46 62 -6 3 0 0.00 0.0 0 2.8 12 120 M M 0 15 110
28 83 50 67 -2 0 2 0.05 0.0 0 5.9 20 180 M M 1 1 25 180
29 74 58 66 -3 0 1 0.62 0.0 0 6.9 29 140 M M 7 13 37 140
30 76 49 63 -6 2 0 0.00 0.0 0 6.8 22 300 M M 0 31 300
================================================================================
SM 2348 1639 51 103 6.68 0.0 158.8 M 85
================================================================================
AV 78.3 54.6 5.3 FASTST M M 3 MAX(MPH)
MISC ----> # 37 360 # 62 360
================================================================================
NOTES:
# LAST OF SEVERAL OCCURRENCES
COLUMN 17 PEAK WIND IN M.P.H.
PRELIMINARY LOCAL CLIMATOLOGICAL DATA (WS FORM: F-6) , PAGE 2
STATION: HATTIESBURG
MONTH: APRIL
YEAR: 2020
LATITUDE: 31 16 N
LONGITUDE: 89 15 W
[TEMPERATURE DATA] [PRECIPITATION DATA] SYMBOLS USED IN COLUMN 16
AVERAGE MONTHLY: 66.5 TOTAL FOR MONTH: 6.68 1 = FOG OR MIST
DPTR FM NORMAL: 1.2 DPTR FM NORMAL: 1.75 2 = FOG REDUCING VISIBILITY
HIGHEST: 90 ON 9 GRTST 24HR 3.31 ON 19-19 TO 1/4 MILE OR LESS
LOWEST: 38 ON 16 3 = THUNDER
SNOW, ICE PELLETS, HAIL 4 = ICE PELLETS
TOTAL MONTH: 0.0 INCH 5 = HAIL
GRTST 24HR 0.0 6 = FREEZING RAIN OR DRIZZLE
GRTST DEPTH: 0 7 = DUSTSTORM OR SANDSTORM:
VSBY 1/2 MILE OR LESS
8 = SMOKE OR HAZE
[NO. OF DAYS WITH] [WEATHER - DAYS WITH] 9 = BLOWING SNOW
X = TORNADO
MAX 32 OR BELOW: 0 0.01 INCH OR MORE: 12
MAX 90 OR ABOVE: 1 0.10 INCH OR MORE: 5
MIN 32 OR BELOW: 0 0.50 INCH OR MORE: 3
MIN 0 OR BELOW: 0 1.00 INCH OR MORE: 2
[HDD (BASE 65) ]
TOTAL THIS MO. 51 CLEAR (SCALE 0-3) 19
DPTR FM NORMAL -32 PTCLDY (SCALE 4-7) 9
TOTAL FM JUL 1 1529 CLOUDY (SCALE 8-10) 2
DPTR FM NORMAL -449
[CDD (BASE 65) ]
TOTAL THIS MO. 103
DPTR FM NORMAL 11 [PRESSURE DATA]
TOTAL FM JAN 1 292 HIGHEST SLP M ON M
DPTR FM NORMAL 152 LOWEST SLP 29.45 ON 12
[REMARKS]
#FINAL-04-20#