000
CXUS54 KJAN 011910
CF6HBG
PRELIMINARY LOCAL CLIMATOLOGICAL DATA (WS FORM: F-6)
STATION: HATTIESBURG
MONTH: OCTOBER
YEAR: 2023
LATITUDE: 31 16 N
LONGITUDE: 89 15 W
TEMPERATURE IN F: :PCPN: SNOW: WIND :SUNSHINE: SKY :PK WND
================================================================================
1 2 3 4 5 6A 6B 7 8 9 10 11 12 13 14 15 16 17 18
12Z AVG MX 2MIN
DY MAX MIN AVG DEP HDD CDD WTR SNW DPTH SPD SPD DIR MIN PSBL S-S WX SPD DR
================================================================================
1 91 62 77 4 0 12 0.00 0.0 0 3.8 16 70 M M 0 25 20
2 89 59 74 1 0 9 0.00 0.0 0 3.7 16 90 M M 0 24 70
3 90 58 74 2 0 9 0.00 0.0 0 3.1 13 140 M M 1 17 140
4 91 58 75 3 0 10 0.00 0.0 0 3.5 14 130 M M 0 18 24 70
5 92 65 79 7 0 14 0.41 0.0 0 4.8 16 140 M M 4 18 21 140
6 83 65 74 3 0 9 T 0.0 0 4.4 13 330 M M 7 1 18 360
7 76 50 63 -8 2 0 0.00 0.0 0 5.9 16 10 M M 0 25 330
8 76 47 62 -9 3 0 0.00 0.0 0 2.0 12 360 M M 0 8 17 320
9 82 44 63 -7 2 0 0.00 0.0 0 3.5 14 220 M M 0 22 280
10 84 52 68 -2 0 3 0.00 0.0 0 2.8 9 210 M M 0 14 210
11 68 59 64 -5 1 0 1.59 0.0 0 6.7 22 80 M M 8 1 33 90
12 72 61 67 -2 0 2 0.06 0.0 0 4.3 17 70 M M 10 1 30 40
13 73 60 67 -2 0 2 0.00 0.0 0 1.8 8 10 M M 7 10 350
14 79 57 68 0 0 3 0.00 0.0 0 6.1 15 320 M M 2 1 26 310
15 66 53 60 -8 5 0 0.00 0.0 0 6.9 18 320 M M 8 27 320
16 70 48 59 -8 6 0 0.00 0.0 0 7.1 17 320 M M 0 27 300
17 73 43 58 -9 7 0 0.00 0.0 0 1.1 9 270 M M 0 14 270
18 77 44 61 -5 4 0 0.00 0.0 0 2.5 13 170 M M 0 18 180
19 80 48 64 -2 1 0 0.00 0.0 0 3.6 12 230 M M 2 1 18 210
20 89 59 74 8 0 9 0.00 0.0 0 4.8 15 270 M M 1 21 300
21 86 49 68 3 0 3 0.00 0.0 0 2.3 8 230 M M 0 12 220
22 88 54 71 6 0 6 0.00 0.0 0 1.2 8 30 M M 0 1 11 20
23 89 55 72 8 0 7 0.00 0.0 0 1.9 10 110 M M 0 1 14 120
24 84 55 70 6 0 5 0.00 0.0 0 5.0 17 140 M M 0 1 21 140
25 85 58 72 8 0 7 0.00 0.0 0 4.6 14 130 M M 2 1 22 120
26 86 56 71 8 0 6 0.00 0.0 0 5.2 18 140 M M 1 1 24 130
27 86 62 74 11 0 9 0.00 0.0 0 1.8 8 140 M M 5 12 13 120
28 86 63 75 13 0 10 0.00 0.0 0 2.2 15 130 M M 5 12 25 130
29 87 61 74 12 0 9 0.00 0.0 0 3.1 12 190 M M 4 12 15 180
30 71 50 61 -1 4 0 T 0.0 0 8.3 16 360 M M 10 1 29 350
31 60 44 52 -9 13 0 T 0.0 0 8.7 17 350 M M 4 27 350
================================================================================
SM 2509 1699 48 144 2.06 0.0 126.7 M 81
================================================================================
AV 80.9 54.8 4.1 FASTST M M 3 MAX(MPH)
MISC ----> 22 80 33 90
================================================================================
NOTES:
# LAST OF SEVERAL OCCURRENCES
COLUMN 17 PEAK WIND IN M.P.H.
PRELIMINARY LOCAL CLIMATOLOGICAL DATA (WS FORM: F-6) , PAGE 2
STATION: HATTIESBURG
MONTH: OCTOBER
YEAR: 2023
LATITUDE: 31 16 N
LONGITUDE: 89 15 W
[TEMPERATURE DATA] [PRECIPITATION DATA] SYMBOLS USED IN COLUMN 16
AVERAGE MONTHLY: 67.9 TOTAL FOR MONTH: 2.06 1 = FOG OR MIST
DPTR FM NORMAL: 0.6 DPTR FM NORMAL: -1.64 2 = FOG REDUCING VISIBILITY
HIGHEST: 92 ON 5 GRTST 24HR 1.64 ON 11-12 TO 1/4 MILE OR LESS
LOWEST: 43 ON 17 3 = THUNDER
SNOW, ICE PELLETS, HAIL 4 = ICE PELLETS
TOTAL MONTH: 0.0 INCH 5 = HAIL
GRTST 24HR 0.0 6 = FREEZING RAIN OR DRIZZLE
GRTST DEPTH: 0 7 = DUSTSTORM OR SANDSTORM:
VSBY 1/2 MILE OR LESS
8 = SMOKE OR HAZE
[NO. OF DAYS WITH] [WEATHER - DAYS WITH] 9 = BLOWING SNOW
X = TORNADO
MAX 32 OR BELOW: 0 0.01 INCH OR MORE: 3
MAX 90 OR ABOVE: 4 0.10 INCH OR MORE: 2
MIN 32 OR BELOW: 0 0.50 INCH OR MORE: 1
MIN 0 OR BELOW: 0 1.00 INCH OR MORE: 1
[HDD (BASE 65) ]
TOTAL THIS MO. 48 CLEAR (SCALE 0-3) 20
DPTR FM NORMAL -22 PTCLDY (SCALE 4-7) 8
TOTAL FM JUL 1 48 CLOUDY (SCALE 8-10) 3
DPTR FM NORMAL -24
[CDD (BASE 65) ]
TOTAL THIS MO. 144
DPTR FM NORMAL 3 [PRESSURE DATA]
TOTAL FM JAN 1 3139 HIGHEST SLP 30.31 ON 31
DPTR FM NORMAL 700 LOWEST SLP 29.66 ON 12
[REMARKS]
#FINAL-10-23#