000
CXUS54 KOUN 010810
CF6HBR
PRELIMINARY LOCAL CLIMATOLOGICAL DATA (WS FORM: F-6)
STATION: HOBART
MONTH: MARCH
YEAR: 2021
LATITUDE: 35 0 N
LONGITUDE: 99 3 W
TEMPERATURE IN F: :PCPN: SNOW: WIND :SUNSHINE: SKY :PK WND
================================================================================
1 2 3 4 5 6A 6B 7 8 9 10 11 12 13 14 15 16 17 18
12Z AVG MX 2MIN
DY MAX MIN AVG DEP HDD CDD WTR SNW DPTH SPD SPD DIR MIN PSBL S-S WX SPD DR
================================================================================
1 57 34 46 0 19 0 0.00 M M M M M M M 1 M M
2 64 26 45 -1 20 0 0.00 M M M M M M M 0 M M
3 71 29 50 4 15 0 0.00 0.0 0 15.7 21 200 M M 0 8 25 210
4 75 40 58 11 7 0 T M M M M M M M 1 3 M M
5 58 39 49 2 16 0 T M M M M M M M 4 1 M M
6 64 29 47 0 18 0 0.00 M M M M M M M 0 1 M M
7 67 36 52 4 13 0 0.00 M M M M M M M 0 M M
8 71 38 55 7 10 0 0.00 M M M M M M M 0 M M
9 77 51 64 16 1 0 0.00 M M 26.2 37 200 M M 1 44 200
10 86 57 72 24 0 7 0.00 M M 21.0 31 210 M M 0 38 190
11 61 49 55 6 10 0 0.00 M M 13.5 21 40 M M 6 26 30
12 71 50 61 12 4 0 T M M 11.7 22 120 M M 9 1 25 120
13 73 53 63 14 2 0 0.32 M M 20.1 39 160 M M 10 13 49 150
14 67 49 58 8 7 0 0.11 M M 16.5 36 170 M M 4 18 43 170
15 67 40 54 4 11 0 0.00 M M 12.4 23 280 M M 0 27 290
16 80 44 62 12 3 0 0.08 M M 13.7 25 20 M M 1 38 47 10
17 66 37 52 1 13 0 0.01 M M 18.6 45 350 M M 5 1238 56 360
18 55 35 45 -6 20 0 0.00 0.0 0 16.6 33 350 M M 1 39 350
19 61 30 46 -5 19 0 0.00 M M 6.9 12 30 M M 0 16 30
20 69 36 53 2 12 0 0.00 M M 12.4 22 170 M M 0 27 160
21 70 45 58 6 7 0 0.00 M M 21.5 32 170 M M 0 41 170
22 59 47 53 1 12 0 0.61 M M 17.7 37 290 M M 6 13 46 280
23 67 40 54 2 11 0 0.00 0.0 M 14.8 26 310 M M 2 31 310
24 60 40 50 -3 15 0 T 0.0 M 12.7 26 350 M M 4 32 350
25 61 42 52 -1 13 0 0.00 M M 9.9 23 350 M M 2 27 350
26 78 43 61 8 4 0 0.00 M M 16.6 30 200 M M 0 38 200
27 72 45 59 6 6 0 0.00 M M 14.6 26 20 M M 0 34 360
28 70 36 53 -1 12 0 0.00 M M 8.1 15 190 M M 0 8 18 190
29 82 48 65 11 0 0 0.00 M M 23.5 37 210 M M 0 47 210
30 63 47 55 1 10 0 0.00 M M 17.7 26 30 M M 0 33 10
31 64 42 53 -1 12 0 0.00 M M 11.5 24 50 M M 3 30 50
================================================================================
SM 2106 1277 322 7 1.13 0.0 373.9 M 60
================================================================================
AV 67.9 41.2 15.6 FASTST M M 2 MAX(MPH)
MISC ----> 45 350 56 360
================================================================================
NOTES:
# LAST OF SEVERAL OCCURRENCES
COLUMN 17 PEAK WIND IN M.P.H.
PRELIMINARY LOCAL CLIMATOLOGICAL DATA (WS FORM: F-6) , PAGE 2
STATION: HOBART
MONTH: MARCH
YEAR: 2021
LATITUDE: 35 0 N
LONGITUDE: 99 3 W
[TEMPERATURE DATA] [PRECIPITATION DATA] SYMBOLS USED IN COLUMN 16
AVERAGE MONTHLY: 54.6 TOTAL FOR MONTH: 1.13 1 = FOG OR MIST
DPTR FM NORMAL: 4.4 DPTR FM NORMAL: -0.97 2 = FOG REDUCING VISIBILITY
HIGHEST: 86 ON 10 GRTST 24HR 0.61 ON 22-22 TO 1/4 MILE OR LESS
LOWEST: 26 ON 2 3 = THUNDER
SNOW, ICE PELLETS, HAIL 4 = ICE PELLETS
TOTAL MONTH: 0.0 INCH 5 = HAIL
GRTST 24HR 0.0 6 = FREEZING RAIN OR DRIZZLE
GRTST DEPTH: 0 7 = DUSTSTORM OR SANDSTORM:
VSBY 1/2 MILE OR LESS
8 = SMOKE OR HAZE
[NO. OF DAYS WITH] [WEATHER - DAYS WITH] 9 = BLOWING SNOW
X = TORNADO
MAX 32 OR BELOW: 0 0.01 INCH OR MORE: 5
MAX 90 OR ABOVE: 0 0.10 INCH OR MORE: 3
MIN 32 OR BELOW: 4 0.50 INCH OR MORE: 1
MIN 0 OR BELOW: 0 1.00 INCH OR MORE: 0
[HDD (BASE 65) ]
TOTAL THIS MO. 322 CLEAR (SCALE 0-3) 23
DPTR FM NORMAL -142 PTCLDY (SCALE 4-7) 6
TOTAL FM JUL 1 3239 CLOUDY (SCALE 8-10) 2
DPTR FM NORMAL -168
[CDD (BASE 65) ]
TOTAL THIS MO. 7
DPTR FM NORMAL 1 [PRESSURE DATA]
TOTAL FM JAN 1 7 HIGHEST SLP M ON M
DPTR FM NORMAL 1 LOWEST SLP 29.47 ON 22
[REMARKS]
#FINAL-03-21#