000
CXUS53 KGID 011252
CF6HDE
PRELIMINARY LOCAL CLIMATOLOGICAL DATA (WS FORM: F-6)
STATION: HOLDREGE NE
MONTH: NOVEMBER
YEAR: 2023
LATITUDE: 40 27 N
LONGITUDE: 99 20 W
TEMPERATURE IN F: :PCPN: SNOW: WIND :SUNSHINE: SKY :PK WND
================================================================================
1 2 3 4 5 6A 6B 7 8 9 10 11 12 13 14 15 16 17 18
12Z AVG MX 2MIN
DY MAX MIN AVG DEP HDD CDD WTR SNW DPTH SPD SPD DIR MIN PSBL S-S WX SPD DR
================================================================================
1 56 23 40 M 25 0 0.00 M M 7.6 17 200 M M 0 16 210
2 65 25 45 M 20 0 0.00 M M 5.2 13 220 M M 1 17 210
3 66 40 53 M 12 0 0.00 M M 8.2 16 360 M M 2 8 20 360
4 58 41 50 M 15 0 0.27 M M 4.5 13 180 M M 6 M M
5 66 39 53 M 12 0 0.00 M M 11.9 23 180 M M 1 1 29 180
6 65 41 53 M 12 0 0.00 M M 4.7 10 140 M M 0 M M
7 68 36 52 M 13 0 T M M 6.7 13 200 M M 3 12 16 180
8 63 35 49 M 16 0 0.00 M M 12.3 23 360 M M 4 1 31 360
9 60 29 45 M 20 0 0.00 M M 7.8 18 280 M M 0 25 320
10 56 23 40 M 25 0 0.00 M M 8.7 18 180 M M 0 22 190
11 62 32 47 M 18 0 0.00 M M 12.4 27 230 M M 0 31 220
12 69 36 53 M 12 0 0.00 M M 7.7 15 310 M M 0 22 20
13 66 35 51 M 14 0 0.00 M M 10.1 21 170 M M 0 25 170
14 67 38 53 M 12 0 0.00 M M 12.1 21 210 M M 0 28 210
15 69 29 49 M 16 0 0.00 M M 6.2 16 190 M M 0 M M
16 66 36 51 M 14 0 0.01 M M 11.9 21 20 M M 3 1 27 20
17 58 26 42 M 23 0 0.00 M M 5.2 14 220 M M 0 20 250
18 66 30 48 M 17 0 0.00 M M 5.7 10 150 M M 0 M M
19 52 46 49 M 16 0 0.21 M M 10.8 16 150 M M 10 1 20 170
20 46 42 44 M 21 0 T M M 12.5 21 20 M M 10 1 25 20
21 48 30 39 M 26 0 0.00 M M 15.3 25 340 M M 1 30 340
22 67 27 47 M 18 0 0.00 M M 6.6 16 240 M M 0 24 250
23 40 24 32 M 33 0 0.00 M M 16.7 24 50 M M 0 30 40
24 25 20 23 M 42 0 M M M 13.8 18 40 M M 10 25 40
25 24 18 21 M 44 0 M M M 4.1 8 310 M M 10 M M
26 37 10 24 M 41 0 0.00 M M 13.0 24 330 M M 1 29 330
27 41 21 31 M 34 0 0.00 M M 9.2 15 320 M M 0 21 320
28 50 21 36 M 29 0 0.00 M M 8.1 15 300 M M 0 22 300
29 59 24 42 M 23 0 0.00 M M 8.4 15 190 M M 0 M M
30 43 26 35 M 30 0 0.00 M M 13.4 22 30 M M 0 27 30
================================================================================
SM 1678 903 653 0 M M 280.8 M 62
================================================================================
AV 55.9 30.1 9.4 FASTST M M 2 MAX(MPH)
MISC ----> 27 230 # M M
================================================================================
NOTES:
# LAST OF SEVERAL OCCURRENCES
COLUMN 17 PEAK WIND IN M.P.H.
PRELIMINARY LOCAL CLIMATOLOGICAL DATA (WS FORM: F-6) , PAGE 2
STATION: HOLDREGE NE
MONTH: NOVEMBER
YEAR: 2023
LATITUDE: 40 27 N
LONGITUDE: 99 20 W
[TEMPERATURE DATA] [PRECIPITATION DATA] SYMBOLS USED IN COLUMN 16
AVERAGE MONTHLY: 43.0 TOTAL FOR MONTH: M 1 = FOG OR MIST
DPTR FM NORMAL: M DPTR FM NORMAL: M 2 = FOG REDUCING VISIBILITY
HIGHEST: 69 ON 15,12 GRTST 24HR M ON M TO 1/4 MILE OR LESS
LOWEST: 10 ON 26 3 = THUNDER
SNOW, ICE PELLETS, HAIL 4 = ICE PELLETS
TOTAL MONTH: M 5 = HAIL
GRTST 24HR M ON M 6 = FREEZING RAIN OR DRIZZLE
GRTST DEPTH: M ON M 7 = DUSTSTORM OR SANDSTORM:
VSBY 1/2 MILE OR LESS
8 = SMOKE OR HAZE
[NO. OF DAYS WITH] [WEATHER - DAYS WITH] 9 = BLOWING SNOW
X = TORNADO
MAX 32 OR BELOW: 2 0.01 INCH OR MORE: M
MAX 90 OR ABOVE: 0 0.10 INCH OR MORE: M
MIN 32 OR BELOW: 18 0.50 INCH OR MORE: M
MIN 0 OR BELOW: 0 1.00 INCH OR MORE: M
[HDD (BASE 65) ]
TOTAL THIS MO. 653 CLEAR (SCALE 0-3) 24
DPTR FM NORMAL M PTCLDY (SCALE 4-7) 2
TOTAL FM JUL 1 1076 CLOUDY (SCALE 8-10) 4
DPTR FM NORMAL M
[CDD (BASE 65) ]
TOTAL THIS MO. 0
DPTR FM NORMAL M [PRESSURE DATA]
TOTAL FM JAN 1 936 HIGHEST SLP M ON M
DPTR FM NORMAL M LOWEST SLP M ON M
[REMARKS]
#FINAL-11-23#