000
CXUS51 KLWX 010815
CF6HGR
PRELIMINARY LOCAL CLIMATOLOGICAL DATA (WS FORM: F-6)
STATION: HAGERSTOWN MD
MONTH: SEPTEMBER
YEAR: 2022
LATITUDE: 39 42 N
LONGITUDE: 77 43 W
TEMPERATURE IN F: :PCPN: SNOW: WIND :SUNSHINE: SKY :PK WND
================================================================================
1 2 3 4 5 6A 6B 7 8 9 10 11 12 13 14 15 16 17 18
12Z AVG MX 2MIN
DY MAX MIN AVG DEP HDD CDD WTR SNW DPTH SPD SPD DIR MIN PSBL S-S WX SPD DR
================================================================================
1 87 65 76 3 0 11 0.00 M M 5.8 18 290 M M 0 22 290
2 85 60 73 0 0 8 0.00 M M 5.2 13 70 M M 1 17 150
3 85 70 78 6 0 13 0.00 M M 6.9 13 160 M M 4 17 150
4 89 69 79 7 0 14 0.00 M M 6.4 14 180 M M 1 18 170
5 78 69 74 2 0 9 0.32 M M 4.4 15 190 M M 9 1 20 180
6 84 69 77 5 0 12 0.59 M M 6.2 15 350 M M 8 13 20 330
7 72 66 69 -2 0 4 2.33 M M 5.4 22 30 M M 10 1238 26 30
8 79 64 72 1 0 7 0.00 M M 4.1 12 10 M M 8 1 19 350
9 83 61 72 1 0 7 0.00 M M 3.4 12 110 M M 2 18 15 100
10 77 58 68 -2 0 3 0.02 M M 4.3 14 180 M M 4 1 17 160
11 74 67 71 1 0 6 0.43 M M 3.6 8 70 M M 9 1 9 70
12 80 69 75 5 0 10 0.02 M M 3.5 10 150 M M 9 12 13 320
13 78 61 70 0 0 5 0.00 M M 7.1 16 290 M M 5 20 270
14 78 57 68 -1 0 3 0.00 M M 6.0 17 320 M M 1 21 310
15 77 59 68 -1 0 3 0.00 M M 5.5 16 340 M M 0 22 330
16 79 53 66 -2 0 1 0.00 M M 2.9 8 280 M M 0 13 320
17 79 59 69 1 0 4 0.00 M M 4.8 13 190 M M 1 18 17 130
18 83 62 73 5 0 8 0.00 M M 5.3 10 190 M M 1 13 260
19 80 64 72 5 0 7 T M M 5.6 12 260 M M 3 15 260
20 82 64 73 6 0 8 0.00 M M 6.0 21 300 M M 1 33 280
21 83 57 70 3 0 5 0.00 M M 5.7 13 180 M M 1 1 16 180
22 76 55 66 0 0 1 T M M 14.5 31 290 M M 4 38 290
23 67 50 59 -7 6 0 0.00 M M 12.2 24 310 M M 2 28 310
24 69 46 58 -7 7 0 0.00 M M 4.6 12 220 M M 2 15 220
25 73 56 65 0 0 0 0.17 M M 6.9 24 280 M M 6 13 27 280
26 72 54 63 -2 2 0 0.00 M M 8.2 22 270 M M 2 28 270
27 68 50 59 -5 6 0 0.00 M M 9.3 21 290 M M 2 26 280
28 64 46 55 -9 10 0 0.00 M 0 6.3 15 300 M M 3 23 310
29 67 48 58 -5 7 0 0.00 M 0 8.3 18 10 M M 2 23 360
30 61 44 53 -10 12 0 0.18 M M 8.3 17 30 M M 3 18 21 30
================================================================================
SM 2309 1772 50 149 4.06 M 186.7 M 104
================================================================================
AV 77.0 59.1 6.2 FASTST M M 3 MAX(MPH)
MISC ----> 31 290 38 290
================================================================================
NOTES:
# LAST OF SEVERAL OCCURRENCES
COLUMN 17 PEAK WIND IN M.P.H.
PRELIMINARY LOCAL CLIMATOLOGICAL DATA (WS FORM: F-6) , PAGE 2
STATION: HAGERSTOWN MD
MONTH: SEPTEMBER
YEAR: 2022
LATITUDE: 39 42 N
LONGITUDE: 77 43 W
[TEMPERATURE DATA] [PRECIPITATION DATA] SYMBOLS USED IN COLUMN 16
AVERAGE MONTHLY: 68.0 TOTAL FOR MONTH: 4.06 1 = FOG OR MIST
DPTR FM NORMAL: -0.4 DPTR FM NORMAL: 0.23 2 = FOG REDUCING VISIBILITY
HIGHEST: 89 ON 4 GRTST 24HR 2.50 ON 6- 7 TO 1/4 MILE OR LESS
LOWEST: 44 ON 30 3 = THUNDER
SNOW, ICE PELLETS, HAIL 4 = ICE PELLETS
TOTAL MONTH: M 5 = HAIL
GRTST 24HR M ON M 6 = FREEZING RAIN OR DRIZZLE
GRTST DEPTH: 0 7 = DUSTSTORM OR SANDSTORM:
VSBY 1/2 MILE OR LESS
8 = SMOKE OR HAZE
[NO. OF DAYS WITH] [WEATHER - DAYS WITH] 9 = BLOWING SNOW
X = TORNADO
MAX 32 OR BELOW: 0 0.01 INCH OR MORE: 8
MAX 90 OR ABOVE: 0 0.10 INCH OR MORE: 6
MIN 32 OR BELOW: 0 0.50 INCH OR MORE: 2
MIN 0 OR BELOW: 0 1.00 INCH OR MORE: 1
[HDD (BASE 65) ]
TOTAL THIS MO. 50 CLEAR (SCALE 0-3) 18
DPTR FM NORMAL 6 PTCLDY (SCALE 4-7) 8
TOTAL FM JUL 1 50 CLOUDY (SCALE 8-10) 4
DPTR FM NORMAL 5
[CDD (BASE 65) ]
TOTAL THIS MO. 149
DPTR FM NORMAL 4 [PRESSURE DATA]
TOTAL FM JAN 1 1275 HIGHEST SLP 30.45 ON 29
DPTR FM NORMAL 49 LOWEST SLP 29.63 ON 25
[REMARKS]
#FINAL-09-22#