000
CXUS54 KHGX 011410
CF6HGX
PRELIMINARY LOCAL CLIMATOLOGICAL DATA (WS FORM: F-6)
STATION: DICKINSON WFO
MONTH: OCTOBER
YEAR: 2022
LATITUDE: 29 28 N
LONGITUDE: 95 5 W
TEMPERATURE IN F: :PCPN: SNOW: WIND :SUNSHINE: SKY :PK WND
================================================================================
1 2 3 4 5 6A 6B 7 8 9 10 11 12 13 14 15 16 17 18
12Z AVG MX 2MIN
DY MAX MIN AVG DEP HDD CDD WTR SNW DPTH SPD SPD DIR MIN PSBL S-S WX SPD DR
================================================================================
1 83 57 70 -7 0 5 0.00 0.0 0 M M M M M M M M
2 84 56 70 -6 0 5 0.00 0.0 0 M M M M M M M M
3 86 58 72 -4 0 7 0.00 0.0 0 M M M M M M M M
4 84 61 73 -3 0 8 0.00 0.0 0 M M M M M M M M
5 85 61 73 -3 0 8 0.00 0.0 0 M M M M M M M M
6 88 63 76 1 0 11 0.00 0.0 0 M M M M M M M M
7 89 63 76 1 0 11 0.00 0.0 0 M M M M M M M M
8 86 66 76 1 0 11 0.00 0.0 0 M M M M M M M M
9 84 63 74 0 0 9 0.00 0.0 0 M M M M M M M M
10 84 62 73 -1 0 8 0.00 0.0 0 M M M M M M M M
11 83 64 74 0 0 9 T 0.0 0 M M M M M M M M
12 91 71 81 7 0 16 0.11 0.0 0 M M M M M M 3 M M
13 89 68 79 6 0 14 2.42 0.0 0 M M M M M M 3 M M
14 84 66 75 2 0 10 0.00 0.0 0 M M M M M M 1 M M
15 87 65 76 4 0 11 0.00 0.0 0 M M M M M M 1 M M
16 89 69 79 7 0 14 0.00 0.0 0 M M M M M M M M
17 74 61 68 -4 0 3 0.01 0.0 0 M M M M M M 1 M M
18 68 50 59 -13 6 0 0.00 0.0 0 M M M M M M M M
19 66 43 55 -16 10 0 0.00 0.0 0 M M M M M M M M
20 82 46 64 -7 1 0 0.00 0.0 0 M M M M M M M M
21 82 58 70 -1 0 5 0.00 0.0 0 M M M M M M M M
22 83 61 72 2 0 7 0.00 0.0 0 M M M M M M M M
23 83 71 77 7 0 12 0.00 0.0 0 M M M M M M M M
24 83 75 79 9 0 14 T 0.0 0 M M M M M M M M
25 77 51 64 -5 1 0 0.31 0.0 0 M M M M M M M M
26 74 48 61 -8 4 0 0.00 0.0 0 M M M M M M M M
27 75 49 62 -7 3 0 0.14 0.0 0 M M M M M M M M
28 75 49 62 -6 3 0 1.70 0.0 0 M M M M M M 3 M M
29 67 55 61 -7 4 0 T 0.0 0 M M M M M M M M
30 77 52 65 -3 0 0 0.00 0.0 0 M M M M M M M M
31 78 55 67 0 0 2 0.00 0.0 0 M M M M M M M M
================================================================================
SM 2520 1837 32 200 4.69 0.0 M M M
================================================================================
AV 81.3 59.3 M FASTST M M M MAX(MPH)
MISC ----> M M M M
================================================================================
NOTES:
# LAST OF SEVERAL OCCURRENCES
COLUMN 17 PEAK WIND IN M.P.H.
PRELIMINARY LOCAL CLIMATOLOGICAL DATA (WS FORM: F-6) , PAGE 2
STATION: DICKINSON WFO
MONTH: OCTOBER
YEAR: 2022
LATITUDE: 29 28 N
LONGITUDE: 95 5 W
[TEMPERATURE DATA] [PRECIPITATION DATA] SYMBOLS USED IN COLUMN 16
AVERAGE MONTHLY: 70.3 TOTAL FOR MONTH: 4.69 1 = FOG OR MIST
DPTR FM NORMAL: -1.8 DPTR FM NORMAL: -1.10 2 = FOG REDUCING VISIBILITY
HIGHEST: 91 ON 12 GRTST 24HR 2.42 ON 13-13 TO 1/4 MILE OR LESS
LOWEST: 43 ON 19 3 = THUNDER
SNOW, ICE PELLETS, HAIL 4 = ICE PELLETS
TOTAL MONTH: 0.0 INCH 5 = HAIL
GRTST 24HR 0.0 6 = FREEZING RAIN OR DRIZZLE
GRTST DEPTH: 0 7 = DUSTSTORM OR SANDSTORM:
VSBY 1/2 MILE OR LESS
8 = SMOKE OR HAZE
[NO. OF DAYS WITH] [WEATHER - DAYS WITH] 9 = BLOWING SNOW
X = TORNADO
MAX 32 OR BELOW: 0 0.01 INCH OR MORE: 6
MAX 90 OR ABOVE: 1 0.10 INCH OR MORE: 5
MIN 32 OR BELOW: 0 0.50 INCH OR MORE: 2
MIN 0 OR BELOW: 0 1.00 INCH OR MORE: 2
[HDD (BASE 65) ]
TOTAL THIS MO. 32 CLEAR (SCALE 0-3) 0
DPTR FM NORMAL 10 PTCLDY (SCALE 4-7) 0
TOTAL FM JUL 1 32 CLOUDY (SCALE 8-10) 31
DPTR FM NORMAL 13
[CDD (BASE 65) ]
TOTAL THIS MO. 200
DPTR FM NORMAL -44 [PRESSURE DATA]
TOTAL FM JAN 1 3268 HIGHEST SLP M ON M
DPTR FM NORMAL 183 LOWEST SLP M ON M
[REMARKS]
#FINAL-10-22#