000
CXUS54 KHGX 072354
CF6HGX
PRELIMINARY LOCAL CLIMATOLOGICAL DATA (WS FORM: F-6)
STATION: DICKINSON WFO
MONTH: JULY
YEAR: 2021
LATITUDE: 29 28 N
LONGITUDE: 95 5 W
TEMPERATURE IN F: :PCPN: SNOW: WIND :SUNSHINE: SKY :PK WND
================================================================================
1 2 3 4 5 6A 6B 7 8 9 10 11 12 13 14 15 16 17 18
12Z AVG MX 2MIN
DY MAX MIN AVG DEP HDD CDD WTR SNW DPTH SPD SPD DIR MIN PSBL S-S WX SPD DR
================================================================================
1 91 73 82 -1 0 17 0.00 0.0 0 M M M M M M M M
2 93 77 85 2 0 20 0.13 0.0 0 M M M M M M M M
3 86 76 81 -2 0 16 0.47 0.0 0 M M M M M M M M
4 90 76 83 0 0 18 0.01 0.0 0 M M M M M M M M
5 87 77 82 -2 0 17 0.03 0.0 0 M M M M M M M M
6 85 76 81 -3 0 16 0.20 0.0 0 M M M M M M M M
7 86 73 80 -4 0 15 0.79 0.0 0 M M M M M M M M
8 86 73 80 -4 0 15 0.60 0.0 0 M M M M M M M M
9 82 72 77 -7 0 12 0.52 0.0 0 M M M M M M M M
10 90 74 82 -2 0 17 T 0.0 0 M M M M M M M M
11 91 79 85 1 0 20 0.00 0.0 0 M M M M M M M M
12 92 78 85 1 0 20 0.00 0.0 0 M M M M M M M M
13 92 78 85 1 0 20 0.02 0.0 0 M M M M M M M M
14 90 78 84 0 0 19 0.04 0.0 0 M M M M M M 3 M M
15 90 77 84 0 0 19 T 0.0 0 M M M M M M M M
16 92 81 87 3 0 22 T 0.0 0 M M M M M M 3 M M
17 92 79 86 2 0 21 0.00 0.0 0 M M M M M M M M
18 92 78 85 1 0 20 0.00 0.0 0 M M M M M M M M
19 94 73 84 0 0 19 1.20 0.0 0 M M M M M M 3 M M
20 89 72 81 -3 0 16 2.27 0.0 0 M M M M M M 3 M M
21 87 72 80 -4 0 15 2.68 0.0 0 M M M M M M 3 M M
22 92 74 83 -1 0 18 0.04 0.0 0 M M M M M M 3 M M
23 93 80 87 3 0 22 0.00 0.0 0 M M M M M M M M
24 94 78 86 2 0 21 0.00 0.0 0 M M M M M M M M
25 93 76 85 1 0 20 0.00 0.0 0 M M M M M M M M
26 97 76 87 3 0 22 0.00 0.0 0 M M M M M M M M
27 93 77 85 1 0 20 0.00 0.0 0 M M M M M M M M
28 96 74 85 1 0 20 0.00 0.0 0 M M M M M M M M
29 95 78 87 3 0 22 0.00 0.0 0 M M M M M M M M
30 95 78 87 3 0 22 0.06 0.0 0 M M M M M M M M
31 94 79 87 3 0 22 0.00 0.0 0 M M M M M M M M
================================================================================
SM 2819 2362 0 583 9.06 0.0 M M M
================================================================================
AV 90.9 76.2 M FASTST M M M MAX(MPH)
MISC ----> M M M M
================================================================================
NOTES:
# LAST OF SEVERAL OCCURRENCES
COLUMN 17 PEAK WIND IN M.P.H.
PRELIMINARY LOCAL CLIMATOLOGICAL DATA (WS FORM: F-6) , PAGE 2
STATION: DICKINSON WFO
MONTH: JULY
YEAR: 2021
LATITUDE: 29 28 N
LONGITUDE: 95 5 W
[TEMPERATURE DATA] [PRECIPITATION DATA] SYMBOLS USED IN COLUMN 16
AVERAGE MONTHLY: 83.6 TOTAL FOR MONTH: 9.06 1 = FOG OR MIST
DPTR FM NORMAL: -0.3 DPTR FM NORMAL: 4.70 2 = FOG REDUCING VISIBILITY
HIGHEST: 97 ON 26 GRTST 24HR 2.68 ON 21-21 TO 1/4 MILE OR LESS
LOWEST: 72 ON 21,20 3 = THUNDER
SNOW, ICE PELLETS, HAIL 4 = ICE PELLETS
TOTAL MONTH: 0.0 INCH 5 = HAIL
GRTST 24HR 0.0 6 = FREEZING RAIN OR DRIZZLE
GRTST DEPTH: 0 7 = DUSTSTORM OR SANDSTORM:
VSBY 1/2 MILE OR LESS
8 = SMOKE OR HAZE
[NO. OF DAYS WITH] [WEATHER - DAYS WITH] 9 = BLOWING SNOW
X = TORNADO
MAX 32 OR BELOW: 0 0.01 INCH OR MORE: 15
MAX 90 OR ABOVE: 23 0.10 INCH OR MORE: 9
MIN 32 OR BELOW: 0 0.50 INCH OR MORE: 6
MIN 0 OR BELOW: 0 1.00 INCH OR MORE: 3
[HDD (BASE 65) ]
TOTAL THIS MO. 0 CLEAR (SCALE 0-3) 0
DPTR FM NORMAL 0 PTCLDY (SCALE 4-7) 0
TOTAL FM JUL 1 0 CLOUDY (SCALE 8-10) 31
DPTR FM NORMAL 0
[CDD (BASE 65) ]
TOTAL THIS MO. 583
DPTR FM NORMAL -3 [PRESSURE DATA]
TOTAL FM JAN 1 1744 HIGHEST SLP M ON M
DPTR FM NORMAL -52 LOWEST SLP M ON M
[REMARKS]
#FINAL-07-21#