000
CXUS56 KPQR 011301
CF6HIO
PRELIMINARY LOCAL CLIMATOLOGICAL DATA (WS FORM: F-6)
STATION: HILLSBORO OR
MONTH: NOVEMBER
YEAR: 2022
LATITUDE: 45 32 N
LONGITUDE: 122 57 W
TEMPERATURE IN F: :PCPN: SNOW: WIND :SUNSHINE: SKY :PK WND
================================================================================
1 2 3 4 5 6A 6B 7 8 9 10 11 12 13 14 15 16 17 18
12Z AVG MX 2MIN
DY MAX MIN AVG DEP HDD CDD WTR SNW DPTH SPD SPD DIR MIN PSBL S-S WX SPD DR
================================================================================
1 51 37 44 -4 21 0 0.19 M M 3.7 13 270 M M 8 1 17 250
2 48 38 43 -5 22 0 0.10 M M 4.9 14 180 M M 9 1 18 190
3 47 40 44 -3 21 0 0.08 M M 5.8 16 180 M M 10 1 22 200
4 58 45 52 5 13 0 1.98 M M 13.6 26 310 M M 10 1 35 300
5 52 39 46 -1 19 0 0.06 M M 5.5 25 310 M M 9 1 30 300
6 46 38 42 -5 23 0 0.55 M M 8.0 20 170 M M 10 1 24 160
7 43 35 39 -7 26 0 0.11 M M 9.5 21 160 M M 10 1 27 160
8 51 32 42 -4 23 0 0.00 M M 7.7 22 90 M M 3 1 28 60
9 49 25 37 -9 28 0 0.00 M M 1.8 8 180 M M 1 1 10 210
10 50 28 39 -7 26 0 0.00 M M 1.4 7 260 M M 5 1 9 300
11 49 32 41 -5 24 0 0.07 M M 5.0 17 90 M M 7 1 23 90
12 52 31 42 -3 23 0 T M M 1.7 8 120 M M 4 1 10 230
13 49 26 38 -7 27 0 0.00 M M 1.7 6 280 M M 4 128 8 280
14 56 28 42 -3 23 0 0.00 M M 9.5 26 60 M M 0 35 60
15 55 26 41 -4 24 0 0.00 M M 7.2 20 70 M M 0 26 70
16 54 23 39 -5 26 0 0.00 M M 1.8 9 130 M M 0 1 10 130
17 48 22 35 -9 30 0 0.00 M M 13.0 26 90 M M 0 1 35 100
18 50 26 38 -6 27 0 0.00 M M 10.0 20 70 M M 0 25 90
19 49 21 35 -9 30 0 0.00 M M 4.8 12 100 M M 0 16 90
20 50 22 36 -8 29 0 0.00 M M 1.5 6 300 M M 0 8 7 210
21 49 31 40 -3 25 0 0.00 M M 0.7 8 130 M M 7 10 130
22 50 34 42 -1 23 0 0.25 M M 1.5 12 360 M M 8 12 15 360
23 44 32 38 -5 27 0 0.00 M M 1.5 9 300 M M 10 12 10 310
24 53 29 41 -2 24 0 0.00 M M 1.0 6 310 M M 6 12 7 250
25 42 33 38 -4 27 0 0.32 M M 1.5 8 300 M M 9 12 10 300
26 45 35 40 -2 25 0 0.00 M M 1.6 10 190 M M 10 12 12 180
27 47 35 41 -1 24 0 0.31 M M 4.9 16 180 M M 9 1 22 170
28 44 26 35 -7 30 0 0.09 M M 2.3 10 260 M M 7 12 14 270
29 43 26 35 -7 30 0 0.24 M M 8.2 24 180 M M 10 12 34 180
30 48 36 42 0 23 0 0.86 M M 8.3 29 170 M M 9 1 36 180
================================================================================
SM 1472 931 743 0 5.21 M 149.6 M 175
================================================================================
AV 49.1 31.0 5.0 FASTST M M 6 MAX(MPH)
MISC ----> 29 170 36 180
================================================================================
NOTES:
# LAST OF SEVERAL OCCURRENCES
COLUMN 17 PEAK WIND IN M.P.H.
PRELIMINARY LOCAL CLIMATOLOGICAL DATA (WS FORM: F-6) , PAGE 2
STATION: HILLSBORO OR
MONTH: NOVEMBER
YEAR: 2022
LATITUDE: 45 32 N
LONGITUDE: 122 57 W
[TEMPERATURE DATA] [PRECIPITATION DATA] SYMBOLS USED IN COLUMN 16
AVERAGE MONTHLY: 40.1 TOTAL FOR MONTH: 5.21 1 = FOG OR MIST
DPTR FM NORMAL: -4.5 DPTR FM NORMAL: -0.23 2 = FOG REDUCING VISIBILITY
HIGHEST: 58 ON 4 GRTST 24HR 1.98 ON 4- 4 TO 1/4 MILE OR LESS
LOWEST: 21 ON 19 3 = THUNDER
SNOW, ICE PELLETS, HAIL 4 = ICE PELLETS
TOTAL MONTH: M 5 = HAIL
GRTST 24HR M ON M 6 = FREEZING RAIN OR DRIZZLE
GRTST DEPTH: M ON M 7 = DUSTSTORM OR SANDSTORM:
VSBY 1/2 MILE OR LESS
8 = SMOKE OR HAZE
[NO. OF DAYS WITH] [WEATHER - DAYS WITH] 9 = BLOWING SNOW
X = TORNADO
MAX 32 OR BELOW: 0 0.01 INCH OR MORE: 14
MAX 90 OR ABOVE: 0 0.10 INCH OR MORE: 10
MIN 32 OR BELOW: 18 0.50 INCH OR MORE: 3
MIN 0 OR BELOW: 0 1.00 INCH OR MORE: 1
[HDD (BASE 65) ]
TOTAL THIS MO. 743 CLEAR (SCALE 0-3) 9
DPTR FM NORMAL 129 PTCLDY (SCALE 4-7) 8
TOTAL FM JUL 1 1030 CLOUDY (SCALE 8-10) 13
DPTR FM NORMAL -175
[CDD (BASE 65) ]
TOTAL THIS MO. 0
DPTR FM NORMAL 0 [PRESSURE DATA]
TOTAL FM JAN 1 486 HIGHEST SLP 30.57 ON 16
DPTR FM NORMAL 211 LOWEST SLP 29.46 ON 6
[REMARKS]
#FINAL-11-22#