000
CXUS56 KPQR 011201
CF6HIO
PRELIMINARY LOCAL CLIMATOLOGICAL DATA (WS FORM: F-6)
STATION: HILLSBORO OR
MONTH: JULY
YEAR: 2023
LATITUDE: 45 32 N
LONGITUDE: 122 57 W
TEMPERATURE IN F: :PCPN: SNOW: WIND :SUNSHINE: SKY :PK WND
================================================================================
1 2 3 4 5 6A 6B 7 8 9 10 11 12 13 14 15 16 17 18
12Z AVG MX 2MIN
DY MAX MIN AVG DEP HDD CDD WTR SNW DPTH SPD SPD DIR MIN PSBL S-S WX SPD DR
================================================================================
1 85 48 67 3 0 2 0.00 M M 7.8 18 320 M M 0 23 310
2 86 50 68 4 0 3 0.00 M M 8.3 18 310 M M 0 24 340
3 90 50 70 5 0 5 0.00 M M 5.8 15 10 M M 0 20 330
4 95 54 75 10 0 10 0.00 M M 4.5 12 20 M M 0 17 340
5 97 58 78 13 0 13 0.00 M M 5.0 17 330 M M 0 21 320
6 90 55 73 7 0 8 0.00 M M 5.2 15 310 M M 0 17 330
7 79 52 66 0 0 1 0.00 M M 4.8 16 320 M M 3 19 320
8 76 53 65 -1 0 0 0.00 M M 3.5 10 50 M M 5 13 80
9 84 51 68 2 0 3 0.00 M M 5.9 17 330 M M 0 21 330
10 71 55 63 -3 2 0 T M M 3.0 9 300 M M 9 12 160
11 83 58 71 4 0 6 0.00 M M 3.9 14 310 M M 4 17 320
12 84 56 70 3 0 5 0.00 M M 5.1 14 330 M M 2 17 330
13 86 53 70 3 0 5 0.00 M M 4.5 12 20 M M 0 17 90
14 93 55 74 7 0 9 0.00 M M 3.6 14 330 M M 0 17 320
15 97 55 76 9 0 11 0.00 M M 6.7 22 320 M M 0 26 330
16 92 53 73 5 0 8 0.00 M M 5.6 21 340 M M 0 25 320
17 78 56 67 -1 0 2 0.00 M M 5.5 17 350 M M 5 20 330
18 88 51 70 2 0 5 0.00 M M 6.8 16 10 M M 0 25 340
19 97 55 76 8 0 11 0.00 M M 3.6 18 320 M M 0 23 310
20 89 58 74 6 0 9 0.00 M M 4.6 15 320 M M 0 19 320
21 88 55 72 4 0 7 0.00 M M 4.4 12 320 M M 1 15 40
22 88 54 71 3 0 6 0.00 M M 4.7 15 320 M M 0 19 40
23 88 59 74 6 0 9 0.00 M M 5.6 18 330 M M 0 22 320
24 76 52 64 -4 1 0 0.02 M M 5.6 20 230 M M 5 25 240
25 79 59 69 1 0 4 0.00 M M 7.1 14 310 M M 6 18 60
26 83 51 67 -2 0 2 0.00 M M 5.4 15 330 M M 0 18 330
27 83 51 67 -2 0 2 0.00 M M 5.4 16 320 M M 1 20 340
28 82 51 67 -2 0 2 0.00 M M 5.6 16 330 M M 1 21 340
29 81 51 66 -3 0 1 0.00 M M 6.1 16 340 M M 1 20 320
30 81 50 66 -3 0 1 0.00 M M 6.2 17 330 M M 0 22 330
31 84 49 67 -2 0 2 0.00 M M 5.8 17 320 M M 0 22 330
================================================================================
SM 2653 1658 3 152 0.02 M 165.6 M 43
================================================================================
AV 85.6 53.5 5.3 FASTST M M 1 MAX(MPH)
MISC ----> 22 320 26 330
================================================================================
NOTES:
# LAST OF SEVERAL OCCURRENCES
COLUMN 17 PEAK WIND IN M.P.H.
PRELIMINARY LOCAL CLIMATOLOGICAL DATA (WS FORM: F-6) , PAGE 2
STATION: HILLSBORO OR
MONTH: JULY
YEAR: 2023
LATITUDE: 45 32 N
LONGITUDE: 122 57 W
[TEMPERATURE DATA] [PRECIPITATION DATA] SYMBOLS USED IN COLUMN 16
AVERAGE MONTHLY: 69.5 TOTAL FOR MONTH: 0.02 1 = FOG OR MIST
DPTR FM NORMAL: 2.3 DPTR FM NORMAL: -0.35 2 = FOG REDUCING VISIBILITY
HIGHEST: 97 ON 19,15 GRTST 24HR 0.02 ON 24-24 TO 1/4 MILE OR LESS
LOWEST: 48 ON 1 3 = THUNDER
SNOW, ICE PELLETS, HAIL 4 = ICE PELLETS
TOTAL MONTH: M 5 = HAIL
GRTST 24HR M ON M 6 = FREEZING RAIN OR DRIZZLE
GRTST DEPTH: M ON M 7 = DUSTSTORM OR SANDSTORM:
VSBY 1/2 MILE OR LESS
8 = SMOKE OR HAZE
[NO. OF DAYS WITH] [WEATHER - DAYS WITH] 9 = BLOWING SNOW
X = TORNADO
MAX 32 OR BELOW: 0 0.01 INCH OR MORE: 1
MAX 90 OR ABOVE: 8 0.10 INCH OR MORE: 0
MIN 32 OR BELOW: 0 0.50 INCH OR MORE: 0
MIN 0 OR BELOW: 0 1.00 INCH OR MORE: 0
[HDD (BASE 65) ]
TOTAL THIS MO. 3 CLEAR (SCALE 0-3) 25
DPTR FM NORMAL -33 PTCLDY (SCALE 4-7) 5
TOTAL FM JUL 1 3 CLOUDY (SCALE 8-10) 1
DPTR FM NORMAL -37
[CDD (BASE 65) ]
TOTAL THIS MO. 152
DPTR FM NORMAL 50 [PRESSURE DATA]
TOTAL FM JAN 1 255 HIGHEST SLP 30.19 ON 25
DPTR FM NORMAL 115 LOWEST SLP 29.79 ON 5
[REMARKS]
#FINAL-07-23#