000
CXUS53 KGID 011515
CF6HJH
PRELIMINARY LOCAL CLIMATOLOGICAL DATA (WS FORM: F-6)
STATION: HEBRON NE
MONTH: MAY
YEAR: 2022
LATITUDE: 40 9 N
LONGITUDE: 97 35 W
TEMPERATURE IN F: :PCPN: SNOW: WIND :SUNSHINE: SKY :PK WND
================================================================================
1 2 3 4 5 6A 6B 7 8 9 10 11 12 13 14 15 16 17 18
12Z AVG MX 2MIN
DY MAX MIN AVG DEP HDD CDD WTR SNW DPTH SPD SPD DIR MIN PSBL S-S WX SPD DR
================================================================================
1 68 41 55 M 10 0 0.00 M M 7.9 16 330 M M 0 27 330
2 52 39 46 M 19 0 1.11 M M 14.8 21 50 M M 10 33 70
3 52 40 46 M 19 0 0.00 M M 8.6 15 20 M M 10 22 360
4 54 47 51 M 14 0 0.16 M M 6.7 14 70 M M 10 1 16 90
5 55 49 52 M 13 0 0.46 M M 6.7 15 30 M M 10 1 20 10
6 70 52 61 M 4 0 0.00 M M 4.6 9 170 M M 7 1 M M
7 78 53 66 M 0 1 0.00 M M 16.6 24 150 M M 1 37 160
8 75 60 68 M 0 3 0.04 M M 9.5 20 140 M M 9 25 140
9 91 70 81 M 0 16 0.00 M M 13.3 24 170 M M 5 18 35 170
10 89 66 78 M 0 13 0.00 M M 6.8 12 40 M M 4 20 290
11 92 67 80 M 0 15 0.00 M M 13.2 22 180 M M 0 1 33 180
12 94 62 78 M 0 13 0.31 M M 16.0 23 140 M M 2 3 31 190
13 80 55 68 M 0 3 0.00 M M 2.7 12 10 M M 0 21 30
14 87 54 71 M 0 6 T M M 3.8 10 20 M M 3 21 210
15 75 53 64 M 1 0 0.70 M M 7.4 17 70 M M 4 3 22 50
16 82 49 66 M 0 1 0.00 M M 5.5 12 160 M M 0 17 180
17 91 60 76 M 0 11 T M M 10.6 18 190 M M 2 3 25 180
18 87 63 75 M 0 10 0.00 M M 5.3 10 350 M M 2 1 17 350
19 93 60 77 M 0 12 0.00 M M 13.0 24 360 M M 1 32 360
20 74 52 63 M 2 0 0.00 M M 14.6 24 10 M M 7 30 10
21 62 37 50 M 15 0 T M M 9.9 15 340 M M 5 24 340
22 70 32 51 M 14 0 0.00 M M 3.0 7 140 M M 1 16 10
23 65 52 59 M 6 0 0.12 M M 6.8 16 140 M M 9 8 21 150
24 53 50 52 M 13 0 1.32 M M 10.5 17 40 M M 10 28 50
25 53 50 52 M 13 0 1.22 M M 14.0 22 350 M M 10 1 33 350
26 71 50 61 M 4 0 0.19 M M 10.8 20 10 M M 6 27 10
27 86 48 67 M 0 2 0.00 M M 7.5 17 190 M M 0 22 200
28 86 64 75 M 0 10 0.00 M M 14.3 28 200 M M 0 35 200
29 89 69 79 M 0 14 0.00 M M 16.3 27 170 M M 0 33 170
30 87 61 74 M 0 9 0.00 M M 16.1 30 180 M M 3 41 180
31 79 57 68 M 0 3 T M M 5.7 14 20 M M 4 23 20
================================================================================
SM 2340 1662 147 142 5.63 M 302.5 M 135
================================================================================
AV 75.5 53.6 9.8 FASTST M M 4 MAX(MPH)
MISC ----> 30 180 M M
================================================================================
NOTES:
# LAST OF SEVERAL OCCURRENCES
COLUMN 17 PEAK WIND IN M.P.H.
PRELIMINARY LOCAL CLIMATOLOGICAL DATA (WS FORM: F-6) , PAGE 2
STATION: HEBRON NE
MONTH: MAY
YEAR: 2022
LATITUDE: 40 9 N
LONGITUDE: 97 35 W
[TEMPERATURE DATA] [PRECIPITATION DATA] SYMBOLS USED IN COLUMN 16
AVERAGE MONTHLY: 64.5 TOTAL FOR MONTH: 5.63 1 = FOG OR MIST
DPTR FM NORMAL: M DPTR FM NORMAL: M 2 = FOG REDUCING VISIBILITY
HIGHEST: 94 ON 12 GRTST 24HR 1.32 ON 24-24 TO 1/4 MILE OR LESS
LOWEST: 32 ON 22 3 = THUNDER
SNOW, ICE PELLETS, HAIL 4 = ICE PELLETS
TOTAL MONTH: M 5 = HAIL
GRTST 24HR M ON M 6 = FREEZING RAIN OR DRIZZLE
GRTST DEPTH: M ON M 7 = DUSTSTORM OR SANDSTORM:
VSBY 1/2 MILE OR LESS
8 = SMOKE OR HAZE
[NO. OF DAYS WITH] [WEATHER - DAYS WITH] 9 = BLOWING SNOW
X = TORNADO
MAX 32 OR BELOW: 0 0.01 INCH OR MORE: 10
MAX 90 OR ABOVE: 5 0.10 INCH OR MORE: 9
MIN 32 OR BELOW: 1 0.50 INCH OR MORE: 4
MIN 0 OR BELOW: 0 1.00 INCH OR MORE: 3
[HDD (BASE 65) ]
TOTAL THIS MO. 147 CLEAR (SCALE 0-3) 15
DPTR FM NORMAL M PTCLDY (SCALE 4-7) 8
TOTAL FM JUL 1 5078 CLOUDY (SCALE 8-10) 8
DPTR FM NORMAL M
[CDD (BASE 65) ]
TOTAL THIS MO. 142
DPTR FM NORMAL M [PRESSURE DATA]
TOTAL FM JAN 1 166 HIGHEST SLP M ON M
DPTR FM NORMAL M LOWEST SLP M ON M
[REMARKS]
#FINAL-05-22#