000
CXUS56 KHNX 021519
CF6HJO
PRELIMINARY LOCAL CLIMATOLOGICAL DATA (WS FORM: F-6)
STATION: HANFORD CA AIRPORT
MONTH: MARCH
YEAR: 2022
LATITUDE: 36 19 N
LONGITUDE: 119 38 W
TEMPERATURE IN F: :PCPN: SNOW: WIND :SUNSHINE: SKY :PK WND
================================================================================
1 2 3 4 5 6A 6B 7 8 9 10 11 12 13 14 15 16 17 18
12Z AVG MX 2MIN
DY MAX MIN AVG DEP HDD CDD WTR SNW DPTH SPD SPD DIR MIN PSBL S-S WX SPD DR
================================================================================
1 74 38 56 2 9 0 0.00 0.0 0 1.6 8 50 M M 0 18 9 60
2 80 41 61 7 4 0 0.00 0.0 0 2.3 7 300 M M 0 18 9 20
3 74 43 59 5 6 0 0.00 0.0 0 4.6 16 320 M M 0 18 20 300
4 58 46 52 -3 13 0 0.51 0.0 0 6.1 24 320 M M 8 1 30 320
5 57 36 47 -8 18 0 T 0.0 0 4.4 16 330 M M 5 22 340
6 60 31 46 -9 19 0 0.00 0.0 0 3.1 9 310 M M 3 1 12 310
7 64 36 50 -5 15 0 0.00 0.0 0 3.7 13 310 M M 1 1 17 300
8 69 34 52 -4 13 0 0.00 0.0 0 2.7 7 70 M M 0 1 9 150
9 73 36 55 -1 10 0 0.00 0.0 0 4.1 15 320 M M 1 18 18 320
10 70 40 55 -1 10 0 0.00 0.0 0 8.5 20 320 M M 0 26 310
11 72 35 54 -2 11 0 0.00 0.0 0 1.6 7 160 M M 0 1 10 180
12 76 36 56 0 9 0 0.00 0.0 0 2.8 18 330 M M 0 1 24 330
13 73 43 58 2 7 0 0.00 0.0 0 7.5 17 310 M M 0 23 320
14 74 37 56 0 9 0 0.00 0.0 0 2.6 7 300 M M 0 1 10 100
15 73 42 58 1 7 0 0.00 0.0 0 6.0 16 330 M M 1 18 20 310
16 75 48 62 5 3 0 0.00 0.0 0 9.9 20 320 M M 0 25 320
17 74 43 59 2 6 0 0.00 0.0 0 4.3 10 320 M M 0 14 340
18 78 40 59 2 6 0 0.00 0.0 0 2.7 12 320 M M 0 14 320
19 66 48 57 0 8 0 0.01 0.0 0 8.2 23 320 M M 4 8 28 310
20 66 44 55 -2 10 0 0.00 0.0 0 7.2 22 320 M M 3 1 26 310
21 72 39 56 -2 9 0 0.00 0.0 0 2.0 8 50 M M 0 1 12 70
22 80 43 62 4 3 0 0.00 0.0 0 1.3 7 190 M M 0 1 10 130
23 89 47 68 10 0 3 0.00 0.0 0 2.4 8 330 M M 0 1 11 180
24 90 51 71 13 0 6 0.00 0.0 0 3.6 9 300 M M 0 18 11 300
25 89 53 71 13 0 6 0.00 0.0 0 4.9 10 320 M M 0 8 13 320
26 87 52 70 12 0 5 0.00 0.0 0 3.8 12 300 M M 0 8 15 310
27 84 51 68 10 0 3 0.00 0.0 0 6.2 15 230 M M 0 22 210
28 65 49 57 -1 8 0 0.50 0.0 0 6.9 15 150 M M 6 13 21 140
29 67 44 56 -2 9 0 0.00 0.0 0 3.4 12 310 M M 3 1 13 310
30 73 52 63 4 2 0 0.00 0.0 0 4.6 16 320 M M 5 18 20 320
31 69 48 59 0 6 0 0.00 0.0 0 6.3 14 320 M M 2 1 17 320
================================================================================
SM 2271 1326 230 23 1.02 0.0 139.3 M 42
================================================================================
AV 73.3 42.8 4.5 FASTST M M 1 MAX(MPH)
MISC ----> 24 320 30 320
================================================================================
NOTES:
# LAST OF SEVERAL OCCURRENCES
COLUMN 17 PEAK WIND IN M.P.H.
PRELIMINARY LOCAL CLIMATOLOGICAL DATA (WS FORM: F-6) , PAGE 2
STATION: HANFORD CA AIRPORT
MONTH: MARCH
YEAR: 2022
LATITUDE: 36 19 N
LONGITUDE: 119 38 W
[TEMPERATURE DATA] [PRECIPITATION DATA] SYMBOLS USED IN COLUMN 16
AVERAGE MONTHLY: 58.0 TOTAL FOR MONTH: 1.02 1 = FOG OR MIST
DPTR FM NORMAL: 1.3 DPTR FM NORMAL: -0.47 2 = FOG REDUCING VISIBILITY
HIGHEST: 90 ON 24 GRTST 24HR 0.51 ON 4- 4 TO 1/4 MILE OR LESS
LOWEST: 31 ON 6 3 = THUNDER
SNOW, ICE PELLETS, HAIL 4 = ICE PELLETS
TOTAL MONTH: 0.0 INCH 5 = HAIL
GRTST 24HR 0.0 6 = FREEZING RAIN OR DRIZZLE
GRTST DEPTH: 0 7 = DUSTSTORM OR SANDSTORM:
VSBY 1/2 MILE OR LESS
8 = SMOKE OR HAZE
[NO. OF DAYS WITH] [WEATHER - DAYS WITH] 9 = BLOWING SNOW
X = TORNADO
MAX 32 OR BELOW: 0 0.01 INCH OR MORE: 3
MAX 90 OR ABOVE: 1 0.10 INCH OR MORE: 2
MIN 32 OR BELOW: 1 0.50 INCH OR MORE: 2
MIN 0 OR BELOW: 0 1.00 INCH OR MORE: 0
[HDD (BASE 65) ]
TOTAL THIS MO. 230 CLEAR (SCALE 0-3) 24
DPTR FM NORMAL -34 PTCLDY (SCALE 4-7) 7
TOTAL FM JUL 1 2106 CLOUDY (SCALE 8-10) 0
DPTR FM NORMAL -146
[CDD (BASE 65) ]
TOTAL THIS MO. 23
DPTR FM NORMAL 17 [PRESSURE DATA]
TOTAL FM JAN 1 23 HIGHEST SLP 30.38 ON 11
DPTR FM NORMAL 17 LOWEST SLP 29.64 ON 27
[REMARKS]
#FINAL-03-22#