000
CXUS56 KHNX 021643
CF6HJO
PRELIMINARY LOCAL CLIMATOLOGICAL DATA (WS FORM: F-6)
STATION: HANFORD CA AIRPORT
MONTH: JANUARY
YEAR: 2022
LATITUDE: 36 19 N
LONGITUDE: 119 38 W
TEMPERATURE IN F: :PCPN: SNOW: WIND :SUNSHINE: SKY :PK WND
================================================================================
1 2 3 4 5 6A 6B 7 8 9 10 11 12 13 14 15 16 17 18
12Z AVG MX 2MIN
DY MAX MIN AVG DEP HDD CDD WTR SNW DPTH SPD SPD DIR MIN PSBL S-S WX SPD DR
================================================================================
1 53 30 42 -4 23 0 0.00 0.0 0 1.8 6 130 M M 0 12 9 150
2 56 30 43 -3 22 0 0.00 0.0 0 1.3 7 70 M M 2 12 9 60
3 57 30 44 -2 21 0 0.00 0.0 0 2.3 6 80 M M 1 12 7 150
4 57 32 45 -1 20 0 0.00 0.0 0 1.7 7 170 M M 3 18 9 150
5 61 42 52 6 13 0 0.00 0.0 0 1.0 8 330 M M 7 18 10 310
6 60 39 50 4 15 0 0.00 0.0 0 1.8 7 60 M M 4 128 8 200
7 56 36 46 0 19 0 0.00 0.0 0 1.8 7 200 M M 10 128 9 190
8 58 42 50 4 15 0 0.00 0.0 0 4.2 10 340 M M 6 12 14 330
9 57 34 46 0 19 0 0.00 0.0 0 0.7 6 60 M M 6 128 8 90
10 59 36 48 2 17 0 0.00 0.0 0 0.9 8 320 M M 7 128 9 310
11 59 33 46 0 19 0 0.00 0.0 0 1.7 7 170 M M 7 128 8 150
12 60 37 49 3 16 0 0.00 0.0 0 1.7 8 70 M M 5 128 11 80
13 61 39 50 4 15 0 0.00 0.0 0 2.2 8 150 M M 0 128 10 360
14 52 36 44 -3 21 0 0.00 0.0 0 1.5 8 300 M M 8 12 10 330
15 52 42 47 0 18 0 0.00 0.0 0 1.9 7 240 M M 7 128 9 240
16 61 45 53 6 12 0 0.01 0.0 0 1.8 7 60 M M 9 128 8 60
17 64 42 53 6 12 0 0.00 0.0 0 1.6 7 290 M M 6 128 9 280
18 65 44 55 8 10 0 T 0.0 0 1.7 8 300 M M 3 18 11 290
19 64 36 50 3 15 0 0.00 0.0 0 1.4 8 320 M M 2 128 10 330
20 65 36 51 4 14 0 0.00 0.0 0 1.1 7 320 M M 3 128 10 340
21 60 34 47 0 18 0 0.00 0.0 0 1.5 8 300 M M 6 128 10 110
22 62 37 50 3 15 0 0.00 0.0 0 1.2 6 300 M M 5 128 7 80
23 65 32 49 2 16 0 0.00 0.0 0 1.6 7 70 M M 0 18 8 40
24 65 32 49 1 16 0 0.00 0.0 0 1.8 7 330 M M 0 128 9 330
25 63 32 48 0 17 0 0.00 0.0 0 1.4 7 330 M M 2 128 8 340
26 65 32 49 1 16 0 0.00 0.0 0 2.0 8 170 M M 1 128 10 170
27 66 32 49 1 16 0 0.00 0.0 0 2.1 7 90 M M 0 18 8 40
28 67 33 50 2 15 0 0.00 0.0 0 1.0 8 250 M M 0 18 9 330
29 64 32 48 0 17 0 0.00 0.0 0 1.9 7 330 M M 0 18 9 330
30 65 31 48 0 17 0 0.00 0.0 0 2.7 9 320 M M 0 18 13 330
31 57 32 45 -3 20 0 0.00 0.0 0 1.5 7 330 M M 0 18 9 320
================================================================================
SM 1876 1100 519 0 0.01 0.0 52.8 M 110
================================================================================
AV 60.5 35.5 1.7 FASTST M M 4 MAX(MPH)
MISC ----> 10 340 14 330
================================================================================
NOTES:
# LAST OF SEVERAL OCCURRENCES
COLUMN 17 PEAK WIND IN M.P.H.
PRELIMINARY LOCAL CLIMATOLOGICAL DATA (WS FORM: F-6) , PAGE 2
STATION: HANFORD CA AIRPORT
MONTH: JANUARY
YEAR: 2022
LATITUDE: 36 19 N
LONGITUDE: 119 38 W
[TEMPERATURE DATA] [PRECIPITATION DATA] SYMBOLS USED IN COLUMN 16
AVERAGE MONTHLY: 48.0 TOTAL FOR MONTH: 0.01 1 = FOG OR MIST
DPTR FM NORMAL: 1.2 DPTR FM NORMAL: -1.55 2 = FOG REDUCING VISIBILITY
HIGHEST: 67 ON 28 GRTST 24HR 0.03 ON 7- 7 TO 1/4 MILE OR LESS
LOWEST: 30 ON 3, 2 3 = THUNDER
SNOW, ICE PELLETS, HAIL 4 = ICE PELLETS
TOTAL MONTH: 0.0 INCH 5 = HAIL
GRTST 24HR 0.0 6 = FREEZING RAIN OR DRIZZLE
GRTST DEPTH: 0 7 = DUSTSTORM OR SANDSTORM:
VSBY 1/2 MILE OR LESS
8 = SMOKE OR HAZE
[NO. OF DAYS WITH] [WEATHER - DAYS WITH] 9 = BLOWING SNOW
X = TORNADO
MAX 32 OR BELOW: 0 0.01 INCH OR MORE: 1
MAX 90 OR ABOVE: 0 0.10 INCH OR MORE: 0
MIN 32 OR BELOW: 12 0.50 INCH OR MORE: 0
MIN 0 OR BELOW: 0 1.00 INCH OR MORE: 0
[HDD (BASE 65) ]
TOTAL THIS MO. 519 CLEAR (SCALE 0-3) 16
DPTR FM NORMAL -45 PTCLDY (SCALE 4-7) 12
TOTAL FM JUL 1 1474 CLOUDY (SCALE 8-10) 3
DPTR FM NORMAL -118
[CDD (BASE 65) ]
TOTAL THIS MO. 0
DPTR FM NORMAL 0 [PRESSURE DATA]
TOTAL FM JAN 1 0 HIGHEST SLP 30.50 ON 10
DPTR FM NORMAL 0 LOWEST SLP 29.96 ON 7
[REMARKS]
#FINAL-01-22#