000
CXUS53 KGLD 010800
CF6HLC
PRELIMINARY LOCAL CLIMATOLOGICAL DATA (WS FORM: F-6)
STATION: HILL CITY KS
MONTH: SEPTEMBER
YEAR: 2022
LATITUDE: 39 22 N
LONGITUDE: 99 50 W
TEMPERATURE IN F: :PCPN: SNOW: WIND :SUNSHINE: SKY :PK WND
================================================================================
1 2 3 4 5 6A 6B 7 8 9 10 11 12 13 14 15 16 17 18
12Z AVG MX 2MIN
DY MAX MIN AVG DEP HDD CDD WTR SNW DPTH SPD SPD DIR MIN PSBL S-S WX SPD DR
================================================================================
1 95 64 80 7 0 15 0.00 M M 4.2 15 250 M M 0 23 250
2 100 62 81 8 0 16 0.02 M M 7.9 39 320 M M 0 3 55 320
3 90 54 72 -1 0 7 0.00 M M 8.4 16 70 M M 0 23 70
4 89 49 69 -3 0 4 0.00 M M 4.3 10 100 M M 0 17 90
5 93 48 71 -1 0 6 0.00 M M 4.8 14 140 M M 0 18 150
6 102 53 78 6 0 13 0.00 M M 5.0 14 50 M M 0 22 50
7 99 53 76 4 0 11 0.00 M M 6.2 20 110 M M 0 1 26 80
8 100 63 82 11 0 17 0.00 M M 10.8 20 170 M M 0 31 200
9 84 60 72 1 0 7 0.00 M M 13.8 29 360 M M 1 37 10
10 61 48 55 -16 10 0 0.05 M M 9.9 23 20 M M 8 1 32 30
11 79 43 61 -9 4 0 0.00 M M 4.5 12 220 M M 0 1 17 240
12 91 43 67 -3 0 2 0.00 M M 4.5 17 230 M M 0 25 230
13 97 52 75 5 0 10 0.00 M M 7.2 17 160 M M 0 28 160
14 97 68 83 14 0 18 0.00 M M 13.1 30 160 M M 0 44 150
15 93 65 79 10 0 14 1.28 M M 14.9 35 260 M M 4 13 62 240
16 87 62 75 7 0 10 0.00 M M 6.4 15 130 M M 1 22 150
17 89 66 78 10 0 13 0.03 M M 7.2 20 350 M M 0 13 27 350
18 90 58 74 6 0 9 0.00 M M 7.3 17 300 M M 0 1 24 310
19 101 62 82 15 0 17 0.00 M M 9.2 22 180 M M 0 1 31 180
20 101 72 87 20 0 22 0.00 M M 8.7 17 50 M M 0 25 50
21 78 51 65 -1 0 0 0.49 M M 13.8 29 30 M M 5 1 38 30
22 56 50 53 -13 12 0 0.23 M M 6.6 14 40 M M 10 1 19 30
23 81 53 67 1 0 2 0.00 M M 6.0 12 160 M M 5 1 17 150
24 89 52 71 6 0 6 0.00 M M 6.6 17 20 M M 0 23 30
25 79 50 65 0 0 0 0.00 M M 7.5 14 320 M M 0 21 360
26 83 44 64 0 1 0 0.00 M M 4.9 13 160 M M 0 24 160
27 87 48 68 4 0 3 0.00 M M 6.9 15 20 M M 0 8 20 20
28 79 47 63 0 2 0 0.00 M M 8.3 17 130 M M 0 25 110
29 84 46 65 2 0 0 0.00 M M 9.5 22 140 M M 0 34 150
30 91 59 75 13 0 10 0.00 M M 13.5 24 160 M M 0 38 180
================================================================================
SM 2645 1645 29 232 2.10 M 241.9 M 34
================================================================================
AV 88.2 54.8 8.1 FASTST M M 1 MAX(MPH)
MISC ----> 39 320 62 240
================================================================================
NOTES:
# LAST OF SEVERAL OCCURRENCES
COLUMN 17 PEAK WIND IN M.P.H.
PRELIMINARY LOCAL CLIMATOLOGICAL DATA (WS FORM: F-6) , PAGE 2
STATION: HILL CITY KS
MONTH: SEPTEMBER
YEAR: 2022
LATITUDE: 39 22 N
LONGITUDE: 99 50 W
[TEMPERATURE DATA] [PRECIPITATION DATA] SYMBOLS USED IN COLUMN 16
AVERAGE MONTHLY: 71.5 TOTAL FOR MONTH: 2.10 1 = FOG OR MIST
DPTR FM NORMAL: 3.2 DPTR FM NORMAL: 0.04 2 = FOG REDUCING VISIBILITY
HIGHEST: 102 ON 6 GRTST 24HR 1.28 ON 15-15 TO 1/4 MILE OR LESS
LOWEST: 43 ON 12,11 3 = THUNDER
SNOW, ICE PELLETS, HAIL 4 = ICE PELLETS
TOTAL MONTH: M 5 = HAIL
GRTST 24HR M ON M 6 = FREEZING RAIN OR DRIZZLE
GRTST DEPTH: M ON M 7 = DUSTSTORM OR SANDSTORM:
VSBY 1/2 MILE OR LESS
8 = SMOKE OR HAZE
[NO. OF DAYS WITH] [WEATHER - DAYS WITH] 9 = BLOWING SNOW
X = TORNADO
MAX 32 OR BELOW: 0 0.01 INCH OR MORE: 6
MAX 90 OR ABOVE: 15 0.10 INCH OR MORE: 3
MIN 32 OR BELOW: 0 0.50 INCH OR MORE: 1
MIN 0 OR BELOW: 0 1.00 INCH OR MORE: 1
[HDD (BASE 65) ]
TOTAL THIS MO. 29 CLEAR (SCALE 0-3) 25
DPTR FM NORMAL -37 PTCLDY (SCALE 4-7) 3
TOTAL FM JUL 1 29 CLOUDY (SCALE 8-10) 2
DPTR FM NORMAL -40
[CDD (BASE 65) ]
TOTAL THIS MO. 232
DPTR FM NORMAL 67 [PRESSURE DATA]
TOTAL FM JAN 1 1773 HIGHEST SLP M ON M
DPTR FM NORMAL 402 LOWEST SLP 29.66 ON 9
[REMARKS]
#FINAL-09-22#