000
CXUS53 KGLD 010800
CF6HLC
PRELIMINARY LOCAL CLIMATOLOGICAL DATA (WS FORM: F-6)
STATION: HILL CITY KS
MONTH: FEBRUARY
YEAR: 2024
LATITUDE: 39 22 N
LONGITUDE: 99 50 W
TEMPERATURE IN F: :PCPN: SNOW: WIND :SUNSHINE: SKY :PK WND
================================================================================
1 2 3 4 5 6A 6B 7 8 9 10 11 12 13 14 15 16 17 18
12Z AVG MX 2MIN
DY MAX MIN AVG DEP HDD CDD WTR SNW DPTH SPD SPD DIR MIN PSBL S-S WX SPD DR
================================================================================
1 58 32 45 14 20 0 0.00 M M 4.3 12 200 M M 1 16 200
2 51 31 41 10 24 0 0.60 M M 6.1 21 220 M M 8 1238 27 210
3 53 46 50 19 15 0 0.73 M M 12.4 23 90 M M 10 12 28 90
4 47 37 42 11 23 0 0.27 M M 12.2 22 10 M M 9 1 27 70
5 53 33 43 12 22 0 0.00 M M 4.3 12 140 M M 8 12 15 130
6 57 33 45 14 20 0 0.00 M M 8.4 25 190 M M 1 12 41 190
7 57 48 53 22 12 0 0.00 M M 17.7 29 180 M M 2 42 170
8 59 32 46 15 19 0 0.00 M M 9.2 24 320 M M 1 35 310
9 49 30 40 8 25 0 0.00 M M 8.4 16 20 M M 4 22 20
10 33 25 29 -3 36 0 0.00 M M 7.8 15 50 M M 6 19 20
11 46 25 36 4 29 0 0.00 M M 7.2 16 350 M M 5 20 340
12 55 22 39 7 26 0 0.00 M M 7.3 14 260 M M 0 18 200
13 61 28 45 13 20 0 0.00 M M 7.2 17 300 M M 0 24 310
14 65 22 44 11 21 0 0.00 M M 7.1 28 350 M M 1 39 340
15 42 28 35 2 30 0 T M M 10.1 18 360 M M 4 24 120
16 33 18 26 -7 39 0 T M M 13.0 22 30 M M 10 1 29 40
17 36 10 23 -10 42 0 0.00 M M 10.2 18 280 M M 1 24 270
18 56 19 38 4 27 0 0.00 M M 6.3 13 270 M M 0 17 260
19 62 26 44 10 21 0 0.00 M M 8.6 26 330 M M 1 35 330
20 72 26 49 15 16 0 0.00 M M 6.8 20 180 M M 0 26 200
21 66 28 47 13 18 0 0.00 M M 5.6 24 230 M M 1 31 240
22 64 36 50 15 15 0 0.00 M M 15.4 28 350 M M 0 36 360
23 63 34 49 14 16 0 0.00 M M 13.8 28 330 M M 0 42 310
24 69 29 49 13 16 0 0.00 M M 8.6 23 250 M M 0 33 260
25 76 30 53 17 12 0 0.00 M M 6.1 18 260 M M 0 24 260
26 79 32 56 20 9 0 0.00 M M 6.9 17 280 M M 0 25 270
27 47 17 32 -5 33 0 T M M 17.6 37 350 M M 3 8 49 350
28 52 9 31 -6 34 0 0.00 M M 8.1 18 250 M M 0 32 230
29 62 30 46 9 19 0 0.00 M M 16.2 29 210 M M 0 43 190
================================================================================
SM 1623 816 659 0 1.60 M 272.9 M 76
================================================================================
AV 56.0 28.1 9.4 FASTST M M 3 MAX(MPH)
MISC ----> 37 350 49 350
================================================================================
NOTES:
# LAST OF SEVERAL OCCURRENCES
COLUMN 17 PEAK WIND IN M.P.H.
PRELIMINARY LOCAL CLIMATOLOGICAL DATA (WS FORM: F-6) , PAGE 2
STATION: HILL CITY KS
MONTH: FEBRUARY
YEAR: 2024
LATITUDE: 39 22 N
LONGITUDE: 99 50 W
[TEMPERATURE DATA] [PRECIPITATION DATA] SYMBOLS USED IN COLUMN 16
AVERAGE MONTHLY: 42.1 TOTAL FOR MONTH: 1.60 1 = FOG OR MIST
DPTR FM NORMAL: 9.0 DPTR FM NORMAL: 1.15 2 = FOG REDUCING VISIBILITY
HIGHEST: 79 ON 26 GRTST 24HR 1.14 ON 2- 3 TO 1/4 MILE OR LESS
LOWEST: 9 ON 28 3 = THUNDER
SNOW, ICE PELLETS, HAIL 4 = ICE PELLETS
TOTAL MONTH: M 5 = HAIL
GRTST 24HR M ON M 6 = FREEZING RAIN OR DRIZZLE
GRTST DEPTH: M ON M 7 = DUSTSTORM OR SANDSTORM:
VSBY 1/2 MILE OR LESS
8 = SMOKE OR HAZE
[NO. OF DAYS WITH] [WEATHER - DAYS WITH] 9 = BLOWING SNOW
X = TORNADO
MAX 32 OR BELOW: 0 0.01 INCH OR MORE: 3
MAX 90 OR ABOVE: 0 0.10 INCH OR MORE: 3
MIN 32 OR BELOW: 22 0.50 INCH OR MORE: 2
MIN 0 OR BELOW: 0 1.00 INCH OR MORE: 0
[HDD (BASE 65) ]
TOTAL THIS MO. 659 CLEAR (SCALE 0-3) 20
DPTR FM NORMAL -234 PTCLDY (SCALE 4-7) 6
TOTAL FM JUL 1 3622 CLOUDY (SCALE 8-10) 3
DPTR FM NORMAL -585
[CDD (BASE 65) ]
TOTAL THIS MO. 0
DPTR FM NORMAL 0 [PRESSURE DATA]
TOTAL FM JAN 1 0 HIGHEST SLP M ON M
DPTR FM NORMAL 0 LOWEST SLP 29.34 ON 27
[REMARKS]
#FINAL-02-24#