000
CXUS53 KGLD 031354
CF6HLC
PRELIMINARY LOCAL CLIMATOLOGICAL DATA (WS FORM: F-6)
STATION: HILL CITY KS
MONTH: MARCH
YEAR: 2024
LATITUDE: 39 22 N
LONGITUDE: 99 50 W
TEMPERATURE IN F: :PCPN: SNOW: WIND :SUNSHINE: SKY :PK WND
================================================================================
1 2 3 4 5 6A 6B 7 8 9 10 11 12 13 14 15 16 17 18
12Z AVG MX 2MIN
DY MAX MIN AVG DEP HDD CDD WTR SNW DPTH SPD SPD DIR MIN PSBL S-S WX SPD DR
================================================================================
1 66 29 48 11 17 0 0.00 M M 9.5 17 210 M M 1 18 27 160
2 82 28 55 17 10 0 0.00 M M 8.2 22 210 M M 3 128 33 210
3 67 37 52 14 13 0 0.00 M M 11.2 25 300 M M 0 36 320
4 61 31 46 8 19 0 0.00 M M 15.6 27 20 M M 0 37 10
5 55 24 40 1 25 0 0.00 M M 7.0 20 20 M M 0 24 20
6 63 29 46 7 19 0 0.00 M M 7.8 20 150 M M 3 31 140
7 47 34 41 1 24 0 0.02 M M 14.6 28 360 M M 8 12 34 360
8 35 27 31 -9 34 0 T M M 17.5 28 350 M M 10 18 38 360
9 55 22 39 -1 26 0 0.00 M M 5.4 14 300 M M 0 20 290
10 73 21 47 6 18 0 0.00 M M 5.4 15 210 M M 0 23 190
11 77 38 58 17 7 0 0.00 M M 11.6 25 190 M M 0 35 180
12 72 33 53 11 12 0 0.00 M M 8.7 25 340 M M 0 33 350
13 68 38 53 11 12 0 T M M 13.5 31 20 M M 2 3 41 20
14 51 44 48 6 17 0 0.01 M M 15.0 25 350 M M 8 1 32 10
15 57 37 47 4 18 0 0.00 M M 10.7 20 10 M M 3 18 30
16 63 33 48 5 17 0 0.00 M M 9.3 23 360 M M 0 29 40
17 53 28 41 -3 24 0 0.00 M M 11.6 25 360 M M 2 33 360
18 59 17 38 -6 27 0 0.00 M M 5.8 14 230 M M 1 20 230
19 72 36 54 10 11 0 0.00 M M 8.4 17 40 M M 0 23 250
20 57 36 47 2 18 0 0.00 M M 11.6 21 70 M M 1 33 80
21 M M M M M M 0.00 M M M M M M M 1 M M
22 M M M M M M 0.00 M M M M M M M 0 M M
23 M M M M M M 0.00 M M M M M M M 0 M M
24 M M M M M M 0.63 M M M M M M M 0 M M
25 M M M M M M 0.08 M M M M M M M 0 M M
26 M M M M M M 0.00 M M M M M M M 0 M M
27 56 41 49 2 16 0 0.00 M M 9.4 20 210 M M 1 26 180
28 71 32 52 5 13 0 0.00 M M 11.8 28 210 M M 0 37 220
29 70 38 54 6 11 0 0.00 M M 11.3 24 30 M M 0 35 360
30 58 33 46 -2 19 0 0.00 M M 7.7 15 100 M M 1 22 100
31 66 38 52 4 13 0 0.00 M M 12.0 22 80 M M 4 29 70
================================================================================
SM 1554 804 440 0 0.74 M 260.6 M 49
================================================================================
AV 62.2 32.2 10.4 FASTST M M 2 MAX(MPH)
MISC ----> 31 20 41 20
================================================================================
NOTES:
# LAST OF SEVERAL OCCURRENCES
COLUMN 17 PEAK WIND IN M.P.H.
PRELIMINARY LOCAL CLIMATOLOGICAL DATA (WS FORM: F-6) , PAGE 2
STATION: HILL CITY KS
MONTH: MARCH
YEAR: 2024
LATITUDE: 39 22 N
LONGITUDE: 99 50 W
[TEMPERATURE DATA] [PRECIPITATION DATA] SYMBOLS USED IN COLUMN 16
AVERAGE MONTHLY: 47.2 TOTAL FOR MONTH: 0.74 1 = FOG OR MIST
DPTR FM NORMAL: 4.2 DPTR FM NORMAL: -0.34 2 = FOG REDUCING VISIBILITY
HIGHEST: 82 ON 2 GRTST 24HR 0.63 ON 24-24 TO 1/4 MILE OR LESS
LOWEST: 17 ON 18 3 = THUNDER
SNOW, ICE PELLETS, HAIL 4 = ICE PELLETS
TOTAL MONTH: M 5 = HAIL
GRTST 24HR M ON M 6 = FREEZING RAIN OR DRIZZLE
GRTST DEPTH: M ON M 7 = DUSTSTORM OR SANDSTORM:
VSBY 1/2 MILE OR LESS
8 = SMOKE OR HAZE
[NO. OF DAYS WITH] [WEATHER - DAYS WITH] 9 = BLOWING SNOW
X = TORNADO
MAX 32 OR BELOW: 0 0.01 INCH OR MORE: 4
MAX 90 OR ABOVE: 0 0.10 INCH OR MORE: 1
MIN 32 OR BELOW: 11 0.50 INCH OR MORE: 1
MIN 0 OR BELOW: 0 1.00 INCH OR MORE: 0
[HDD (BASE 65) ]
TOTAL THIS MO. 440 CLEAR (SCALE 0-3) 27
DPTR FM NORMAL -241 PTCLDY (SCALE 4-7) 2
TOTAL FM JUL 1 4062 CLOUDY (SCALE 8-10) 2
DPTR FM NORMAL -770
[CDD (BASE 65) ]
TOTAL THIS MO. 0
DPTR FM NORMAL -1 [PRESSURE DATA]
TOTAL FM JAN 1 0 HIGHEST SLP 30.43 ON 18
DPTR FM NORMAL -1 LOWEST SLP 29.34 ON 3
[REMARKS]
#FINAL-03-24#