000
CXUS53 KGLD 010819
CF6HLC
PRELIMINARY LOCAL CLIMATOLOGICAL DATA (WS FORM: F-6)
STATION: HILL CITY KS
MONTH: JUNE
YEAR: 2022
LATITUDE: 39 22 N
LONGITUDE: 99 50 W
TEMPERATURE IN F: :PCPN: SNOW: WIND :SUNSHINE: SKY :PK WND
================================================================================
1 2 3 4 5 6A 6B 7 8 9 10 11 12 13 14 15 16 17 18
12Z AVG MX 2MIN
DY MAX MIN AVG DEP HDD CDD WTR SNW DPTH SPD SPD DIR MIN PSBL S-S WX SPD DR
================================================================================
1 70 49 60 -9 5 0 0.00 M M 9.5 23 20 M M 3 8 32 40
2 79 44 62 -8 3 0 0.00 M M 5.7 15 190 M M 1 23 190
3 83 49 66 -4 0 1 T M M 11.5 23 180 M M 3 3 33 160
4 89 59 74 3 0 9 0.01 M M 10.1 25 50 M M 4 3 35 150
5 84 58 71 0 0 6 T M M 8.5 23 120 M M 4 3 31 120
6 90 59 75 4 0 10 T M M 7.7 21 230 M M 1 3 31 270
7 91 60 76 4 0 11 T M M 7.2 30 350 M M 2 123 40 340
8 82 60 71 -1 0 6 0.03 M M 9.5 20 360 M M 2 29 340
9 81 56 69 -3 0 4 1.01 M M 9.7 22 90 M M 6 13 33 150
10 86 64 75 2 0 10 0.22 M M 5.6 16 170 M M 3 13 24 180
11 103 66 85 12 0 20 0.00 M M 7.3 20 300 M M 0 1 31 320
12 96 72 84 11 0 19 0.13 M M 10.8 33 290 M M 1 3 48 270
13 108 76 92 18 0 27 0.00 M M 20.3 31 180 M M 0 49 170
14 92 71 82 8 0 17 0.00 M M 13.0 31 190 M M 1 51 190
15 87 63 75 1 0 10 0.00 M M 15.3 30 10 M M 1 40 30
16 98 63 81 6 0 16 T M M 7.8 36 250 M M 0 3 52 250
17 105 63 84 9 0 19 0.00 M M 10.2 23 190 M M 0 37 180
18 101 74 88 13 0 23 0.00 M M 15.5 28 170 M M 0 40 170
19 101 76 89 14 0 24 0.00 M M 18.3 32 190 M M 0 49 180
20 103 76 90 14 0 25 0.00 M M 17.0 30 200 M M 1 46 230
21 90 69 80 4 0 15 0.01 M M 10.4 20 350 M M 2 3 26 350
22 85 66 76 0 0 11 T M M 7.4 16 180 M M 5 8 22 170
23 99 70 85 9 0 20 0.17 M M 9.8 20 100 M M 4 1 35 100
24 100 69 85 8 0 20 0.12 M M 12.2 26 110 M M 0 1 37 120
25 84 64 74 -3 0 9 T M M 14.7 36 360 M M 4 46 350
26 80 53 67 -10 0 2 0.00 M M 7.8 21 40 M M 1 26 50
27 84 53 69 -9 0 4 0.00 M M 7.9 21 200 M M 1 29 200
28 96 53 75 -3 0 10 0.00 M M 10.1 22 220 M M 0 30 220
29 100 67 84 6 0 19 0.00 M M 15.6 28 170 M M 0 42 170
30 104 69 87 9 0 22 T M M 10.3 21 220 M M 1 3 31 250
================================================================================
SM 2751 1891 8 389 1.70 M 326.7 M 51
================================================================================
AV 91.7 63.0 10.9 FASTST M M 2 MAX(MPH)
MISC ----> # 36 250 52 250
================================================================================
NOTES:
# LAST OF SEVERAL OCCURRENCES
COLUMN 17 PEAK WIND IN M.P.H.
PRELIMINARY LOCAL CLIMATOLOGICAL DATA (WS FORM: F-6) , PAGE 2
STATION: HILL CITY KS
MONTH: JUNE
YEAR: 2022
LATITUDE: 39 22 N
LONGITUDE: 99 50 W
[TEMPERATURE DATA] [PRECIPITATION DATA] SYMBOLS USED IN COLUMN 16
AVERAGE MONTHLY: 77.4 TOTAL FOR MONTH: 1.70 1 = FOG OR MIST
DPTR FM NORMAL: 3.2 DPTR FM NORMAL: -1.09 2 = FOG REDUCING VISIBILITY
HIGHEST: 108 ON 13 GRTST 24HR 1.23 ON 9-10 TO 1/4 MILE OR LESS
LOWEST: 44 ON 2 3 = THUNDER
SNOW, ICE PELLETS, HAIL 4 = ICE PELLETS
TOTAL MONTH: M 5 = HAIL
GRTST 24HR M ON M 6 = FREEZING RAIN OR DRIZZLE
GRTST DEPTH: M ON M 7 = DUSTSTORM OR SANDSTORM:
VSBY 1/2 MILE OR LESS
8 = SMOKE OR HAZE
[NO. OF DAYS WITH] [WEATHER - DAYS WITH] 9 = BLOWING SNOW
X = TORNADO
MAX 32 OR BELOW: 0 0.01 INCH OR MORE: 8
MAX 90 OR ABOVE: 17 0.10 INCH OR MORE: 5
MIN 32 OR BELOW: 0 0.50 INCH OR MORE: 1
MIN 0 OR BELOW: 0 1.00 INCH OR MORE: 1
[HDD (BASE 65) ]
TOTAL THIS MO. 8 CLEAR (SCALE 0-3) 24
DPTR FM NORMAL -6 PTCLDY (SCALE 4-7) 6
TOTAL FM JUL 1 4864 CLOUDY (SCALE 8-10) 0
DPTR FM NORMAL -522
[CDD (BASE 65) ]
TOTAL THIS MO. 389
DPTR FM NORMAL 99 [PRESSURE DATA]
TOTAL FM JAN 1 549 HIGHEST SLP 30.44 ON 26
DPTR FM NORMAL 168 LOWEST SLP 29.40 ON 13
[REMARKS]
#FINAL-06-22#