000
CXUS53 KGLD 010800
CF6HLC
PRELIMINARY LOCAL CLIMATOLOGICAL DATA (WS FORM: F-6)
STATION: HILL CITY KS
MONTH: APRIL
YEAR: 2022
LATITUDE: 39 22 N
LONGITUDE: 99 50 W
TEMPERATURE IN F: :PCPN: SNOW: WIND :SUNSHINE: SKY :PK WND
================================================================================
1 2 3 4 5 6A 6B 7 8 9 10 11 12 13 14 15 16 17 18
12Z AVG MX 2MIN
DY MAX MIN AVG DEP HDD CDD WTR SNW DPTH SPD SPD DIR MIN PSBL S-S WX SPD DR
================================================================================
1 65 26 46 -2 19 0 0.00 M M 11.1 25 320 M M 3 35 310
2 66 26 46 -3 19 0 0.00 M M 8.4 16 170 M M 0 23 170
3 68 41 55 6 10 0 0.00 M M 11.0 29 10 M M 1 42 360
4 66 37 52 3 13 0 0.00 M M 9.9 20 170 M M 1 31 180
5 73 40 57 8 8 0 0.00 M M 14.6 38 350 M M 3 56 340
6 57 37 47 -3 18 0 0.00 M M 21.5 43 330 M M 3 63 330
7 57 37 47 -3 18 0 0.00 M M 24.6 45 340 M M 4 64 340
8 61 25 43 -7 22 0 0.00 M M 14.1 33 340 M M 0 47 330
9 84 23 54 4 11 0 0.00 M M 9.7 22 150 M M 0 30 150
10 67 44 56 5 9 0 0.00 M M 16.1 31 340 M M 1 45 330
11 69 37 53 2 12 0 0.00 M M 10.9 23 150 M M 3 32 160
12 92 46 69 18 0 4 0.00 M M 22.9 39 330 M M 2 53 350
13 53 26 40 -11 25 0 0.00 M M 14.2 33 350 M M 2 43 350
14 67 22 45 -7 20 0 0.00 M M 9.8 25 240 M M 0 8 37 290
15 54 31 43 -9 22 0 0.00 M M 12.5 22 50 M M 0 28 30
16 54 26 40 -12 25 0 0.00 M M 11.1 20 100 M M 2 26 110
17 73 42 58 6 7 0 0.00 M M 9.4 25 20 M M 5 33 30
18 59 38 49 -4 16 0 0.00 M M 7.7 26 40 M M 4 36 40
19 69 35 52 -1 13 0 0.00 M M 17.7 33 170 M M 3 50 170
20 77 43 60 7 5 0 0.00 M M 10.9 30 350 M M 2 40 350
21 80 38 59 5 6 0 T M M 11.2 29 110 M M 4 1 41 120
22 91 64 78 24 0 13 0.01 M M 26.3 46 160 M M 1 38 73 160
23 74 46 60 6 5 0 0.25 M M 17.1 40 170 M M 2 13 62 170
24 67 38 53 -1 12 0 0.00 M M 16.6 29 340 M M 0 44 310
25 66 33 50 -5 15 0 0.00 M M 9.0 21 360 M M 0 30 360
26 76 33 55 0 10 0 0.00 M M 13.6 30 200 M M 0 49 160
27 86 53 70 15 0 5 0.00 M M 11.5 24 190 M M 0 37 190
28 87 51 69 13 0 4 0.00 M M 10.7 23 160 M M 1 33 150
29 86 51 69 13 0 4 0.06 M M 14.1 46 340 M M 5 38 67 350
30 69 44 57 1 8 0 0.03 M M 21.1 38 330 M M 2 1 57 320
================================================================================
SM 2113 1133 348 30 0.35 M 419.3 M 54
================================================================================
AV 70.4 37.8 14.0 FASTST M M 2 MAX(MPH)
MISC ----> # 46 160 73 160
================================================================================
NOTES:
# LAST OF SEVERAL OCCURRENCES
COLUMN 17 PEAK WIND IN M.P.H.
PRELIMINARY LOCAL CLIMATOLOGICAL DATA (WS FORM: F-6) , PAGE 2
STATION: HILL CITY KS
MONTH: APRIL
YEAR: 2022
LATITUDE: 39 22 N
LONGITUDE: 99 50 W
[TEMPERATURE DATA] [PRECIPITATION DATA] SYMBOLS USED IN COLUMN 16
AVERAGE MONTHLY: 54.1 TOTAL FOR MONTH: 0.35 1 = FOG OR MIST
DPTR FM NORMAL: 2.0 DPTR FM NORMAL: -1.62 2 = FOG REDUCING VISIBILITY
HIGHEST: 92 ON 12 GRTST 24HR 0.26 ON 22-23 TO 1/4 MILE OR LESS
LOWEST: 22 ON 14 3 = THUNDER
SNOW, ICE PELLETS, HAIL 4 = ICE PELLETS
TOTAL MONTH: M 5 = HAIL
GRTST 24HR M ON M 6 = FREEZING RAIN OR DRIZZLE
GRTST DEPTH: M ON M 7 = DUSTSTORM OR SANDSTORM:
VSBY 1/2 MILE OR LESS
8 = SMOKE OR HAZE
[NO. OF DAYS WITH] [WEATHER - DAYS WITH] 9 = BLOWING SNOW
X = TORNADO
MAX 32 OR BELOW: 0 0.01 INCH OR MORE: 4
MAX 90 OR ABOVE: 2 0.10 INCH OR MORE: 1
MIN 32 OR BELOW: 8 0.50 INCH OR MORE: 0
MIN 0 OR BELOW: 0 1.00 INCH OR MORE: 0
[HDD (BASE 65) ]
TOTAL THIS MO. 348 CLEAR (SCALE 0-3) 25
DPTR FM NORMAL -48 PTCLDY (SCALE 4-7) 5
TOTAL FM JUL 1 4700 CLOUDY (SCALE 8-10) 0
DPTR FM NORMAL -529
[CDD (BASE 65) ]
TOTAL THIS MO. 30
DPTR FM NORMAL 21 [PRESSURE DATA]
TOTAL FM JAN 1 30 HIGHEST SLP M ON M
DPTR FM NORMAL 20 LOWEST SLP 29.13 ON 12
[REMARKS]
#FINAL-04-22#