000
CXUS53 KGLD 010800
CF6HLC
PRELIMINARY LOCAL CLIMATOLOGICAL DATA (WS FORM: F-6)
STATION: HILL CITY KS
MONTH: DECEMBER
YEAR: 2021
LATITUDE: 39 22 N
LONGITUDE: 99 50 W
TEMPERATURE IN F: :PCPN: SNOW: WIND :SUNSHINE: SKY :PK WND
================================================================================
1 2 3 4 5 6A 6B 7 8 9 10 11 12 13 14 15 16 17 18
12Z AVG MX 2MIN
DY MAX MIN AVG DEP HDD CDD WTR SNW DPTH SPD SPD DIR MIN PSBL S-S WX SPD DR
================================================================================
1 74 34 54 19 11 0 0.00 M M 8.8 21 240 M M 0 30 230
2 80 43 62 27 3 0 0.00 M M 7.2 15 270 M M 0 8 19 270
3 64 31 48 14 17 0 0.00 M M 11.6 28 20 M M 0 36 10
4 51 22 37 3 28 0 0.00 M M 5.3 13 80 M M 0 18 16 130
5 59 29 44 10 21 0 0.00 M M 12.4 33 350 M M 0 8 47 360
6 34 19 27 -6 38 0 0.00 M M 8.7 17 170 M M 0 25 170
7 41 19 30 -3 35 0 0.00 M M 3.9 15 170 M M 0 25 180
8 61 19 40 7 25 0 0.00 M M 8.2 21 180 M M 0 29 170
9 61 28 45 13 20 0 0.00 M M 10.9 24 330 M M 0 35 340
10 45 28 37 5 28 0 T M M 15.5 25 350 M M 4 18 34 340
11 50 17 34 2 31 0 0.00 M M 10.3 21 230 M M 1 30 240
12 60 19 40 8 25 0 0.00 M M 6.7 16 180 M M 0 23 180
13 58 21 40 8 25 0 0.00 M M 5.2 16 70 M M 0 8 21 90
14 61 24 43 12 22 0 0.00 M M 5.1 13 150 M M 0 20 240
15 71 30 51 20 14 0 0.04 M M 19.8 54 280 M M 2 8 82 280
16 48 19 34 3 31 0 0.00 M M 7.1 16 160 M M 0 25 160
17 51 25 38 7 27 0 0.00 M M 10.1 25 340 M M 0 35 360
18 33 7 20 -11 45 0 0.00 M M 8.6 24 340 M M 1 33 340
19 52 10 31 1 34 0 0.00 M M 7.0 16 200 M M 0 24 190
20 40 12 26 -4 39 0 0.00 M M 8.5 21 20 M M 0 29 360
21 48 12 30 0 35 0 0.00 M M 4.8 15 30 M M 0 23 350
22 63 24 44 14 21 0 0.00 M M 5.8 12 270 M M 0 17 240
23 66 26 46 16 19 0 0.00 M M 4.7 12 170 M M 0 17 170
24 67 33 50 20 15 0 0.00 M M 9.0 17 360 M M 0 24 360
25 61 19 40 10 25 0 0.00 M M 3.9 14 340 M M 0 19 340
26 73 24 49 19 16 0 0.00 M M 10.9 32 320 M M 1 45 330
27 43 21 32 2 33 0 0.00 M M 8.6 16 160 M M 0 28 150
28 41 11 26 -4 39 0 0.00 M M 11.4 37 340 M M 0 51 340
29 32 9 21 -9 44 0 0.00 M M 3.0 10 70 M M 1 14 90
30 52 5 29 -1 36 0 0.00 M M 5.8 14 240 M M 0 21 230
31 42 11 27 -3 38 0 T M M 14.0 26 30 M M 3 1 39 20
================================================================================
SM 1682 651 840 0 0.04 M 262.8 M 13
================================================================================
AV 54.3 21.0 8.5 FASTST M M 0 MAX(MPH)
MISC ----> 54 280 82 280
================================================================================
NOTES:
# LAST OF SEVERAL OCCURRENCES
COLUMN 17 PEAK WIND IN M.P.H.
PRELIMINARY LOCAL CLIMATOLOGICAL DATA (WS FORM: F-6) , PAGE 2
STATION: HILL CITY KS
MONTH: DECEMBER
YEAR: 2021
LATITUDE: 39 22 N
LONGITUDE: 99 50 W
[TEMPERATURE DATA] [PRECIPITATION DATA] SYMBOLS USED IN COLUMN 16
AVERAGE MONTHLY: 37.6 TOTAL FOR MONTH: 0.04 1 = FOG OR MIST
DPTR FM NORMAL: 6.2 DPTR FM NORMAL: -0.62 2 = FOG REDUCING VISIBILITY
HIGHEST: 80 ON 2 GRTST 24HR 0.04 ON 15-15 TO 1/4 MILE OR LESS
LOWEST: 5 ON 30 3 = THUNDER
SNOW, ICE PELLETS, HAIL 4 = ICE PELLETS
TOTAL MONTH: M 5 = HAIL
GRTST 24HR M ON M 6 = FREEZING RAIN OR DRIZZLE
GRTST DEPTH: M ON M 7 = DUSTSTORM OR SANDSTORM:
VSBY 1/2 MILE OR LESS
8 = SMOKE OR HAZE
[NO. OF DAYS WITH] [WEATHER - DAYS WITH] 9 = BLOWING SNOW
X = TORNADO
MAX 32 OR BELOW: 1 0.01 INCH OR MORE: 1
MAX 90 OR ABOVE: 0 0.10 INCH OR MORE: 0
MIN 32 OR BELOW: 28 0.50 INCH OR MORE: 0
MIN 0 OR BELOW: 0 1.00 INCH OR MORE: 0
[HDD (BASE 65) ]
TOTAL THIS MO. 840 CLEAR (SCALE 0-3) 30
DPTR FM NORMAL -200 PTCLDY (SCALE 4-7) 1
TOTAL FM JUL 1 1652 CLOUDY (SCALE 8-10) 0
DPTR FM NORMAL -519
[CDD (BASE 65) ]
TOTAL THIS MO. 0
DPTR FM NORMAL 0 [PRESSURE DATA]
TOTAL FM JAN 1 1630 HIGHEST SLP M ON M
DPTR FM NORMAL 237 LOWEST SLP 29.19 ON 15
[REMARKS]
#FINAL-12-21#