000
CXUS53 KGLD 010800
CF6HLC
PRELIMINARY LOCAL CLIMATOLOGICAL DATA (WS FORM: F-6)
STATION: HILL CITY KS
MONTH: JULY
YEAR: 2021
LATITUDE: 39 22 N
LONGITUDE: 99 50 W
TEMPERATURE IN F: :PCPN: SNOW: WIND :SUNSHINE: SKY :PK WND
================================================================================
1 2 3 4 5 6A 6B 7 8 9 10 11 12 13 14 15 16 17 18
12Z AVG MX 2MIN
DY MAX MIN AVG DEP HDD CDD WTR SNW DPTH SPD SPD DIR MIN PSBL S-S WX SPD DR
================================================================================
1 85 66 76 -2 0 11 T M M 5.6 15 70 M M 4 8 21 90
2 88 60 74 -4 0 9 0.00 M M 4.4 13 130 M M 1 21 160
3 90 67 79 0 0 14 0.00 M M 9.5 20 170 M M 3 27 150
4 94 69 82 3 0 17 0.00 M M 6.1 15 160 M M 2 3 21 200
5 94 69 82 3 0 17 0.00 M M 7.5 16 150 M M 3 29 130
6 91 68 80 1 0 15 0.13 M M 5.7 24 290 M M 2 3 36 290
7 88 65 77 -2 0 12 T M M 7.6 16 360 M M 3 1 21 360
8 97 62 80 0 0 15 0.00 M M 10.6 23 180 M M 0 35 190
9 105 74 90 10 0 25 T M M 10.1 28 20 M M 1 3 37 20
10 91 66 79 -1 0 14 T M M 14.1 45 10 M M 1 8 58 10
11 83 59 71 -9 0 6 0.00 M M 9.5 18 10 M M 3 25 10
12 91 53 72 -8 0 7 0.00 M M 3.8 10 120 M M 0 15 130
13 99 62 81 1 0 16 0.00 M M 7.4 22 150 M M 1 8 32 150
14 95 72 84 4 0 19 0.02 M M 10.2 21 220 M M 3 35 200
15 87 68 78 -2 0 13 0.00 M M 6.9 15 60 M M 6 18 20 50
16 92 69 81 1 0 16 0.00 M M 7.1 12 100 M M 6 128 17 120
17 93 67 80 0 0 15 T M M 9.1 29 10 M M 2 39 10
18 83 66 75 -5 0 10 0.52 M M 6.9 22 80 M M 4 123 31 70
19 86 65 76 -4 0 11 0.00 M M 5.5 14 100 M M 4 18 18 90
20 85 58 72 -8 0 7 0.00 M M 4.6 14 140 M M 1 18 20 130
21 88 65 77 -3 0 12 0.00 M M 10.9 21 160 M M 1 8 28 160
22 94 66 80 0 0 15 0.00 M M 10.5 21 170 M M 0 8 30 160
23 97 68 83 3 0 18 0.00 M M 10.7 20 190 M M 0 28 220
24 100 73 87 7 0 22 0.01 M M 9.3 20 180 M M 2 3 33 200
25 86 69 78 -2 0 13 0.12 M M 9.1 28 90 M M 2 13 40 90
26 94 64 79 -1 0 14 0.00 M M 6.0 17 130 M M 0 1 25 130
27 96 67 82 2 0 17 0.00 M M 6.7 15 140 M M 1 24 170
28 100 75 88 8 0 23 0.00 M M 9.2 20 170 M M 0 30 160
29 100 71 86 6 0 21 0.00 M M 7.1 15 120 M M 0 30 150
30 98 70 84 4 0 19 0.00 M M 7.3 17 160 M M 2 8 24 180
31 84 71 78 -2 0 13 0.00 M M 10.7 20 30 M M 3 18 29 10
================================================================================
SM 2854 2064 0 456 0.80 M 249.7 M 61
================================================================================
AV 92.1 66.6 8.1 FASTST M M 2 MAX(MPH)
MISC ----> 45 10 58 10
================================================================================
NOTES:
# LAST OF SEVERAL OCCURRENCES
COLUMN 17 PEAK WIND IN M.P.H.
PRELIMINARY LOCAL CLIMATOLOGICAL DATA (WS FORM: F-6) , PAGE 2
STATION: HILL CITY KS
MONTH: JULY
YEAR: 2021
LATITUDE: 39 22 N
LONGITUDE: 99 50 W
[TEMPERATURE DATA] [PRECIPITATION DATA] SYMBOLS USED IN COLUMN 16
AVERAGE MONTHLY: 79.3 TOTAL FOR MONTH: 0.80 1 = FOG OR MIST
DPTR FM NORMAL: -0.4 DPTR FM NORMAL: -2.81 2 = FOG REDUCING VISIBILITY
HIGHEST: 105 ON 9 GRTST 24HR 0.52 ON 18-18 TO 1/4 MILE OR LESS
LOWEST: 53 ON 12 3 = THUNDER
SNOW, ICE PELLETS, HAIL 4 = ICE PELLETS
TOTAL MONTH: M 5 = HAIL
GRTST 24HR M ON M 6 = FREEZING RAIN OR DRIZZLE
GRTST DEPTH: M ON M 7 = DUSTSTORM OR SANDSTORM:
VSBY 1/2 MILE OR LESS
8 = SMOKE OR HAZE
[NO. OF DAYS WITH] [WEATHER - DAYS WITH] 9 = BLOWING SNOW
X = TORNADO
MAX 32 OR BELOW: 0 0.01 INCH OR MORE: 5
MAX 90 OR ABOVE: 20 0.10 INCH OR MORE: 3
MIN 32 OR BELOW: 0 0.50 INCH OR MORE: 1
MIN 0 OR BELOW: 0 1.00 INCH OR MORE: 0
[HDD (BASE 65) ]
TOTAL THIS MO. 0 CLEAR (SCALE 0-3) 25
DPTR FM NORMAL -1 PTCLDY (SCALE 4-7) 6
TOTAL FM JUL 1 0 CLOUDY (SCALE 8-10) 0
DPTR FM NORMAL 0
[CDD (BASE 65) ]
TOTAL THIS MO. 456
DPTR FM NORMAL -1 [PRESSURE DATA]
TOTAL FM JAN 1 907 HIGHEST SLP M ON M
DPTR FM NORMAL 69 LOWEST SLP 29.70 ON 9
[REMARKS]
#FINAL-07-21#