000
CXUS53 KGLD 010800
CF6HLC
PRELIMINARY LOCAL CLIMATOLOGICAL DATA (WS FORM: F-6)
STATION: HILL CITY KS
MONTH: MARCH
YEAR: 2021
LATITUDE: 39 22 N
LONGITUDE: 99 50 W
TEMPERATURE IN F: :PCPN: SNOW: WIND :SUNSHINE: SKY :PK WND
================================================================================
1 2 3 4 5 6A 6B 7 8 9 10 11 12 13 14 15 16 17 18
12Z AVG MX 2MIN
DY MAX MIN AVG DEP HDD CDD WTR SNW DPTH SPD SPD DIR MIN PSBL S-S WX SPD DR
================================================================================
1 55 17 36 -1 29 0 0.00 M M 6.2 17 340 M M 0 23 340
2 71 22 47 10 18 0 0.00 M M 8.3 21 210 M M 0 29 240
3 72 22 47 9 18 0 0.00 M M 6.1 16 70 M M 0 8 23 60
4 69 21 45 7 20 0 0.14 M M 8.1 24 130 M M 3 1 34 140
5 66 34 50 12 15 0 0.01 M M 6.4 14 350 M M 1 18 17 350
6 71 28 50 11 15 0 0.00 M M 11.1 22 170 M M 0 1 37 170
7 73 45 59 20 6 0 0.00 M M 14.6 23 200 M M 0 35 240
8 73 35 54 15 11 0 0.00 M M 11.8 29 180 M M 0 40 170
9 79 45 62 22 3 0 0.00 M M 13.3 25 190 M M 0 39 200
10 64 31 48 8 17 0 0.00 M M 14.7 25 270 M M 1 35 210
11 57 23 40 0 25 0 0.00 M M 6.7 14 80 M M 1 20 20
12 45 29 37 -4 28 0 0.07 M M 10.9 21 80 M M 8 18 27 60
13 46 37 42 1 23 0 2.52 M M 15.8 30 60 M M 10 13 42 50
14 62 43 53 12 12 0 0.63 M M 17.8 36 70 M M 7 13 51 70
15 49 36 43 1 22 0 0.10 M M 10.5 22 340 M M 7 1 28 80
16 52 34 43 1 22 0 0.00 M M 8.4 21 360 M M 8 12 27 350
17 42 33 38 -4 27 0 0.00 M M 17.5 30 360 M M 4 41 350
18 48 28 38 -4 27 0 0.00 M M 12.4 25 10 M M 5 34 20
19 58 21 40 -3 25 0 0.00 M M 7.9 17 160 M M 0 18 26 160
20 70 38 54 11 11 0 0.00 M M 16.0 32 180 M M 0 48 180
21 65 48 57 14 8 0 0.00 M M 14.2 28 190 M M 0 44 190
22 49 38 44 0 21 0 0.05 M M 17.3 25 350 M M 10 1 34 50
23 44 38 41 -3 24 0 0.52 M M 25.3 36 340 M M 10 1 47 340
24 53 35 44 0 21 0 0.02 M M 13.1 24 350 M M 5 36 340
25 53 33 43 -2 22 0 0.00 M M 4.7 13 200 M M 7 1 18 230
26 69 36 53 8 12 0 T M M 10.3 22 270 M M 3 30 150
27 62 35 49 4 16 0 T M M 13.0 31 340 M M 2 1 42 350
28 73 29 51 5 14 0 0.00 M M 10.0 24 220 M M 0 36 210
29 85 42 64 18 1 0 M M M 14.9 47 350 M M 0 8 77 350
30 54 27 41 -5 24 0 0.00 M M 10.9 28 10 M M 1 38 20
31 56 19 38 -8 27 0 0.00 M M 5.5 20 350 M M 2 29 350
================================================================================
SM 1885 1002 564 0 4.06 M 363.7 M 95
================================================================================
AV 60.8 32.3 11.7 FASTST M M 3 MAX(MPH)
MISC ----> 47 350 77 350
================================================================================
NOTES:
# LAST OF SEVERAL OCCURRENCES
COLUMN 17 PEAK WIND IN M.P.H.
PRELIMINARY LOCAL CLIMATOLOGICAL DATA (WS FORM: F-6) , PAGE 2
STATION: HILL CITY KS
MONTH: MARCH
YEAR: 2021
LATITUDE: 39 22 N
LONGITUDE: 99 50 W
[TEMPERATURE DATA] [PRECIPITATION DATA] SYMBOLS USED IN COLUMN 16
AVERAGE MONTHLY: 46.6 TOTAL FOR MONTH: 4.06 1 = FOG OR MIST
DPTR FM NORMAL: 4.8 DPTR FM NORMAL: 2.43 2 = FOG REDUCING VISIBILITY
HIGHEST: 85 ON 29 GRTST 24HR 3.00 ON 13-14 TO 1/4 MILE OR LESS
LOWEST: 17 ON 1 3 = THUNDER
SNOW, ICE PELLETS, HAIL 4 = ICE PELLETS
TOTAL MONTH: M 5 = HAIL
GRTST 24HR M ON M 6 = FREEZING RAIN OR DRIZZLE
GRTST DEPTH: M ON M 7 = DUSTSTORM OR SANDSTORM:
VSBY 1/2 MILE OR LESS
8 = SMOKE OR HAZE
[NO. OF DAYS WITH] [WEATHER - DAYS WITH] 9 = BLOWING SNOW
X = TORNADO
MAX 32 OR BELOW: 0 0.01 INCH OR MORE: 9
MAX 90 OR ABOVE: 0 0.10 INCH OR MORE: 5
MIN 32 OR BELOW: 13 0.50 INCH OR MORE: 3
MIN 0 OR BELOW: 0 1.00 INCH OR MORE: 1
[HDD (BASE 65) ]
TOTAL THIS MO. 564 CLEAR (SCALE 0-3) 19
DPTR FM NORMAL -155 PTCLDY (SCALE 4-7) 9
TOTAL FM JUL 1 4735 CLOUDY (SCALE 8-10) 3
DPTR FM NORMAL -233
[CDD (BASE 65) ]
TOTAL THIS MO. 0
DPTR FM NORMAL 0 [PRESSURE DATA]
TOTAL FM JAN 1 0 HIGHEST SLP M ON M
DPTR FM NORMAL 0 LOWEST SLP 29.47 ON 10
[REMARKS]
#FINAL-03-21#