313
CXUS53 KGLD 040401
CF6HLC
PRELIMINARY LOCAL CLIMATOLOGICAL DATA (WS FORM: F-6)
STATION: HILL CITY KS
MONTH: FEBRUARY
YEAR: 2021
LATITUDE: 39 22 N
LONGITUDE: 99 50 W
TEMPERATURE IN F: :PCPN: SNOW: WIND :SUNSHINE: SKY :PK WND
================================================================================
1 2 3 4 5 6A 6B 7 8 9 10 11 12 13 14 15 16 17 18
12Z AVG MX 2MIN
DY MAX MIN AVG DEP HDD CDD WTR SNW DPTH SPD SPD DIR MIN PSBL S-S WX SPD DR
================================================================================
1 46 18 32 2 33 0 0.00 M M 5.9 10 100 M M 0 8 14 100
2 45 20 33 3 32 0 0.00 M M 3.8 10 340 M M 2 1 12 340
3 71 22 47 17 18 0 0.00 M M 6.8 32 350 M M 0 1 42 360
4 45 28 37 6 28 0 0.01 M M 13.6 32 350 M M 3 1 45 350
5 51 25 38 7 27 0 0.00 M M 10.7 21 300 M M 4 29 320
6 27 11 19 -12 46 0 T M M 12.5 23 40 M M 9 8 29 40
7 15 6 11 -20 54 0 T M M 11.6 17 110 M M 10 18 23 110
8 9 5 7 -24 58 0 T M M 8.6 13 20 M M 10 18 16 350
9 14 4 9 -22 56 0 T M M 6.9 12 90 M M 10 8 14 80
10 17 2 10 -22 55 0 0.00 M M 9.5 17 50 M M 6 24 50
11 19 0 10 -22 55 0 0.00 M M 8.2 20 30 M M 1 24 10
12 6 -1 3 -29 62 0 T M M 10.7 16 50 M M 8 8 20 60
13 9 -3 3 -29 62 0 0.21 M M 8.7 14 50 M M 8 8 20 70
14 2 -14 -6 -38 71 0 T M M 10.4 20 20 M M 7 8 24 10
15 2 -21 -9 -42 74 0 0.00 M M 4.5 9 90 M M 2 14 60
16 14 -19 -2 -35 67 0 0.00 M M 10.2 17 140 M M 8 8 24 140
17 23 0 12 -21 53 0 0.00 M M 3.7 12 170 M M 6 18 16 180
18 26 2 14 -20 51 0 0.00 M M 4.8 10 330 M M 8 18 17 330
19 46 9 28 -6 37 0 0.00 M M 4.8 14 200 M M 2 1 19 180
20 61 15 38 4 27 0 0.00 M M 9.5 23 160 M M 0 18 34 170
21 48 26 37 3 28 0 T M M 12.3 30 340 M M 4 18 40 320
22 65 25 45 10 20 0 0.00 M M 11.9 25 300 M M 0 38 310
23 75 25 50 15 15 0 0.00 M M 12.4 30 20 M M 0 40 20
24 50 24 37 2 28 0 0.00 M M 8.1 18 350 M M 1 25 350
25 48 26 37 1 28 0 0.00 M M 5.3 15 180 M M 6 20 180
26 55 14 35 -1 30 0 0.00 M M 5.4 16 170 M M 1 24 170
27 71 16 44 8 21 0 0.00 M M 11.1 29 330 M M 0 38 330
28 44 14 29 -8 36 0 0.00 M M 11.7 28 330 M M 0 38 330
================================================================================
SM 1004 279 1172 0 0.22 M 243.6 M 116
================================================================================
AV 35.9 10.0 8.7 FASTST M M 4 MAX(MPH)
MISC ----> # 32 350 45 350
================================================================================
NOTES:
# LAST OF SEVERAL OCCURRENCES
COLUMN 17 PEAK WIND IN M.P.H.
PRELIMINARY LOCAL CLIMATOLOGICAL DATA (WS FORM: F-6) , PAGE 2
STATION: HILL CITY KS
MONTH: FEBRUARY
YEAR: 2021
LATITUDE: 39 22 N
LONGITUDE: 99 50 W
[TEMPERATURE DATA] [PRECIPITATION DATA] SYMBOLS USED IN COLUMN 16
AVERAGE MONTHLY: 22.9 TOTAL FOR MONTH: 0.22 1 = FOG OR MIST
DPTR FM NORMAL: -10.0 DPTR FM NORMAL: -0.30 2 = FOG REDUCING VISIBILITY
HIGHEST: 75 ON 23 GRTST 24HR 0.21 ON 13-13 TO 1/4 MILE OR LESS
LOWEST: -21 ON 15 3 = THUNDER
SNOW, ICE PELLETS, HAIL 4 = ICE PELLETS
TOTAL MONTH: M 5 = HAIL
GRTST 24HR M ON M 6 = FREEZING RAIN OR DRIZZLE
GRTST DEPTH: M ON M 7 = DUSTSTORM OR SANDSTORM:
VSBY 1/2 MILE OR LESS
8 = SMOKE OR HAZE
[NO. OF DAYS WITH] [WEATHER - DAYS WITH] 9 = BLOWING SNOW
X = TORNADO
MAX 32 OR BELOW: 13 0.01 INCH OR MORE: 2
MAX 90 OR ABOVE: 0 0.10 INCH OR MORE: 1
MIN 32 OR BELOW: 28 0.50 INCH OR MORE: 0
MIN 0 OR BELOW: 7 1.00 INCH OR MORE: 0
[HDD (BASE 65) ]
TOTAL THIS MO. 1172 CLEAR (SCALE 0-3) 14
DPTR FM NORMAL 273 PTCLDY (SCALE 4-7) 9
TOTAL FM JUL 1 4171 CLOUDY (SCALE 8-10) 5
DPTR FM NORMAL -79
[CDD (BASE 65) ]
TOTAL THIS MO. 0
DPTR FM NORMAL 0 [PRESSURE DATA]
TOTAL FM JAN 1 0 HIGHEST SLP 30.72 ON 14
DPTR FM NORMAL 0 LOWEST SLP 29.50 ON 3
[REMARKS]
#FINAL-02-21#