000
CXUS53 KGLD 010800
CF6HLC
PRELIMINARY LOCAL CLIMATOLOGICAL DATA (WS FORM: F-6)
STATION: HILL CITY KS
MONTH: SEPTEMBER
YEAR: 2020
LATITUDE: 39 22 N
LONGITUDE: 99 50 W
TEMPERATURE IN F: :PCPN: SNOW: WIND :SUNSHINE: SKY :PK WND
================================================================================
1 2 3 4 5 6A 6B 7 8 9 10 11 12 13 14 15 16 17 18
12Z AVG MX 2MIN
DY MAX MIN AVG DEP HDD CDD WTR SNW DPTH SPD SPD DIR MIN PSBL S-S WX SPD DR
================================================================================
1 85 56 71 -2 0 6 0.00 M M 4.7 9 220 M M 1 13 80
2 92 59 76 3 0 11 0.00 M M 5.8 14 210 M M 0 23 220
3 84 52 68 -4 0 3 0.00 M M 10.2 30 20 M M 0 40 10
4 90 48 69 -3 0 4 0.00 M M 5.9 14 200 M M 0 19 160
5 98 58 78 6 0 13 0.00 M M 9.2 21 180 M M 0 30 190
6 104 63 84 12 0 19 0.00 M M 11.2 22 240 M M 0 29 200
7 85 58 72 1 0 7 0.00 M M 12.7 31 50 M M 1 43 50
8 58 39 49 -22 16 0 0.23 M M 22.2 31 50 M M 10 13 43 50
9 45 39 42 -28 23 0 0.39 M M 14.0 28 10 M M 10 1 35 30
10 60 44 52 -18 13 0 0.00 M M 7.6 14 360 M M 10 17 350
11 68 51 60 -10 5 0 0.00 M M 4.4 13 190 M M 7 22 190
12 82 50 66 -3 0 1 0.00 M M 7.2 18 290 M M 0 1 26 290
13 87 48 68 -1 0 3 0.00 M M 3.5 9 270 M M 0 1 13 280
14 85 49 67 -1 0 2 0.00 M M 4.0 15 160 M M 0 21 170
15 85 50 68 0 0 3 0.00 M M 6.2 15 170 M M 0 1 21 180
16 83 49 66 -1 0 1 0.00 M M 8.2 18 20 M M 0 8 26 30
17 79 45 62 -5 3 0 0.00 M M 4.1 12 140 M M 0 18 16 150
18 81 52 67 1 0 2 0.00 M M 9.6 18 150 M M 0 1 27 120
19 83 55 69 3 0 4 0.00 M M 12.0 22 170 M M 0 18 32 170
20 87 60 74 8 0 9 0.00 M M 12.9 24 160 M M 0 8 36 190
21 87 58 73 8 0 8 T M M 11.2 20 170 M M 0 8 28 190
22 85 49 67 2 0 2 0.00 M M 7.0 17 160 M M 0 18 23 150
23 87 56 72 8 0 7 0.00 M M 7.8 14 250 M M 3 1 19 220
24 94 54 74 10 0 9 0.00 M M 4.1 12 240 M M 0 8 16 240
25 99 49 74 11 0 9 0.00 M M 4.2 14 40 M M 0 18 20 40
26 91 57 74 11 0 9 0.00 M M 8.1 29 30 M M 1 8 38 30
27 70 50 60 -2 5 0 T M M 12.9 27 20 M M 3 44 30
28 71 41 56 -6 9 0 0.00 M M 15.1 31 330 M M 0 48 330
29 85 35 60 -1 5 0 0.00 M M 7.3 17 330 M M 0 8 24 340
30 78 41 60 -1 5 0 0.00 M M 12.3 28 360 M M 0 37 20
================================================================================
SM 2468 1515 84 132 0.62 M 265.6 M 46
================================================================================
AV 82.3 50.5 8.9 FASTST M M 2 MAX(MPH)
MISC ----> # 31 50 48 330
================================================================================
NOTES:
# LAST OF SEVERAL OCCURRENCES
COLUMN 17 PEAK WIND IN M.P.H.
PRELIMINARY LOCAL CLIMATOLOGICAL DATA (WS FORM: F-6) , PAGE 2
STATION: HILL CITY KS
MONTH: SEPTEMBER
YEAR: 2020
LATITUDE: 39 22 N
LONGITUDE: 99 50 W
[TEMPERATURE DATA] [PRECIPITATION DATA] SYMBOLS USED IN COLUMN 16
AVERAGE MONTHLY: 66.4 TOTAL FOR MONTH: 0.62 1 = FOG OR MIST
DPTR FM NORMAL: -1.0 DPTR FM NORMAL: -1.26 2 = FOG REDUCING VISIBILITY
HIGHEST: 104 ON 6 GRTST 24HR 0.49 ON 8- 9 TO 1/4 MILE OR LESS
LOWEST: 35 ON 29 3 = THUNDER
SNOW, ICE PELLETS, HAIL 4 = ICE PELLETS
TOTAL MONTH: M 5 = HAIL
GRTST 24HR M ON M 6 = FREEZING RAIN OR DRIZZLE
GRTST DEPTH: M ON M 7 = DUSTSTORM OR SANDSTORM:
VSBY 1/2 MILE OR LESS
8 = SMOKE OR HAZE
[NO. OF DAYS WITH] [WEATHER - DAYS WITH] 9 = BLOWING SNOW
X = TORNADO
MAX 32 OR BELOW: 0 0.01 INCH OR MORE: 2
MAX 90 OR ABOVE: 7 0.10 INCH OR MORE: 2
MIN 32 OR BELOW: 0 0.50 INCH OR MORE: 0
MIN 0 OR BELOW: 0 1.00 INCH OR MORE: 0
[HDD (BASE 65) ]
TOTAL THIS MO. 84 CLEAR (SCALE 0-3) 26
DPTR FM NORMAL 10 PTCLDY (SCALE 4-7) 1
TOTAL FM JUL 1 84 CLOUDY (SCALE 8-10) 3
DPTR FM NORMAL 7
[CDD (BASE 65) ]
TOTAL THIS MO. 132
DPTR FM NORMAL -14 [PRESSURE DATA]
TOTAL FM JAN 1 1438 HIGHEST SLP M ON M
DPTR FM NORMAL 156 LOWEST SLP 29.59 ON 26
[REMARKS]
#FINAL-09-20#