000
CXUS53 KGLD 010800
CF6HLC
PRELIMINARY LOCAL CLIMATOLOGICAL DATA (WS FORM: F-6)
STATION: HILL CITY KS
MONTH: JULY
YEAR: 2023
LATITUDE: 39 22 N
LONGITUDE: 99 50 W
TEMPERATURE IN F: :PCPN: SNOW: WIND :SUNSHINE: SKY :PK WND
================================================================================
1 2 3 4 5 6A 6B 7 8 9 10 11 12 13 14 15 16 17 18
12Z AVG MX 2MIN
DY MAX MIN AVG DEP HDD CDD WTR SNW DPTH SPD SPD DIR MIN PSBL S-S WX SPD DR
================================================================================
1 81 61 71 -7 0 6 T M M M M M M M 2 3 M M
2 92 59 76 -2 0 11 0.01 M M M M M M M 1 3 M M
3 95 66 81 2 0 16 0.01 M M M M M M M 1 3 M M
4 100 68 84 5 0 19 T M M M M M M M 1 3 M M
5 75 63 69 -10 0 4 0.17 M M M M M M M 9 138 M M
6 76 61 69 -10 0 4 0.01 M M M M M M M 8 1 M M
7 83 65 74 -5 0 9 0.16 M M M M M M M 5 13 M M
8 79 59 69 -11 0 4 0.02 M M M M M M M 6 138 M M
9 82 55 69 -11 0 4 0.00 M M M M M M M 0 1 M M
10 95 63 79 -1 0 14 T M M M M M M M 1 3 M M
11 96 63 80 0 0 15 0.00 M M M M M M M 0 M M
12 92 72 82 2 0 17 T M M 7.2 14 30 M M 3 17 80
13 90 68 79 -1 0 14 T M M 8.6 20 80 M M 2 1 27 90
14 87 64 76 -4 0 11 0.18 M M 9.3 39 20 M M 2 138 54 20
15 91 63 77 -3 0 12 0.00 M M 6.8 15 240 M M 0 21 280
16 94 66 80 0 0 15 T M M 7.9 22 80 M M 0 28 80
17 91 61 76 -4 0 11 0.00 M M 7.8 20 80 M M 0 18 31 70
18 82 68 75 -5 0 10 M M M 10.3 18 70 M M 8 12 28 100
19 85 69 77 -3 0 12 0.41 M M 8.2 24 10 M M 5 13 29 350
20 81 65 73 -7 0 8 0.27 M M 7.0 16 60 M M 6 1238 22 60
21 84 64 74 -6 0 9 0.05 M M 3.9 15 10 M M 7 1 21 360
22 93 61 77 -3 0 12 0.13 M M 6.9 32 10 M M 1 3 42 10
23 99 64 82 2 0 17 T M M 6.9 14 220 M M 0 20 210
24 99 69 84 4 0 19 T M M 7.1 23 340 M M 0 3 32 350
25 104 69 87 7 0 22 0.00 M M 3.4 23 270 M M 0 8 36 270
26 103 77 90 10 0 25 T M M 9.6 29 310 M M 0 38 41 260
27 103 71 87 7 0 22 T M M 4.4 21 300 M M 1 8 29 290
28 106 71 89 9 0 24 0.00 M M 6.5 22 80 M M 0 3 31 80
29 100 71 86 6 0 21 0.00 M M 11.3 35 20 M M 0 8 43 10
30 107 70 89 9 0 24 0.00 M M 9.7 21 230 M M 0 27 220
31 99 71 85 5 0 20 0.00 M M 11.5 23 10 M M 1 32 350
================================================================================
SM 2844 2037 0 431 1.42 M 154.3 M 70
================================================================================
AV 91.7 65.7 7.7 FASTST M M 2 MAX(MPH)
MISC ----> 39 20 54 20
================================================================================
NOTES:
# LAST OF SEVERAL OCCURRENCES
COLUMN 17 PEAK WIND IN M.P.H.
PRELIMINARY LOCAL CLIMATOLOGICAL DATA (WS FORM: F-6) , PAGE 2
STATION: HILL CITY KS
MONTH: JULY
YEAR: 2023
LATITUDE: 39 22 N
LONGITUDE: 99 50 W
[TEMPERATURE DATA] [PRECIPITATION DATA] SYMBOLS USED IN COLUMN 16
AVERAGE MONTHLY: 78.7 TOTAL FOR MONTH: 1.42 1 = FOG OR MIST
DPTR FM NORMAL: -1.0 DPTR FM NORMAL: -2.19 2 = FOG REDUCING VISIBILITY
HIGHEST: 107 ON 30 GRTST 24HR 2.05 ON 30- 1 TO 1/4 MILE OR LESS
LOWEST: 55 ON 9 3 = THUNDER
SNOW, ICE PELLETS, HAIL 4 = ICE PELLETS
TOTAL MONTH: M 5 = HAIL
GRTST 24HR M ON M 6 = FREEZING RAIN OR DRIZZLE
GRTST DEPTH: M ON M 7 = DUSTSTORM OR SANDSTORM:
VSBY 1/2 MILE OR LESS
8 = SMOKE OR HAZE
[NO. OF DAYS WITH] [WEATHER - DAYS WITH] 9 = BLOWING SNOW
X = TORNADO
MAX 32 OR BELOW: 0 0.01 INCH OR MORE: 11
MAX 90 OR ABOVE: 20 0.10 INCH OR MORE: 6
MIN 32 OR BELOW: 0 0.50 INCH OR MORE: 0
MIN 0 OR BELOW: 0 1.00 INCH OR MORE: 0
[HDD (BASE 65) ]
TOTAL THIS MO. 0 CLEAR (SCALE 0-3) 23
DPTR FM NORMAL -1 PTCLDY (SCALE 4-7) 7
TOTAL FM JUL 1 0 CLOUDY (SCALE 8-10) 1
DPTR FM NORMAL 0
[CDD (BASE 65) ]
TOTAL THIS MO. 431
DPTR FM NORMAL -26 [PRESSURE DATA]
TOTAL FM JAN 1 838 HIGHEST SLP M ON M
DPTR FM NORMAL 0 LOWEST SLP 29.71 ON 12
[REMARKS]
#FINAL-07-23#