000
CXUS53 KGLD 012110
CLMHLC
CLIMATE REPORT
NATIONAL WEATHER SERVICE
310 PM MDT FRI SEP 01 2023
...................................
...THE HILL CITY KS CLIMATE SUMMARY FOR THE MONTH OF AUGUST 2023...
CLIMATE NORMAL PERIOD: 1991 TO 2020
CLIMATE RECORD PERIOD: 1896 TO 2023
WEATHER OBSERVED NORMAL DEPART LAST YEAR`S
VALUE DATE(S) VALUE FROM VALUE DATE(S)
NORMAL
................................................................
TEMPERATURE (F)
RECORD
HIGH 115 08/06/1934
LOW 39 08/24/1928
HIGHEST 107 08/20 103 4 107 08/06
08/21
08/23
LOWEST 53 08/15 51 2 54 08/18
08/23
AVG. MAXIMUM 94.2 90.0 4.2 95.6
AVG. MINIMUM 64.4 63.6 0.8 63.7
MEAN 79.3 76.8 2.5 79.7
DAYS MAX >= 90 21 17.5 3.5 27
DAYS MAX <= 32 0 0.0 0.0 0
DAYS MIN <= 32 0 0.0 0.0 0
DAYS MIN <= 0 0 0.0 0.0 0
PRECIPITATION (INCHES)
RECORD
MAXIMUM 11.95 2019
MINIMUM 0.14 2021
TOTALS 3.19 2.95 0.24 1.06
DAILY AVG. 0.10 0.10 0.00 0.03
DAYS >= .01 10 9.0 1.0 7
DAYS >= .10 6 4.6 1.4 3
DAYS >= .50 2 2.0 0.0 0
DAYS >= 1.00 0 0.8 -0.8 0
GREATEST
24 HR. TOTAL 0.94 08/03 TO 08/04 0.38
STORM TOTAL 0.89
(MM/DD(HH))
................................................................
- INDICATES NEGATIVE NUMBERS.
R INDICATES RECORD WAS SET OR TIED.
MM INDICATES DATA IS MISSING.
T INDICATES TRACE AMOUNT.
$$