000
CXUS51 KPBZ 010830
CF6HLG
PRELIMINARY LOCAL CLIMATOLOGICAL DATA (WS FORM: F-6)
STATION: WHEELING WV
MONTH: JANUARY
YEAR: 2023
LATITUDE: 40 10 N
LONGITUDE: 80 39 W
TEMPERATURE IN F: :PCPN: SNOW: WIND :SUNSHINE: SKY :PK WND
================================================================================
1 2 3 4 5 6A 6B 7 8 9 10 11 12 13 14 15 16 17 18
12Z AVG MX 2MIN
DY MAX MIN AVG DEP HDD CDD WTR SNW DPTH SPD SPD DIR MIN PSBL S-S WX SPD DR
================================================================================
1 51 41 46 15 19 0 0.00 M M 7.1 14 200 M M 10 12 19 200
2 57 50 54 23 11 0 0.03 M M 4.5 9 210 M M 10 1 12 210
3 61 55 58 28 7 0 0.95 M M 11.2 24 210 M M 9 1 33 210
4 63 48 56 26 9 0 0.05 M M 8.9 22 290 M M 8 1 30 290
5 49 39 44 14 21 0 0.02 M M 7.6 15 270 M M 4 21 220
6 39 33 36 6 29 0 0.02 M M 8.3 20 270 M M 10 128 27 270
7 36 32 34 4 31 0 0.00 M M 5.5 12 260 M M 10 17 290
8 41 31 36 6 29 0 T M M 5.3 13 80 M M 8 16 90
9 37 29 33 3 32 0 0.00 M M 8.6 17 230 M M 5 21 240
10 42 29 36 6 29 0 0.00 M M 5.9 10 200 M M 1 14 200
11 47 31 39 9 26 0 0.03 M M 6.4 13 100 M M 7 1 15 80
12 54 39 47 17 18 0 0.73 M M 10.1 24 190 M M 10 13 28 180
13 39 29 34 5 31 0 0.04 M M 12.7 22 310 M M 10 1 27 280
14 32 24 28 -1 37 0 T M M 11.4 18 340 M M 8 25 340
15 37 23 30 1 35 0 0.00 M M 2.9 12 350 M M 5 16 340
16 50 22 36 7 29 0 T M M 5.3 12 190 M M 2 15 170
17 56 40 48 19 17 0 0.23 M M 11.1 24 260 M M 9 12 32 260
18 45 39 42 13 23 0 0.01 M M 8.2 21 260 M M 9 26 270
19 59 38 49 20 16 0 0.34 M M 12.8 36 210 M M 8 1 55 200
20 43 33 38 9 27 0 T M M 12.8 29 260 M M 10 18 41 250
21 35 31 33 4 32 0 T M M 5.7 13 270 M M 10 18 17 260
22 37 28 33 4 32 0 0.09 M M 4.6 12 90 M M 7 12 13 90
23 33 31 32 3 33 0 0.02 M M 10.5 24 240 M M 10 128 35 240
24 37 30 34 5 31 0 0.00 M M 10.4 26 250 M M 6 36 240
25 52 31 42 13 23 0 0.21 M M 12.5 30 260 M M 9 18 43 250
26 37 31 34 5 31 0 T M M 16.2 25 260 M M 10 8 36 260
27 40 25 33 3 32 0 T M M 13.4 23 200 M M 8 34 200
28 51 39 45 15 20 0 0.00 M M 10.6 25 210 M M 4 37 210
29 47 40 44 14 21 0 0.19 M M 9.3 18 190 M M 10 1 24 200
30 45 30 38 8 27 0 0.07 M M 6.4 14 310 M M 10 12 17 310
31 30 23 27 -3 38 0 0.03 M M 5.2 14 310 M M 10 18 16 320
================================================================================
SM 1382 1044 796 0 3.06 M 271.4 M 247
================================================================================
AV 44.6 33.7 8.8 FASTST M M 8 MAX(MPH)
MISC ----> 36 210 55 200
================================================================================
NOTES:
# LAST OF SEVERAL OCCURRENCES
COLUMN 17 PEAK WIND IN M.P.H.
PRELIMINARY LOCAL CLIMATOLOGICAL DATA (WS FORM: F-6) , PAGE 2
STATION: WHEELING WV
MONTH: JANUARY
YEAR: 2023
LATITUDE: 40 10 N
LONGITUDE: 80 39 W
[TEMPERATURE DATA] [PRECIPITATION DATA] SYMBOLS USED IN COLUMN 16
AVERAGE MONTHLY: 39.1 TOTAL FOR MONTH: 3.06 1 = FOG OR MIST
DPTR FM NORMAL: 9.5 DPTR FM NORMAL: 0.31 2 = FOG REDUCING VISIBILITY
HIGHEST: 63 ON 4 GRTST 24HR 1.12 ON 2- 3 TO 1/4 MILE OR LESS
LOWEST: 22 ON 16 3 = THUNDER
SNOW, ICE PELLETS, HAIL 4 = ICE PELLETS
TOTAL MONTH: M 5 = HAIL
GRTST 24HR M ON M 6 = FREEZING RAIN OR DRIZZLE
GRTST DEPTH: M ON M 7 = DUSTSTORM OR SANDSTORM:
VSBY 1/2 MILE OR LESS
8 = SMOKE OR HAZE
[NO. OF DAYS WITH] [WEATHER - DAYS WITH] 9 = BLOWING SNOW
X = TORNADO
MAX 32 OR BELOW: 2 0.01 INCH OR MORE: 17
MAX 90 OR ABOVE: 0 0.10 INCH OR MORE: 6
MIN 32 OR BELOW: 18 0.50 INCH OR MORE: 2
MIN 0 OR BELOW: 0 1.00 INCH OR MORE: 0
[HDD (BASE 65) ]
TOTAL THIS MO. 796 CLEAR (SCALE 0-3) 2
DPTR FM NORMAL -300 PTCLDY (SCALE 4-7) 11
TOTAL FM JUL 1 2757 CLOUDY (SCALE 8-10) 18
DPTR FM NORMAL -388
[CDD (BASE 65) ]
TOTAL THIS MO. 0
DPTR FM NORMAL 0 [PRESSURE DATA]
TOTAL FM JAN 1 0 HIGHEST SLP 30.40 ON 8
DPTR FM NORMAL 0 LOWEST SLP 29.44 ON 25
[REMARKS]
#FINAL-01-23#