000
CXUS56 KTFX 011210
CF6HLN
PRELIMINARY LOCAL CLIMATOLOGICAL DATA (WS FORM: F-6)
STATION: HELENA MT
MONTH: FEBRUARY
YEAR: 2022
LATITUDE: 46 35 N
LONGITUDE: 112 0 W
TEMPERATURE IN F: :PCPN: SNOW: WIND :SUNSHINE: SKY :PK WND
================================================================================
1 2 3 4 5 6A 6B 7 8 9 10 11 12 13 14 15 16 17 18
12Z AVG MX 2MIN
DY MAX MIN AVG DEP HDD CDD WTR SNW DPTH SPD SPD DIR MIN PSBL S-S WX SPD DR
================================================================================
1 18 -1 9 -16 56 0 0.07 1.6 3 8.1 20 310 M M 8 18 26 350
2 4 -9 -2 -27 67 0 T T 3 5.4 13 260 M M 4 8 16 300
3 29 -1 14 -11 51 0 0.00 0.0 2 2.7 10 250 M M 7 14 280
4 42 24 33 8 32 0 0.00 0.0 2 5.8 23 260 M M 8 35 290
5 42 37 40 15 25 0 0.00 0.0 1 19.9 33 290 M M 7 50 280
6 48 31 40 15 25 0 0.00 0.0 1 9.6 25 260 M M 1 36 260
7 53 22 38 12 27 0 0.00 0.0 1 9.5 35 280 M M 0 50 280
8 45 33 39 13 26 0 0.00 0.0 1 14.0 29 270 M M 4 43 280
9 48 38 43 17 22 0 0.00 0.0 1 19.5 37 270 M M 2 52 260
10 57 38 48 22 17 0 0.00 0.0 T 17.5 31 280 M M 1 48 270
11 38 19 29 3 36 0 0.01 T 0 8.1 24 350 M M 6 1 40 340
12 45 18 32 6 33 0 0.00 0.0 0 2.3 12 80 M M 1 15 80
13 53 22 38 11 27 0 0.00 0.0 0 2.2 7 20 M M 0 8 240
14 50 26 38 11 27 0 0.03 0.0 0 4.8 15 270 M M 4 8 23 360
15 39 30 35 8 30 0 0.05 T 0 6.1 15 20 M M 10 1 20 270
16 35 22 29 2 36 0 T T 0 8.4 24 340 M M 8 31 330
17 43 19 31 3 34 0 0.00 0.0 0 13.2 32 270 M M 7 46 270
18 50 40 45 17 20 0 0.00 0.0 0 15.1 28 280 M M 7 41 280
19 60 30 45 17 20 0 T 0.0 0 12.2 40 280 M M 2 60 280
20 45 7 26 -2 39 0 0.03 0.3 0 12.3 23 30 M M 5 8 32 270
21 7 -5 1 -27 64 0 0.05 0.5 1 12.0 22 360 M M 9 8 29 10
22 4 -9 -2 -31 67 0 0.00 0.0 1 10.0 18 360 M M 1 24 360
23 7 -15 -4 -33 69 0 0.00 0.0 1 6.1 16 100 M M 0 20 120
24 20 -2 9 -20 56 0 T T 1 3.4 7 60 M M 8 8 10 60
25 30 1 16 -14 49 0 0.00 0.0 T 6.5 23 260 M M 1 30 270
26 34 8 21 -9 44 0 0.00 0.0 T 6.4 21 110 M M 0 26 110
27 42 11 27 -3 38 0 0.00 0.0 T 4.6 15 110 M M 2 19 130
28 58 27 43 12 22 0 0.00 0.0 0 6.9 23 250 M M 3 33 260
================================================================================
SM 1046 461 1059 0 0.24 2.4 252.6 M 116
================================================================================
AV 37.4 16.5 9.0 FASTST M M 4 MAX(MPH)
MISC ----> 40 280 60 280
================================================================================
NOTES:
# LAST OF SEVERAL OCCURRENCES
COLUMN 17 PEAK WIND IN M.P.H.
PRELIMINARY LOCAL CLIMATOLOGICAL DATA (WS FORM: F-6) , PAGE 2
STATION: HELENA MT
MONTH: FEBRUARY
YEAR: 2022
LATITUDE: 46 35 N
LONGITUDE: 112 0 W
[TEMPERATURE DATA] [PRECIPITATION DATA] SYMBOLS USED IN COLUMN 16
AVERAGE MONTHLY: 26.9 TOTAL FOR MONTH: 0.24 1 = FOG OR MIST
DPTR FM NORMAL: -0.3 DPTR FM NORMAL: -0.18 2 = FOG REDUCING VISIBILITY
HIGHEST: 60 ON 19 GRTST 24HR 0.08 ON 14-15 TO 1/4 MILE OR LESS
LOWEST: -15 ON 23 3 = THUNDER
SNOW, ICE PELLETS, HAIL 4 = ICE PELLETS
TOTAL MONTH: 3.0 INCHES 5 = HAIL
GRTST 24HR 1.6 ON 1- 1 6 = FREEZING RAIN OR DRIZZLE
GRTST DEPTH: 3 ON 2, 1 7 = DUSTSTORM OR SANDSTORM:
VSBY 1/2 MILE OR LESS
8 = SMOKE OR HAZE
[NO. OF DAYS WITH] [WEATHER - DAYS WITH] 9 = BLOWING SNOW
X = TORNADO
MAX 32 OR BELOW: 8 0.01 INCH OR MORE: 6
MAX 90 OR ABOVE: 0 0.10 INCH OR MORE: 0
MIN 32 OR BELOW: 23 0.50 INCH OR MORE: 0
MIN 0 OR BELOW: 7 1.00 INCH OR MORE: 0
[HDD (BASE 65) ]
TOTAL THIS MO. 1059 CLEAR (SCALE 0-3) 12
DPTR FM NORMAL 1 PTCLDY (SCALE 4-7) 12
TOTAL FM JUL 1 4811 CLOUDY (SCALE 8-10) 4
DPTR FM NORMAL -683
[CDD (BASE 65) ]
TOTAL THIS MO. 0
DPTR FM NORMAL 0 [PRESSURE DATA]
TOTAL FM JAN 1 0 HIGHEST SLP M ON M
DPTR FM NORMAL 0 LOWEST SLP 29.65 ON 19
[REMARKS]
#FINAL-02-22#