000
CXUS54 KHGX 011537
CLMHOU
CLIMATE REPORT
NATIONAL WEATHER SERVICE HOUSTON/GALVESTON TX
1037 AM CDT WED NOV 01 2023
...................................
...THE HOUSTON/HOBBY AIRPORT CLIMATE SUMMARY FOR THE MONTH OF OCTOBER 2023...
CLIMATE NORMAL PERIOD: 1991 TO 2020
CLIMATE RECORD PERIOD: 1930 TO 2023
WEATHER OBSERVED NORMAL DEPART LAST YEAR`S
VALUE DATE(S) VALUE FROM VALUE DATE(S)
NORMAL
................................................................
TEMPERATURE (F)
RECORD
HIGH 97 10/02/1938
10/01/1938
LOW 36 10/24/1937
HIGHEST 95 10/01 MM MM 94 10/12
LOWEST 46 10/31 MM MM 48 10/19
AVG. MAXIMUM 82.3 82.1 0.2 83.3
AVG. MINIMUM 65.5 63.9 1.6 62.1
MEAN 73.9 73.0 0.9 72.7
DAYS MAX >= 90 5 3.4 1.6 6
DAYS MAX <= 32 0 0.0 0.0 0
DAYS MIN <= 32 0 0.0 0.0 0
DAYS MIN <= 0 0 0.0 0.0 0
PRECIPITATION (INCHES)
RECORD
MAXIMUM 22.31 1949
TOTALS 5.35 5.78 -0.43
DAILY AVG. 0.17 0.19 -0.02 0.09
DAYS >= .01 11 7.2 3.8 6
DAYS >= .10 5 5.0 0.0 4
DAYS >= .50 4 2.9 1.1 1
DAYS >= 1.00 3 1.7 1.3 1
GREATEST
24 HR. TOTAL 1.74 10/25 TO 10/26 2.26 10/28 TO 10/28
SNOWFALL (INCHES)
RECORDS
TOTAL 0.0 2002
TOTALS 0.0
SINCE 7/1 0.0
LIQUID 7/1 0.00
DAYS >= TRACE 0
GREATEST
24 HR TOTAL 0.0
DEGREE DAYS
HEATING TOTAL 29 19 10 11
SINCE 7/1 29 16 13 MM
COOLING TOTAL 312 267 45 259
SINCE 1/1 4152 3245 907 MM
................................................................
WIND (MPH)
AVERAGE WIND SPEED 9.3
HIGHEST WIND SPEED/DIRECTION 28/340 DATE 10/30
HIGHEST GUST SPEED/DIRECTION 205/140 DATE 10/25
SKY COVER
AVERAGE SKY COVER 0.54
AVERAGE RH (PERCENT) 68
WEATHER CONDITIONS. NUMBER OF DAYS WITH
THUNDERSTORM 4 MIXED PRECIP 0
HEAVY RAIN 6 RAIN 7
LIGHT RAIN 12 FREEZING RAIN 0
LT FREEZING RAIN 0 HAIL 0
HEAVY SNOW 0 SNOW 0
LIGHT SNOW 0 SLEET 0
FOG 8 FOG W/VIS <= 1/4 MILE 0
HAZE 3
- INDICATES NEGATIVE NUMBERS.
R INDICATES RECORD WAS SET OR TIED.
MM INDICATES DATA IS MISSING.
T INDICATES TRACE AMOUNT.
$$