000
CXUS54 KBRO 030847
CLMHRL
CLIMATE REPORT
NATIONAL WEATHER SERVICE BROWNSVILLE, TX
347 AM CDT FRI NOV 03 2023
...................................
...THE HARLINGEN CLIMATE SUMMARY FOR THE MONTH OF OCTOBER 2023...
CLIMATE NORMAL PERIOD 1991 TO 2020
CLIMATE RECORD PERIOD 1912 TO 2023
WEATHER OBSERVED NORMAL DEPART LAST YEAR`S
VALUE DATE(S) VALUE FROM VALUE DATE(S)
NORMAL
................................................................
TEMPERATURE (F)
HIGHEST 97 10/04 93 4 96 10/13
10/16
LOWEST 47 10/30 51 -4 48 10/20
10/31
AVG. MAXIMUM 86.2 87.6 -1.4 88.4
AVG. MINIMUM 66.8 65.6 1.2 63.4
MEAN 76.5 76.6 -0.1 75.9
DAYS MAX >= 90 17 14.1 2.9 18
DAYS MAX <= 32 0 0.0 0.0 0
DAYS MIN <= 32 0 0.0 0.0 0
DAYS MIN <= 0 0 0.0 0.0 0
PRECIPITATION (INCHES)
TOTALS 2.51 2.71 -0.20 0.22
DAILY AVG. 0.08 0.09 -0.01 0.01
DAYS >= .01 7 8.9 -1.9 5
DAYS >= .10 4 3.9 0.1
DAYS >= .50 3 1.6 1.4
DAYS >= 1.00 1 0.7 0.3
GREATEST
24 HR. TOTAL 1.13 10/10 TO 10/11
STORM TOTAL 1.03
(MM/DD(HH))
SNOWFALL (INCHES)
TOTALS 0.0 MM MM 0.0
SINCE 7/1 0.0 MM MM MM
DEGREE DAYS
HEATING TOTAL 17 5 12 4
SINCE 7/1 17 0 17 MM
COOLING TOTAL 385 364 21 349
SINCE 1/1 4488 3974 514 MM
................................................................
WIND (MPH)
AVERAGE WIND SPEED 10.0
HIGHEST WIND SPEED/DIRECTION 35/040 DATE 10/05
HIGHEST GUST SPEED/DIRECTION 45/040 DATE 10/05
SKY COVER
POSSIBLE SUNSHINE (PERCENT) MM
AVERAGE SKY COVER 0.33
NUMBER OF DAYS FAIR 19
NUMBER OF DAYS PC 8
NUMBER OF DAYS CLOUDY 4
AVERAGE RH (PERCENT) 75
WEATHER CONDITIONS. NUMBER OF DAYS WITH
THUNDERSTORM 2 MIXED PRECIP 0
HEAVY RAIN 4 RAIN 4
LIGHT RAIN 11 FREEZING RAIN 0
LT FREEZING RAIN 0 HAIL 0
HEAVY SNOW 0 SNOW 0
LIGHT SNOW 0 SLEET 0
FOG 11 FOG W/VIS <= 1/4 MILE 3
HAZE 3
- INDICATES NEGATIVE NUMBERS.
R INDICATES RECORD WAS SET OR TIED.
MM INDICATES DATA IS MISSING.
T INDICATES TRACE AMOUNT.
$$