000
CXUS53 KGID 011533 RRA
CF6HSI
PRELIMINARY LOCAL CLIMATOLOGICAL DATA (WS FORM: F-6)
STATION: HASTINGS NE
MONTH: MARCH
YEAR: 2020
LATITUDE: 40 35 N
LONGITUDE: 98 26 W
TEMPERATURE IN F: :PCPN: SNOW: WIND :SUNSHINE: SKY :PK WND
================================================================================
1 2 3 4 5 6A 6B 7 8 9 10 11 12 13 14 15 16 17 18
12Z AVG MX 2MIN
DY MAX MIN AVG DEP HDD CDD WTR SNW DPTH SPD SPD DIR MIN PSBL S-S WX SPD DR
================================================================================
1 57 33 45 11 20 0 0.00 0.0 0 14.1 29 10 M M 0 38 10
2 49 27 38 4 27 0 0.04 0.5 T 9.3 22 260 M M 5 30 360
3 61 30 46 11 19 0 0.00 0.0 0 12.7 30 270 M M 2 44 300
4 63 31 47 12 18 0 0.00 0.0 0 12.2 26 200 M M 0 39 200
5 54 24 39 3 26 0 0.00 0.0 0 17.4 37 340 M M 0 50 320
6 57 20 39 3 26 0 0.00 0.0 0 10.4 22 170 M M 0 33 190
7 72 41 57 21 8 0 0.00 0.0 0 16.9 29 210 M M 0 47 190
8 71 45 58 21 7 0 0.00 0.0 0 13.9 24 190 M M 0 37 200
9 54 32 43 6 22 0 0.41 T 0 16.2 29 350 M M 10 16 37 350
10 50 30 40 2 25 0 0.00 0.0 0 5.4 15 140 M M 7 12 19 140
11 69 30 50 12 15 0 0.00 0.0 0 7.9 18 210 M M 0 28 200
12 55 29 42 4 23 0 0.13 0.0 0 14.9 32 350 M M 2 42 320
13 42 26 34 -5 31 0 0.31 3.0 0 8.1 20 120 M M 8 1 28 110
14 33 30 32 -7 33 0 0.15 1.6 4 12.4 20 80 M M 10 1 28 70
15 33 30 32 -8 33 0 0.01 T 3 8.5 14 160 M M 10 16 20 160
16 44 32 38 -2 27 0 0.00 0.0 2 7.9 14 10 M M 10 12 18 360
17 42 33 38 -2 27 0 0.02 0.0 0 7.6 14 130 M M 10 1 20 170
18 52 42 47 6 18 0 0.02 0.0 0 6.5 13 90 M M 10 12 18 70
19 54 26 40 -1 25 0 0.71 0.2 0 18.6 41 350 M M 10 123 57 360
20 30 16 23 -19 42 0 0.00 0.0 0 16.7 39 360 M M 2 53 360
21 50 19 35 -7 30 0 0.00 0.0 0 10.9 18 190 M M 1 29 210
22 49 31 40 -2 25 0 0.00 0.0 0 8.8 14 160 M M 6 21 170
23 54 38 46 3 19 0 0.00 0.0 0 6.1 18 160 M M 7 12 26 180
24 66 41 54 11 11 0 0.00 0.0 0 8.7 20 160 M M 4 12 27 160
25 74 41 58 15 7 0 0.00 0.0 0 11.9 28 360 M M 3 12 35 10
26 47 38 43 -1 22 0 0.00 0.0 0 11.7 22 50 M M 10 1 29 50
27 47 43 45 1 20 0 0.02 0.0 0 8.4 16 50 M M 10 12 20 50
28 46 40 43 -1 22 0 0.32 0.0 0 15.0 35 330 M M 9 12 47 330
29 63 35 49 4 16 0 0.00 0.0 0 9.2 20 300 M M 1 32 290
30 69 37 53 8 12 0 0.05 0.0 0 7.6 21 130 M M 5 32 110
31 70 43 57 11 8 0 T 0.0 0 9.3 18 210 M M 3 1 28 250
================================================================================
SM 1677 1013 664 0 2.19 5.3 345.2 M 155
================================================================================
AV 54.1 32.7 11.1 FASTST M M 5 MAX(MPH)
MISC ----> # 41 350 # 57 360
================================================================================
NOTES:
# LAST OF SEVERAL OCCURRENCES
COLUMN 17 PEAK WIND IN M.P.H.
PRELIMINARY LOCAL CLIMATOLOGICAL DATA (WS FORM: F-6) , PAGE 2
STATION: HASTINGS NE
MONTH: MARCH
YEAR: 2020
LATITUDE: 40 35 N
LONGITUDE: 98 26 W
[TEMPERATURE DATA] [PRECIPITATION DATA] SYMBOLS USED IN COLUMN 16
AVERAGE MONTHLY: 43.4 TOTAL FOR MONTH: 2.19 1 = FOG OR MIST
DPTR FM NORMAL: 3.5 DPTR FM NORMAL: 0.40 2 = FOG REDUCING VISIBILITY
HIGHEST: 74 ON 25 GRTST 24HR 0.71 ON 19-19 TO 1/4 MILE OR LESS
LOWEST: 16 ON 20 3 = THUNDER
SNOW, ICE PELLETS, HAIL 4 = ICE PELLETS
TOTAL MONTH: 5.3 INCHES 5 = HAIL
GRTST 24HR 3.0 ON 13-13 6 = FREEZING RAIN OR DRIZZLE
GRTST DEPTH: 4 ON 14 7 = DUSTSTORM OR SANDSTORM:
VSBY 1/2 MILE OR LESS
8 = SMOKE OR HAZE
[NO. OF DAYS WITH] [WEATHER - DAYS WITH] 9 = BLOWING SNOW
X = TORNADO
MAX 32 OR BELOW: 1 0.01 INCH OR MORE: 12
MAX 90 OR ABOVE: 0 0.10 INCH OR MORE: 6
MIN 32 OR BELOW: 17 0.50 INCH OR MORE: 1
MIN 0 OR BELOW: 0 1.00 INCH OR MORE: 0
[HDD (BASE 65) ]
TOTAL THIS MO. 664 CLEAR (SCALE 0-3) 14
DPTR FM NORMAL -113 PTCLDY (SCALE 4-7) 6
TOTAL FM JUL 1 5162 CLOUDY (SCALE 8-10) 11
DPTR FM NORMAL -245
[CDD (BASE 65) ]
TOTAL THIS MO. 0
DPTR FM NORMAL 0 [PRESSURE DATA]
TOTAL FM JAN 1 0 HIGHEST SLP 30.69 ON 20
DPTR FM NORMAL 0 LOWEST SLP 29.44 ON 28
[REMARKS]
#FINAL-03-20#