000
CXUS53 KAPX 011818
CF6HTL
PRELIMINARY LOCAL CLIMATOLOGICAL DATA (WS FORM: F-6)
STATION: HOUGHTON LAKE MI
MONTH: MARCH
YEAR: 2024
LATITUDE: 44 22 N
LONGITUDE: 84 41 W
TEMPERATURE IN F: :PCPN: SNOW: WIND :SUNSHINE: SKY :PK WND
================================================================================
1 2 3 4 5 6A 6B 7 8 9 10 11 12 13 14 15 16 17 18
12Z AVG MX 2MIN
DY MAX MIN AVG DEP HDD CDD WTR SNW DPTH SPD SPD DIR MIN PSBL S-S WX SPD DR
================================================================================
1 49 25 37 13 28 0 0.00 0.0 1 8.9 17 190 M M 0 26 210
2 53 31 42 18 23 0 0.00 0.0 0 4.8 9 190 M M 4 13 190
3 45 31 38 13 27 0 0.00 0.0 0 7.7 16 150 M M 4 1 23 150
4 68 36 52 27 13 0 0.17 0.0 0 7.1 23 270 M M M 37 270
5 52 37 45 19 20 0 0.90 0.0 0 9.1 21 350 M M M 30 350
6 51 27 39 13 26 0 0.00 0.0 0 8.8 21 70 M M M 29 50
7 51 23 37 11 28 0 0.00 0.0 0 8.2 16 100 M M 5 20 100
8 48 29 39 12 26 0 0.78 0.0 0 5.6 13 60 M M 8 1 17 40
9 38 27 33 6 32 0 M T 0 12.8 22 310 M M 10 1 29 310
10 36 25 31 4 34 0 0.02 0.5 T 15.5 29 320 M M 7 1 42 310
11 55 25 40 12 25 0 0.00 0.0 0 7.0 17 250 M M 0 26 230
12 67 27 47 19 18 0 0.00 0.0 0 7.3 21 230 M M 0 33 240
13 65 29 47 19 18 0 0.00 0.0 0 3.7 8 210 M M 0 12 M M
14 48 34 41 12 24 0 0.79 0.0 0 6.1 14 40 M M 5 1 20 40
15 44 25 35 6 30 0 T 0.0 0 6.2 14 310 M M 4 18 300
16 51 25 38 8 27 0 T T T 12.7 23 310 M M 8 38 290
17 34 22 28 -2 37 0 T T 0 14.2 22 300 M M 10 1 31 300
18 31 23 27 -3 38 0 T T T 12.7 21 310 M M 10 1 31 330
19 37 28 33 2 32 0 T T T 12.5 20 260 M M 10 31 250
20 29 18 24 -7 41 0 0.02 0.4 T 15.8 30 310 M M 9 1 46 300
21 32 18 25 -7 40 0 0.00 0.0 0 6.5 13 320 M M 7 18 280
22 30 19 25 -7 40 0 0.12 1.9 1 3.8 10 180 M M 10 1 14 150
23 34 19 27 -5 38 0 M M 2 7.5 16 290 M M 5 23 20
24 36 14 25 -8 40 0 0.05 0.3 T 9.9 18 120 M M 7 1 28 110
25 59 30 45 12 20 0 0.00 0.0 T 10.6 17 120 M M 2 27 140
26 56 37 47 13 18 0 0.43 0.0 0 15.2 25 220 M M 10 1 42 210
27 37 29 33 -1 32 0 T T 0 14.9 22 250 M M 10 1 35 240
28 39 27 33 -1 32 0 0.00 0.0 0 10.4 17 260 M M 6 25 240
29 47 20 34 -1 31 0 0.00 0.0 0 5.9 14 270 M M 0 20 250
30 40 26 33 -2 32 0 0.00 0.0 0 6.7 14 100 M M 9 1 19 100
31 45 26 36 0 29 0 T 0.0 0 4.5 12 170 M M 8 16 180
================================================================================
SM 1407 812 899 0 3.28 3.1 282.6 M 168
================================================================================
AV 45.4 26.2 9.1 FASTST M M 6 MAX(MPH)
MISC ----> 30 310 46 300
================================================================================
NOTES:
# LAST OF SEVERAL OCCURRENCES
COLUMN 17 PEAK WIND IN M.P.H.
PRELIMINARY LOCAL CLIMATOLOGICAL DATA (WS FORM: F-6) , PAGE 2
STATION: HOUGHTON LAKE MI
MONTH: MARCH
YEAR: 2024
LATITUDE: 44 22 N
LONGITUDE: 84 41 W
[TEMPERATURE DATA] [PRECIPITATION DATA] SYMBOLS USED IN COLUMN 16
AVERAGE MONTHLY: 35.8 TOTAL FOR MONTH: 3.28 1 = FOG OR MIST
DPTR FM NORMAL: 6.1 DPTR FM NORMAL: 1.50 2 = FOG REDUCING VISIBILITY
HIGHEST: 68 ON 4 GRTST 24HR 0.93 ON 8- 9 TO 1/4 MILE OR LESS
LOWEST: 14 ON 24 3 = THUNDER
SNOW, ICE PELLETS, HAIL 4 = ICE PELLETS
TOTAL MONTH: 3.1 INCHES 5 = HAIL
GRTST 24HR 1.9 ON 22-22 6 = FREEZING RAIN OR DRIZZLE
GRTST DEPTH: 2 ON 23 7 = DUSTSTORM OR SANDSTORM:
VSBY 1/2 MILE OR LESS
8 = SMOKE OR HAZE
[NO. OF DAYS WITH] [WEATHER - DAYS WITH] 9 = BLOWING SNOW
X = TORNADO
MAX 32 OR BELOW: 4 0.01 INCH OR MORE: 9
MAX 90 OR ABOVE: 0 0.10 INCH OR MORE: 6
MIN 32 OR BELOW: 27 0.50 INCH OR MORE: 3
MIN 0 OR BELOW: 0 1.00 INCH OR MORE: 0
[HDD (BASE 65) ]
TOTAL THIS MO. 899 CLEAR (SCALE 0-3) 6
DPTR FM NORMAL -194 PTCLDY (SCALE 4-7) 13
TOTAL FM JUL 1 5737 CLOUDY (SCALE 8-10) 12
DPTR FM NORMAL -1037
[CDD (BASE 65) ]
TOTAL THIS MO. 0
DPTR FM NORMAL 0 [PRESSURE DATA]
TOTAL FM JAN 1 0 HIGHEST SLP 30.34 ON 24
DPTR FM NORMAL 0 LOWEST SLP 29.47 ON 26
[REMARKS]
#FINAL-03-24#