000
CXUS53 KAPX 010830
CF6HTL
PRELIMINARY LOCAL CLIMATOLOGICAL DATA (WS FORM: F-6)
STATION: HOUGHTON LAKE MI
MONTH: NOVEMBER
YEAR: 2023
LATITUDE: 44 22 N
LONGITUDE: 84 41 W
TEMPERATURE IN F: :PCPN: SNOW: WIND :SUNSHINE: SKY :PK WND
================================================================================
1 2 3 4 5 6A 6B 7 8 9 10 11 12 13 14 15 16 17 18
12Z AVG MX 2MIN
DY MAX MIN AVG DEP HDD CDD WTR SNW DPTH SPD SPD DIR MIN PSBL S-S WX SPD DR
================================================================================
1 40 26 33 -8 32 0 0.00 0.0 0 9.4 16 230 M M 5 1 25 230
2 48 30 39 -1 26 0 0.00 0.0 0 9.4 17 210 M M 4 25 200
3 52 37 45 5 20 0 0.00 0.0 0 8.6 17 240 M M 4 1 31 220
4 51 26 39 -1 26 0 0.00 0.0 0 4.3 9 340 M M 5 18 12 60
5 45 24 35 -4 30 0 0.02 0.0 0 3.5 10 170 M M 8 1 15 150
6 57 44 51 12 14 0 0.07 0.0 0 12.6 23 160 M M 9 3 36 150
7 44 37 41 2 24 0 T 0.0 0 14.8 18 310 M M 10 37 310
8 36 29 33 -5 32 0 0.59 T 0 8.8 18 110 M M M 27 110
9 48 36 42 4 23 0 T 0.0 0 12.5 25 280 M M M 41 270
10 42 34 38 0 27 0 T 0.0 0 7.2 15 290 M M 10 22 290
11 40 24 32 -5 33 0 0.00 0.0 0 2.8 8 230 M M 6 1 11 310
12 48 32 40 3 25 0 0.00 0.0 0 10.2 17 170 M M 7 27 180
13 53 30 42 6 23 0 T 0.0 0 8.8 22 290 M M 1 34 290
14 51 22 37 1 28 0 0.00 0.0 0 5.2 15 190 M M 0 1 20 190
15 58 28 43 7 22 0 0.00 0.0 0 6.2 14 220 M M 0 18 23 210
16 62 25 44 9 21 0 T 0.0 0 9.6 22 200 M M 1 1 35 220
17 57 24 41 6 24 0 0.03 0.0 0 10.3 26 320 M M 7 1 36 310
18 47 23 35 0 30 0 0.00 0.0 0 8.2 17 270 M M 1 30 250
19 44 24 34 0 31 0 0.00 0.0 0 5.9 15 320 M M 1 20 330
20 40 20 30 -4 35 0 0.00 0.0 0 7.7 16 90 M M 0 22 110
21 36 33 35 1 30 0 0.42 T T 9.1 15 80 M M M 20 320
22 40 33 37 4 28 0 T T 0 8.4 16 290 M M M 23 340
23 38 25 32 -1 33 0 T 0.0 0 9.9 21 320 M M M 31 340
24 28 22 25 -7 40 0 T T T 10.2179 290 M M M 27 290
25 35 22 29 -3 36 0 0.00 0.0 0 8.1 13 230 M M M 19 230
26 31 27 29 -3 36 0 0.06 0.8 T 7.3 20 270 M M M 29 270
27 30 18 24 -7 41 0 0.02 0.6 1 15.6 22 280 M M 10 1 34 270
28 25 16 21 -10 44 0 0.06 0.7 1 11.5 20 280 M M 7 12 28 280
29 33 19 26 -5 39 0 0.01 0.1 1 10.2 17 220 M M 7 1 26 220
30 46 27 37 7 28 0 0.00 0.0 T 7.8 18 230 M M 4 1 30 230
================================================================================
SM 1305 817 881 0 1.28 2.2 264.1 M 107
================================================================================
AV 43.5 27.2 8.8 FASTST M M 5 MAX(MPH)
MISC ----> 179 290 41 270
================================================================================
NOTES:
# LAST OF SEVERAL OCCURRENCES
COLUMN 17 PEAK WIND IN M.P.H.
PRELIMINARY LOCAL CLIMATOLOGICAL DATA (WS FORM: F-6) , PAGE 2
STATION: HOUGHTON LAKE MI
MONTH: NOVEMBER
YEAR: 2023
LATITUDE: 44 22 N
LONGITUDE: 84 41 W
[TEMPERATURE DATA] [PRECIPITATION DATA] SYMBOLS USED IN COLUMN 16
AVERAGE MONTHLY: 35.4 TOTAL FOR MONTH: 1.28 1 = FOG OR MIST
DPTR FM NORMAL: -0.1 DPTR FM NORMAL: -0.92 2 = FOG REDUCING VISIBILITY
HIGHEST: 62 ON 16 GRTST 24HR 0.59 ON 8- 8 TO 1/4 MILE OR LESS
LOWEST: 16 ON 28 3 = THUNDER
SNOW, ICE PELLETS, HAIL 4 = ICE PELLETS
TOTAL MONTH: 2.2 INCHES 5 = HAIL
GRTST 24HR 0.8 ON 26-26 6 = FREEZING RAIN OR DRIZZLE
GRTST DEPTH: 1 ON 29,28 7 = DUSTSTORM OR SANDSTORM:
VSBY 1/2 MILE OR LESS
8 = SMOKE OR HAZE
[NO. OF DAYS WITH] [WEATHER - DAYS WITH] 9 = BLOWING SNOW
X = TORNADO
MAX 32 OR BELOW: 4 0.01 INCH OR MORE: 9
MAX 90 OR ABOVE: 0 0.10 INCH OR MORE: 2
MIN 32 OR BELOW: 23 0.50 INCH OR MORE: 1
MIN 0 OR BELOW: 0 1.00 INCH OR MORE: 0
[HDD (BASE 65) ]
TOTAL THIS MO. 881 CLEAR (SCALE 0-3) 7
DPTR FM NORMAL -4 PTCLDY (SCALE 4-7) 11
TOTAL FM JUL 1 1658 CLOUDY (SCALE 8-10) 12
DPTR FM NORMAL -129
[CDD (BASE 65) ]
TOTAL THIS MO. 0
DPTR FM NORMAL 0 [PRESSURE DATA]
TOTAL FM JAN 1 276 HIGHEST SLP 30.49 ON 11
DPTR FM NORMAL -61 LOWEST SLP 29.49 ON 6
[REMARKS]
#FINAL-11-23#