000
CXUS51 KRLX 021952
CF6HTS
PRELIMINARY LOCAL CLIMATOLOGICAL DATA (WS FORM: F-6)
STATION: HUNTINGTON WV
MONTH: APRIL
YEAR: 2023
LATITUDE: 38 22 N
LONGITUDE: 82 33 W
TEMPERATURE IN F: :PCPN: SNOW: WIND :SUNSHINE: SKY :PK WND
================================================================================
1 2 3 4 5 6A 6B 7 8 9 10 11 12 13 14 15 16 17 18
12Z AVG MX 2MIN
DY MAX MIN AVG DEP HDD CDD WTR SNW DPTH SPD SPD DIR MIN PSBL S-S WX SPD DR
================================================================================
1 73 43 58 6 7 0 0.78 0.0 0 14.2 35 230 M M 7 13 51 260
2 55 39 47 -5 18 0 T 0.0 0 4.0 15 280 M M 6 23 280
3 77 36 57 4 8 0 0.00 0.0 0 5.5 15 180 M M 1 19 170
4 81 56 69 16 0 4 T 0.0 0 5.8 13 170 M M 4 3 19 170
5 90 62 76 22 0 11 0.30 0.0 0 10.0 32 340 M M 3 138 44 330
6 62 47 55 1 10 0 0.18 0.0 0 5.8 18 330 M M 9 1 23 320
7 55 46 51 -3 14 0 0.00 0.0 0 7.2 15 50 M M 4 23 40
8 55 40 48 -7 17 0 0.00 0.0 0 8.0 16 50 M M 0 20 50
9 65 32 49 -6 16 0 0.00 0.0 0 5.7 17 90 M M 0 24 50
10 72 35 54 -1 11 0 0.00 0.0 0 2.7 10 330 M M 0 13 50
11 77 38 58 2 7 0 0.00 0.0 0 3.2 12 240 M M 0 17 230
12 81 46 64 8 1 0 0.00 0.0 0 4.8 13 250 M M 0 19 280
13 85 46 66 10 0 1 0.00 0.0 0 3.0 9 70 M M 0 15 130
14 79 57 68 11 0 3 0.58 0.0 0 3.8 22 210 M M 5 13 29 210
15 78 57 68 11 0 3 0.02 0.0 0 4.0 12 50 M M 7 1 16 50
16 75 48 62 4 3 0 0.19 0.0 0 9.2 23 260 M M 5 1 34 260
17 61 46 54 -4 11 0 T 0.0 0 11.6 28 250 M M 7 38 260
18 70 39 55 -3 10 0 0.00 0.0 0 7.2 20 260 M M 0 28 260
19 83 42 63 5 2 0 0.00 0.0 0 2.4 12 260 M M 1 16 170
20 86 50 68 9 0 3 0.00 0.0 0 6.8 17 180 M M 0 27 250
21 82 53 68 9 0 3 0.21 0.0 0 7.2 20 230 M M 2 1 29 210
22 63 48 56 -3 9 0 0.52 0.0 0 8.5 28 290 M M 7 13 43 300
23 53 41 47 -13 18 0 0.00 0.0 0 6.0 13 340 M M 9 18 260
24 58 35 47 -13 18 0 0.00 0.0 0 5.2 15 330 M M 4 22 10
25 64 29 47 -13 18 0 0.00 0.0 0 3.2 12 140 M M 1 15 120
26 71 40 56 -4 9 0 0.00 0.0 0 3.7 13 350 M M 4 22 310
27 70 43 57 -4 8 0 0.24 0.0 0 5.3 13 70 M M 3 1 18 70
28 72 55 64 3 1 0 0.40 0.0 0 6.1 15 250 M M 9 1 21 260
29 68 49 59 -2 6 0 T 0.0 0 4.1 12 230 M M 5 17 240
30 61 46 54 -8 11 0 0.12 0.0 0 7.4 28 260 M M 9 13 38 260
================================================================================
SM 2122 1344 233 28 3.54 0.0 181.6 M 112
================================================================================
AV 70.7 44.8 6.1 FASTST M M 4 MAX(MPH)
MISC ----> 35 230 51 260
================================================================================
NOTES:
# LAST OF SEVERAL OCCURRENCES
COLUMN 17 PEAK WIND IN M.P.H.
PRELIMINARY LOCAL CLIMATOLOGICAL DATA (WS FORM: F-6) , PAGE 2
STATION: HUNTINGTON WV
MONTH: APRIL
YEAR: 2023
LATITUDE: 38 22 N
LONGITUDE: 82 33 W
[TEMPERATURE DATA] [PRECIPITATION DATA] SYMBOLS USED IN COLUMN 16
AVERAGE MONTHLY: 57.8 TOTAL FOR MONTH: 3.54 1 = FOG OR MIST
DPTR FM NORMAL: 0.6 DPTR FM NORMAL: -0.37 2 = FOG REDUCING VISIBILITY
HIGHEST: 90 ON 5 GRTST 24HR 1.45 ON 31- 1 TO 1/4 MILE OR LESS
LOWEST: 29 ON 25 3 = THUNDER
SNOW, ICE PELLETS, HAIL 4 = ICE PELLETS
TOTAL MONTH: 0.0 INCH 5 = HAIL
GRTST 24HR 0.0 6 = FREEZING RAIN OR DRIZZLE
GRTST DEPTH: 0 7 = DUSTSTORM OR SANDSTORM:
VSBY 1/2 MILE OR LESS
8 = SMOKE OR HAZE
[NO. OF DAYS WITH] [WEATHER - DAYS WITH] 9 = BLOWING SNOW
X = TORNADO
MAX 32 OR BELOW: 0 0.01 INCH OR MORE: 11
MAX 90 OR ABOVE: 1 0.10 INCH OR MORE: 10
MIN 32 OR BELOW: 2 0.50 INCH OR MORE: 3
MIN 0 OR BELOW: 0 1.00 INCH OR MORE: 0
[HDD (BASE 65) ]
TOTAL THIS MO. 233 CLEAR (SCALE 0-3) 14
DPTR FM NORMAL -33 PTCLDY (SCALE 4-7) 12
TOTAL FM JUL 1 3713 CLOUDY (SCALE 8-10) 4
DPTR FM NORMAL -501
[CDD (BASE 65) ]
TOTAL THIS MO. 28
DPTR FM NORMAL -3 [PRESSURE DATA]
TOTAL FM JAN 1 34 HIGHEST SLP 30.49 ON 7
DPTR FM NORMAL -3 LOWEST SLP 29.40 ON 30
[REMARKS]
#FINAL-04-23#