000
CDUS43 KIND 130543
CLIHUF


CLIMATE REPORT
NATIONAL WEATHER SERVICE INDIANAPOLIS IN
139 AM EDT SUN MAY 13 2018


...................................

...THE TERRE HAUTE IN CLIMATE SUMMARY FOR MAY 12 2018...

CLIMATE NORMAL PERIOD 1981 TO 2010
CLIMATE RECORD PERIOD 9999 TO 9999


WEATHER ITEM   OBSERVED TIME   NORMAL DEPARTURE LAST
                VALUE   (LST)  VALUE  FROM      YEAR
                                      NORMAL
......................................................
TEMPERATURE (F)
 YESTERDAY
  MAXIMUM         85    237 PM  73     12       70
  MINIMUM         66   1154 PM  51     15       55
  AVERAGE         76            62     14       63

PRECIPITATION (IN)
  YESTERDAY        T             0.21  -0.21     0.00
  MONTH TO DATE    0.66          2.73  -2.07     4.42
  SINCE MAR 1     10.08         10.25  -0.17    16.24
  SINCE JAN 1     15.93         14.54   1.39    20.58

DEGREE DAYS
 HEATING
  YESTERDAY        0             5     -5        2
  MONTH TO DATE    9            73    -64      110
  SINCE MAR 1   1313          1130    183      892
  SINCE JUL 1   5323          5293     30     4227

 COOLING
  YESTERDAY       11             2      9        0
  MONTH TO DATE   40            14     26        8
  SINCE MAR 1     44            29     15       38
  SINCE JAN 1     44            29     15       38
......................................................


WIND (MPH)
  HIGHEST WIND SPEED    17   HIGHEST WIND DIRECTION     W (250)
  HIGHEST GUST SPEED    23   HIGHEST GUST DIRECTION     W (260)
  AVERAGE WIND SPEED     7.4


SKY COVER
  AVERAGE SKY COVER 0.1


WEATHER CONDITIONS
 THE FOLLOWING WEATHER WAS RECORDED YESTERDAY.
  LIGHT RAIN


RELATIVE HUMIDITY (PERCENT)
 HIGHEST    84          1000 PM
 LOWEST     55           200 PM
 AVERAGE    70

..........................................................


THE TERRE HAUTE IN CLIMATE NORMALS FOR TODAY
                         NORMAL
 MAXIMUM TEMPERATURE (F)   73
 MINIMUM TEMPERATURE (F)   51


SUNRISE AND SUNSET
MAY 13 2018...........SUNRISE   637 AM EDT   SUNSET   854 PM EDT
MAY 14 2018...........SUNRISE   636 AM EDT   SUNSET   855 PM EDT


-  INDICATES NEGATIVE NUMBERS.
R  INDICATES RECORD WAS SET OR TIED.
MM INDICATES DATA IS MISSING.
T  INDICATES TRACE AMOUNT.




$$
