007
CDUS43 KIND 220536
CLIHUF


CLIMATE REPORT
NATIONAL WEATHER SERVICE INDIANAPOLIS IN
136 AM EDT SUN APR 22 2018


...................................

...THE TERRE HAUTE IN CLIMATE SUMMARY FOR APRIL 21 2018...

CLIMATE NORMAL PERIOD 1981 TO 2010
CLIMATE RECORD PERIOD 9999 TO 9999


WEATHER ITEM   OBSERVED TIME   NORMAL DEPARTURE LAST
                VALUE   (LST)  VALUE  FROM      YEAR
                                      NORMAL
......................................................
TEMPERATURE (F)
 YESTERDAY
  MAXIMUM         63    332 PM  66     -3       58
  MINIMUM         36    412 AM  44     -8       45
  AVERAGE         50            55     -5       52

PRECIPITATION (IN)
  YESTERDAY        0.00          0.13  -0.13      T
  MONTH TO DATE    4.07          2.33   1.74     2.66
  SINCE MAR 1      9.04          5.70   3.34     6.23
  SINCE JAN 1     14.89          9.99   4.90    10.57

DEGREE DAYS
 HEATING
  YESTERDAY       15            11      4       13
  MONTH TO DATE  427           285    142      154
  SINCE MAR 1   1202           976    226      725
  SINCE JUL 1   5212          5139     73     4060

 COOLING
  YESTERDAY        0             1     -1        0
  MONTH TO DATE    4             7     -3       19
  SINCE MAR 1      4             8     -4       21
  SINCE JAN 1      4             8     -4       21
......................................................


WIND (MPH)
  HIGHEST WIND SPEED    16   HIGHEST WIND DIRECTION     E (70)
  HIGHEST GUST SPEED    19   HIGHEST GUST DIRECTION     E (70)
  AVERAGE WIND SPEED     7.4


SKY COVER
  AVERAGE SKY COVER 0.0


WEATHER CONDITIONS
 THE FOLLOWING WEATHER WAS RECORDED YESTERDAY.
  NO SIGNIFICANT WEATHER WAS OBSERVED.


RELATIVE HUMIDITY (PERCENT)
 HIGHEST    76           100 AM
 LOWEST     29           100 PM
 AVERAGE    53

..........................................................


THE TERRE HAUTE IN CLIMATE NORMALS FOR TODAY
                         NORMAL
 MAXIMUM TEMPERATURE (F)   66
 MINIMUM TEMPERATURE (F)   44


SUNRISE AND SUNSET
APRIL 22 2018.........SUNRISE   702 AM EDT   SUNSET   834 PM EDT
APRIL 23 2018.........SUNRISE   701 AM EDT   SUNSET   835 PM EDT


-  INDICATES NEGATIVE NUMBERS.
R  INDICATES RECORD WAS SET OR TIED.
MM INDICATES DATA IS MISSING.
T  INDICATES TRACE AMOUNT.




$$
