000
CXUS54 KHGX 011510
CF6IAH
PRELIMINARY LOCAL CLIMATOLOGICAL DATA (WS FORM: F-6)
STATION: HOUSTON INTERCONTINENTAL
MONTH: NOVEMBER
YEAR: 2023
LATITUDE: 29 58 N
LONGITUDE: 95 21 W
TEMPERATURE IN F: :PCPN: SNOW: WIND :SUNSHINE: SKY :PK WND
================================================================================
1 2 3 4 5 6A 6B 7 8 9 10 11 12 13 14 15 16 17 18
12Z AVG MX 2MIN
DY MAX MIN AVG DEP HDD CDD WTR SNW DPTH SPD SPD DIR MIN PSBL S-S WX SPD DR
================================================================================
1 62 40 51 -15 14 0 0.00 0.0 0 6.5 16 50 M M 0 23 60
2 67 37 52 -14 13 0 0.00 0.0 0 4.6 12 120 M M 3 17 120
3 76 44 60 -6 5 0 0.00 0.0 0 4.6 12 130 M M 2 18 130
4 80 54 67 2 0 2 0.00 0.0 0 5.9 14 140 M M 3 20 130
5 83 58 71 6 0 6 0.00 0.0 0 4.8 14 140 M M 7 12 20 140
6 83 58 71 6 0 6 0.00 0.0 0 4.7 13 160 M M 8 1 19 160
7 87 62 75 11 0 10 0.00 0.0 0 6.6 16 190 M M 4 1 25 170
8 85 66 76 12 0 11 0.00 0.0 0 7.0 17 160 M M 7 22 160
9 85 63 74 10 0 9 0.59 0.0 0 5.2 17 150 M M 8 1 22 160
10 69 54 62 -2 3 0 0.38 0.0 0 10.8 21 330 M M 10 1 30 330
11 59 55 57 -6 8 0 0.00 0.0 0 7.6 13 360 M M 10 1 23 40
12 68 58 63 0 2 0 0.17 0.0 0 7.7 12 20 M M 10 1 17 40
13 62 59 61 -2 4 0 0.57 0.0 0 9.0 14 60 M M 9 1 21 50
14 73 58 66 4 0 1 0.00 0.0 0 7.1 13 30 M M 9 22 20
15 75 54 65 3 0 0 0.00 0.0 0 8.3 18 10 M M 3 24 100
16 66 58 62 0 3 0 T 0.0 0 4.2 9 50 M M 10 1 14 130
17 78 57 68 6 0 3 0.00 0.0 0 4.0 13 360 M M 7 1 18 30
18 75 57 66 5 0 1 0.00 0.0 0 5.7 14 50 M M 7 1 20 50
19 73 53 63 2 2 0 0.00 0.0 0 7.8 18 130 M M 6 1 24 130
20 82 65 74 13 0 9 0.04 0.0 0 8.7 21 330 M M 7 1 29 330
21 65 47 56 -4 9 0 0.00 0.0 0 14.6 25 340 M M 8 39 360
22 60 43 52 -8 13 0 0.00 0.0 0 5.6 16 340 M M 5 21 350
23 56 40 48 -12 17 0 0.03 0.0 0 2.3 9 110 M M 9 11 110
24 68 45 57 -3 8 0 0.00 0.0 0 5.9 13 70 M M 4 17 80
25 67 44 56 -3 9 0 0.00 0.0 0 6.6 17 70 M M 7 23 100
26 61 45 53 -6 12 0 0.06 0.0 0 12.8 23 340 M M 8 31 340
27 60 39 50 -9 15 0 0.00 0.0 0 5.8 15 340 M M 6 25 30
28 63 43 53 -6 12 0 0.00 0.0 0 4.3 12 80 M M 6 8 23 80
29 67 40 54 -4 11 0 0.00 0.0 0 7.8 18 140 M M 9 8 22 110
30 70 58 64 6 1 0 0.52 0.0 0 10.1 29 150 M M 10 1 36 150
================================================================================
SM 2125 1554 161 58 2.36 0.0 206.6 M 202
================================================================================
AV 70.8 51.8 6.9 FASTST M M 7 MAX(MPH)
MISC ----> 29 150 39 360
================================================================================
NOTES:
# LAST OF SEVERAL OCCURRENCES
COLUMN 17 PEAK WIND IN M.P.H.
PRELIMINARY LOCAL CLIMATOLOGICAL DATA (WS FORM: F-6) , PAGE 2
STATION: HOUSTON INTERCONTINENTAL
MONTH: NOVEMBER
YEAR: 2023
LATITUDE: 29 58 N
LONGITUDE: 95 21 W
[TEMPERATURE DATA] [PRECIPITATION DATA] SYMBOLS USED IN COLUMN 16
AVERAGE MONTHLY: 61.3 TOTAL FOR MONTH: 2.36 1 = FOG OR MIST
DPTR FM NORMAL: -0.7 DPTR FM NORMAL: -1.51 2 = FOG REDUCING VISIBILITY
HIGHEST: 87 ON 7 GRTST 24HR 0.96 ON 9-10 TO 1/4 MILE OR LESS
LOWEST: 37 ON 2 3 = THUNDER
SNOW, ICE PELLETS, HAIL 4 = ICE PELLETS
TOTAL MONTH: 0.0 INCH 5 = HAIL
GRTST 24HR 0.0 6 = FREEZING RAIN OR DRIZZLE
GRTST DEPTH: 0 7 = DUSTSTORM OR SANDSTORM:
VSBY 1/2 MILE OR LESS
8 = SMOKE OR HAZE
[NO. OF DAYS WITH] [WEATHER - DAYS WITH] 9 = BLOWING SNOW
X = TORNADO
MAX 32 OR BELOW: 0 0.01 INCH OR MORE: 8
MAX 90 OR ABOVE: 0 0.10 INCH OR MORE: 5
MIN 32 OR BELOW: 0 0.50 INCH OR MORE: 3
MIN 0 OR BELOW: 0 1.00 INCH OR MORE: 0
[HDD (BASE 65) ]
TOTAL THIS MO. 161 CLEAR (SCALE 0-3) 4
DPTR FM NORMAL 3 PTCLDY (SCALE 4-7) 17
TOTAL FM JUL 1 195 CLOUDY (SCALE 8-10) 9
DPTR FM NORMAL 11
[CDD (BASE 65) ]
TOTAL THIS MO. 58
DPTR FM NORMAL -12 [PRESSURE DATA]
TOTAL FM JAN 1 3862 HIGHEST SLP 30.48 ON 1
DPTR FM NORMAL 603 LOWEST SLP 29.68 ON 20
[REMARKS]
#FINAL-11-23#