207
CXUS53 KICT 041856
CF6ICT
PRELIMINARY LOCAL CLIMATOLOGICAL DATA (WS FORM: F-6)
STATION: WICHITA EISENHOWER NATIONAL
MONTH: NOVEMBER
YEAR: 2020
LATITUDE: 37 39 N
LONGITUDE: 97 25 W
TEMPERATURE IN F: :PCPN: SNOW: WIND :SUNSHINE: SKY :PK WND
================================================================================
1 2 3 4 5 6A 6B 7 8 9 10 11 12 13 14 15 16 17 18
12Z AVG MX 2MIN
DY MAX MIN AVG DEP HDD CDD WTR SNW DPTH SPD SPD DIR MIN PSBL S-S WX SPD DR
================================================================================
1 59 36 48 -4 17 0 0.00 0.0 0 6.4 15 350 M M 1 8 20 350
2 69 32 51 -1 14 0 0.00 0.0 0 9.9 20 220 M M 0 27 200
3 75 41 58 6 7 0 0.00 0.0 0 11.0 23 190 M M 2 30 170
4 72 49 61 10 4 0 0.00 0.0 0 11.7 22 180 M M 6 26 170
5 73 46 60 9 5 0 0.00 0.0 0 3.1 12 190 M M 1 1 13 190
6 73 41 57 7 8 0 0.00 0.0 0 10.2 23 180 M M 4 128 30 190
7 75 53 64 14 1 0 0.00 0.0 0 17.6 28 180 M M 3 34 190
8 74 56 65 16 0 0 0.00 0.0 0 21.2 36 180 M M 3 47 190
9 69 63 66 17 0 1 T 0.0 0 18.0 28 180 M M 8 41 170
10 64 29 47 -1 18 0 0.15 0.0 0 12.1 32 280 M M 6 13 42 280
11 57 28 43 -5 22 0 0.00 0.0 0 4.2 13 140 M M 1 18 130
12 59 32 46 -1 19 0 0.00 0.0 0 12.2 26 350 M M 2 35 350
13 47 24 36 -11 29 0 0.00 0.0 0 7.3 15 160 M M 4 20 180
14 76 47 62 16 3 0 0.00 0.0 0 22.0 39 310 M M 6 53 300
15 59 33 46 0 19 0 0.00 0.0 0 11.2 25 300 M M 1 8 37 310
16 71 29 50 5 15 0 0.00 0.0 0 6.8 15 320 M M 1 8 20 300
17 68 30 49 4 16 0 0.00 0.0 0 9.3 25 170 M M 0 8 32 190
18 70 46 58 14 7 0 T 0.0 0 22.9 38 200 M M 2 53 190
19 75 53 64 20 1 0 0.00 0.0 0 17.1 30 200 M M 1 39 200
20 60 47 54 11 11 0 0.00 0.0 0 11.9 20 50 M M 7 1 27 50
21 55 42 49 6 16 0 0.28 0.0 0 11.4 20 60 M M 10 1 26 70
22 56 29 43 1 22 0 0.00 0.0 0 7.2 16 350 M M 5 1 22 10
23 51 28 40 -2 25 0 T 0.0 0 12.1 26 170 M M 9 35 170
24 54 40 47 6 18 0 0.30 0.0 0 17.0 45 210 M M 10 13 61 220
25 49 30 40 -1 25 0 T T 0 13.4 31 330 M M 4 1 42 320
26 60 29 45 5 20 0 0.00 0.0 0 9.7 18 180 M M 2 23 150
27 55 27 41 1 24 0 0.00 0.0 0 9.0 20 350 M M 2 26 360
28 53 25 39 0 26 0 0.00 0.0 0 5.6 15 200 M M 3 19 200
29 48 31 40 1 25 0 0.02 0.0 0 14.8 33 350 M M 6 45 360
30 45 21 33 -5 32 0 0.00 0.0 0 9.4 18 340 M M 1 28 350
================================================================================
SM 1871 1117 449 1 0.75 T 355.7 M 111
================================================================================
AV 62.4 37.2 11.9 FASTST M M 4 MAX(MPH)
MISC ----> 45 210 61 220
================================================================================
NOTES:
# LAST OF SEVERAL OCCURRENCES
COLUMN 17 PEAK WIND IN M.P.H.
PRELIMINARY LOCAL CLIMATOLOGICAL DATA (WS FORM: F-6) , PAGE 2
STATION: WICHITA EISENHOWER NATIONAL
MONTH: NOVEMBER
YEAR: 2020
LATITUDE: 37 39 N
LONGITUDE: 97 25 W
[TEMPERATURE DATA] [PRECIPITATION DATA] SYMBOLS USED IN COLUMN 16
AVERAGE MONTHLY: 49.8 TOTAL FOR MONTH: 0.75 1 = FOG OR MIST
DPTR FM NORMAL: 4.4 DPTR FM NORMAL: -0.68 2 = FOG REDUCING VISIBILITY
HIGHEST: 76 ON 14 GRTST 24HR 0.30 ON 24-24 TO 1/4 MILE OR LESS
LOWEST: 21 ON 30 3 = THUNDER
SNOW, ICE PELLETS, HAIL 4 = ICE PELLETS
TOTAL MONTH: T 5 = HAIL
GRTST 24HR T ON 25-25 6 = FREEZING RAIN OR DRIZZLE
GRTST DEPTH: 0 7 = DUSTSTORM OR SANDSTORM:
VSBY 1/2 MILE OR LESS
8 = SMOKE OR HAZE
[NO. OF DAYS WITH] [WEATHER - DAYS WITH] 9 = BLOWING SNOW
X = TORNADO
MAX 32 OR BELOW: 0 0.01 INCH OR MORE: 4
MAX 90 OR ABOVE: 0 0.10 INCH OR MORE: 3
MIN 32 OR BELOW: 15 0.50 INCH OR MORE: 0
MIN 0 OR BELOW: 0 1.00 INCH OR MORE: 0
[HDD (BASE 65) ]
TOTAL THIS MO. 449 CLEAR (SCALE 0-3) 14
DPTR FM NORMAL -141 PTCLDY (SCALE 4-7) 13
TOTAL FM JUL 1 852 CLOUDY (SCALE 8-10) 3
DPTR FM NORMAL -22
[CDD (BASE 65) ]
TOTAL THIS MO. 1
DPTR FM NORMAL -1 [PRESSURE DATA]
TOTAL FM JAN 1 1768 HIGHEST SLP 30.60 ON 1
DPTR FM NORMAL 82 LOWEST SLP 29.43 ON 14
[REMARKS]
#FINAL-11-20#