000
CXUS55 KVEF 010910
CF6IGM
PRELIMINARY LOCAL CLIMATOLOGICAL DATA (WS FORM: F-6)
STATION: KINGMAN AZ
MONTH: MAY
YEAR: 2023
LATITUDE: 35 16 N
LONGITUDE: 113 57 W
TEMPERATURE IN F: :PCPN: SNOW: WIND :SUNSHINE: SKY :PK WND
================================================================================
1 2 3 4 5 6A 6B 7 8 9 10 11 12 13 14 15 16 17 18
12Z AVG MX 2MIN
DY MAX MIN AVG DEP HDD CDD WTR SNW DPTH SPD SPD DIR MIN PSBL S-S WX SPD DR
================================================================================
1 85 61 73 9 0 8 0.00 M M 17.1 30 200 M M 0 45 180
2 77 40 59 -5 6 0 0.00 M M 10.5 25 210 M M 0 37 230
3 77 46 62 -2 3 0 T M M 12.7 28 210 M M 2 37 220
4 66 45 56 -8 9 0 0.00 M M 15.0 31 240 M M 2 41 200
5 68 44 56 -9 9 0 0.00 M M 11.5 25 230 M M 1 34 230
6 72 41 57 -8 8 0 0.00 M M 11.4 24 230 M M 0 37 210
7 76 49 63 -3 2 0 0.00 M M 11.8 22 230 M M 0 32 220
8 80 46 63 -3 2 0 0.00 M M 12.1 24 230 M M 0 33 250
9 82 43 63 -3 2 0 0.00 M M 9.9 28 230 M M 0 38 250
10 74 49 62 -5 3 0 T M M 11.5 23 230 M M 0 31 230
11 82 48 65 -2 0 0 0.00 M M 7.7 16 240 M M 0 23 230
12 88 46 67 0 0 2 0.00 M M 7.3 22 350 M M 0 31 350
13 90 55 73 5 0 8 0.00 M M 8.6 18 150 M M 1 23 130
14 92 57 75 7 0 10 0.00 M M 11.0 24 240 M M 1 43 200
15 91 58 75 7 0 10 T M M 9.1 25 140 M M 2 3 36 310
16 90 63 77 8 0 12 T M M 7.2 28 290 M M 2 3 36 300
17 92 53 73 4 0 8 0.00 M M 8.0 28 330 M M 0 35 330
18 90 58 74 4 0 9 T M M 12.3 35 260 M M 1 3 64 270
19 90 57 74 4 0 9 T M M 12.1 38 140 M M 3 3 51 150
20 89 56 73 3 0 8 T M M 6.7 25 360 M M 2 3 33 350
21 89 55 72 1 0 7 T M M 5.8 24 260 M M 1 3 37 270
22 91 54 73 2 0 8 0.00 M M 6.5 23 160 M M 0 3 31 150
23 92 65 79 8 0 14 0.00 M M 13.2 28 220 M M 0 39 220
24 89 60 75 3 0 10 0.00 M M 12.9 28 210 M M 0 41 240
25 88 57 73 1 0 8 0.00 M M 13.8 29 210 M M 1 8 40 240
26 84 55 70 -2 0 5 0.00 M M 12.7 30 240 M M 0 38 240
27 86 52 69 -4 0 4 0.00 M M 9.4 16 230 M M 0 23 230
28 88 55 72 -1 0 7 0.00 M M 10.5 26 230 M M 0 34 250
29 89 57 73 0 0 8 0.00 M M 12.2 25 220 M M 0 34 210
30 88 58 73 -1 0 8 0.00 M M 11.3 25 230 M M 0 35 60
31 81 55 68 -6 0 3 T M M 10.8 32 170 M M 2 8 41 180
================================================================================
SM 2616 1638 44 166 T M 332.6 M 21
================================================================================
AV 84.4 52.8 10.7 FASTST M M 1 MAX(MPH)
MISC ----> 38 140 64 270
================================================================================
NOTES:
# LAST OF SEVERAL OCCURRENCES
COLUMN 17 PEAK WIND IN M.P.H.
PRELIMINARY LOCAL CLIMATOLOGICAL DATA (WS FORM: F-6) , PAGE 2
STATION: KINGMAN AZ
MONTH: MAY
YEAR: 2023
LATITUDE: 35 16 N
LONGITUDE: 113 57 W
[TEMPERATURE DATA] [PRECIPITATION DATA] SYMBOLS USED IN COLUMN 16
AVERAGE MONTHLY: 68.6 TOTAL FOR MONTH: T 1 = FOG OR MIST
DPTR FM NORMAL: -0.2 DPTR FM NORMAL: -0.08 2 = FOG REDUCING VISIBILITY
HIGHEST: 92 ON 23,17 GRTST 24HR T ON 3- 3 TO 1/4 MILE OR LESS
LOWEST: 40 ON 2 3 = THUNDER
SNOW, ICE PELLETS, HAIL 4 = ICE PELLETS
TOTAL MONTH: M 5 = HAIL
GRTST 24HR M ON M 6 = FREEZING RAIN OR DRIZZLE
GRTST DEPTH: M ON M 7 = DUSTSTORM OR SANDSTORM:
VSBY 1/2 MILE OR LESS
8 = SMOKE OR HAZE
[NO. OF DAYS WITH] [WEATHER - DAYS WITH] 9 = BLOWING SNOW
X = TORNADO
MAX 32 OR BELOW: 0 0.01 INCH OR MORE: 0
MAX 90 OR ABOVE: 9 0.10 INCH OR MORE: 0
MIN 32 OR BELOW: 0 0.50 INCH OR MORE: 0
MIN 0 OR BELOW: 0 1.00 INCH OR MORE: 0
[HDD (BASE 65) ]
TOTAL THIS MO. 44 CLEAR (SCALE 0-3) 30
DPTR FM NORMAL -10 PTCLDY (SCALE 4-7) 1
TOTAL FM JUL 1 3380 CLOUDY (SCALE 8-10) 0
DPTR FM NORMAL 372
[CDD (BASE 65) ]
TOTAL THIS MO. 166
DPTR FM NORMAL -6 [PRESSURE DATA]
TOTAL FM JAN 1 185 HIGHEST SLP 30.01 ON 20
DPTR FM NORMAL -14 LOWEST SLP 29.45 ON 1
[REMARKS]
#FINAL-05-23#