000
CXUS55 KVEF 010910
CF6IGM
PRELIMINARY LOCAL CLIMATOLOGICAL DATA (WS FORM: F-6)
STATION: KINGMAN AZ
MONTH: SEPTEMBER
YEAR: 2021
LATITUDE: 35 16 N
LONGITUDE: 113 57 W
TEMPERATURE IN F: :PCPN: SNOW: WIND :SUNSHINE: SKY :PK WND
================================================================================
1 2 3 4 5 6A 6B 7 8 9 10 11 12 13 14 15 16 17 18
12Z AVG MX 2MIN
DY MAX MIN AVG DEP HDD CDD WTR SNW DPTH SPD SPD DIR MIN PSBL S-S WX SPD DR
================================================================================
1 81 66 74 -6 0 9 0.01 M M 9.1 18 240 M M 5 24 250
2 88 65 77 -3 0 12 0.00 M M 9.8 17 230 M M 0 3 27 240
3 92 67 80 0 0 15 0.00 M M 8.2 15 250 M M 0 21 260
4 97 60 79 -1 0 14 0.00 M M 3.4 13 260 M M 0 17 270
5 101 64 83 4 0 18 0.00 M M 3.3 12 290 M M 1 15 270
6 100 67 84 5 0 19 0.00 0.0 0 7.0 18 160 M M 0 22 150
7 104 69 87 8 0 22 0.00 M M 5.9 14 330 M M 0 18 340
8 98 68 83 5 0 18 0.00 M M 9.2 30 40 M M 0 38 39 40
9 100 73 87 9 0 22 0.00 M M 7.8 21 170 M M 0 26 190
10 97 70 84 6 0 19 T M M 9.5 30 170 M M 1 38 39 180
11 96 70 83 5 0 18 0.00 M M 9.2 24 230 M M 0 31 240
12 98 69 84 7 0 19 0.00 M M 8.7 20 230 M M 0 27 250
13 98 69 84 7 0 19 0.00 M M 9.1 24 230 M M 0 38 250
14 96 67 82 6 0 17 0.00 M M 10.2 22 230 M M 0 31 220
15 95 62 79 3 0 14 0.00 M M 10.1 23 220 M M 0 31 230
16 95 61 78 2 0 13 0.00 M M 12.2 28 220 M M 0 37 230
17 93 65 79 4 0 14 T M M 8.2 22 230 M M 2 27 230
18 86 65 76 1 0 11 0.26 M M 8.2 23 220 M M 2 13 30 230
19 88 59 74 -1 0 9 0.00 M M 13.1 26 210 M M 0 41 230
20 88 56 72 -2 0 7 0.00 M M 8.2 18 10 M M 0 24 20
21 92 57 75 1 0 10 0.00 M M 7.6 15 360 M M 0 19 10
22 93 55 74 1 0 9 0.00 M M 5.6 18 240 M M 0 25 230
23 91 62 77 4 0 12 0.00 M M 8.6 21 230 M M 1 27 230
24 88 64 76 4 0 11 0.00 M M 9.0 21 220 M M 1 27 230
25 85 61 73 1 0 8 T M M 8.9 21 250 M M 2 28 250
26 82 60 71 -1 0 6 0.00 M M 9.4 21 240 M M 0 28 260
27 83 60 72 1 0 7 0.00 M M 10.4 22 240 M M 0 27 230
28 82 62 72 1 0 7 0.00 M M 13.4 29 230 M M 1 37 240
29 78 54 66 -4 0 1 0.00 M M 7.3 15 360 M M 0 22 10
30 80 52 66 -4 0 1 0.00 M M 9.8 20 10 M M 0 24 360
================================================================================
SM 2745 1899 0 381 0.27 0.0 260.4 M 16
================================================================================
AV 91.5 63.3 8.7 FASTST M M 1 MAX(MPH)
MISC ----> # 30 40 41 230
================================================================================
NOTES:
# LAST OF SEVERAL OCCURRENCES
COLUMN 17 PEAK WIND IN M.P.H.
PRELIMINARY LOCAL CLIMATOLOGICAL DATA (WS FORM: F-6) , PAGE 2
STATION: KINGMAN AZ
MONTH: SEPTEMBER
YEAR: 2021
LATITUDE: 35 16 N
LONGITUDE: 113 57 W
[TEMPERATURE DATA] [PRECIPITATION DATA] SYMBOLS USED IN COLUMN 16
AVERAGE MONTHLY: 77.4 TOTAL FOR MONTH: 0.27 1 = FOG OR MIST
DPTR FM NORMAL: 1.8 DPTR FM NORMAL: -0.69 2 = FOG REDUCING VISIBILITY
HIGHEST: 104 ON 7 GRTST 24HR 1.39 ON 31- 1 TO 1/4 MILE OR LESS
LOWEST: 52 ON 30 3 = THUNDER
SNOW, ICE PELLETS, HAIL 4 = ICE PELLETS
TOTAL MONTH: 0.0 INCH 5 = HAIL
GRTST 24HR 0.0 6 = FREEZING RAIN OR DRIZZLE
GRTST DEPTH: 0 7 = DUSTSTORM OR SANDSTORM:
VSBY 1/2 MILE OR LESS
8 = SMOKE OR HAZE
[NO. OF DAYS WITH] [WEATHER - DAYS WITH] 9 = BLOWING SNOW
X = TORNADO
MAX 32 OR BELOW: 0 0.01 INCH OR MORE: 2
MAX 90 OR ABOVE: 18 0.10 INCH OR MORE: 1
MIN 32 OR BELOW: 0 0.50 INCH OR MORE: 0
MIN 0 OR BELOW: 0 1.00 INCH OR MORE: 0
[HDD (BASE 65) ]
TOTAL THIS MO. 0 CLEAR (SCALE 0-3) 29
DPTR FM NORMAL -7 PTCLDY (SCALE 4-7) 1
TOTAL FM JUL 1 0 CLOUDY (SCALE 8-10) 0
DPTR FM NORMAL -5
[CDD (BASE 65) ]
TOTAL THIS MO. 381
DPTR FM NORMAL 54 [PRESSURE DATA]
TOTAL FM JAN 1 2463 HIGHEST SLP 30.14 ON 21
DPTR FM NORMAL 364 LOWEST SLP 29.63 ON 28
[REMARKS]
#FINAL-09-21#