027
CXUS55 KVEF 010910
CF6IGM
PRELIMINARY LOCAL CLIMATOLOGICAL DATA (WS FORM: F-6)
STATION: KINGMAN AZ
MONTH: FEBRUARY
YEAR: 2021
LATITUDE: 35 16 N
LONGITUDE: 113 57 W
TEMPERATURE IN F: :PCPN: SNOW: WIND :SUNSHINE: SKY :PK WND
================================================================================
1 2 3 4 5 6A 6B 7 8 9 10 11 12 13 14 15 16 17 18
12Z AVG MX 2MIN
DY MAX MIN AVG DEP HDD CDD WTR SNW DPTH SPD SPD DIR MIN PSBL S-S WX SPD DR
================================================================================
1 59 37 48 3 17 0 T M M 2.6 13 150 M M 5 15 140
2 69 44 57 12 8 0 0.00 M M 6.5 15 240 M M 6 19 230
3 67 43 55 9 10 0 0.00 M M 14.7 35 230 M M 0 43 240
4 55 35 45 -1 20 0 0.00 M M 13.4 23 340 M M 0 29 10
5 62 32 47 1 18 0 0.00 M M 6.5 14 30 M M 0 17 30
6 64 33 49 3 16 0 0.00 M M 6.2 14 10 M M 0 18 20
7 69 28 49 3 16 0 0.00 M M 3.1 10 10 M M 0 14 300
8 69 33 51 5 14 0 0.00 M M 10.9 25 240 M M 0 31 240
9 65 39 52 6 13 0 0.00 M M 10.0 23 230 M M 1 30 230
10 66 38 52 6 13 0 0.00 M M 4.7 10 140 M M 3 17 10
11 69 34 52 6 13 0 0.00 M M 5.6 18 220 M M 0 8 22 220
12 60 38 49 3 16 0 T M M 11.1 33 240 M M 2 41 230
13 63 38 51 4 14 0 T M M 15.8 48 230 M M 3 3 58 230
14 52 31 42 -5 23 0 0.00 M M 12.9 28 360 M M 0 33 350
15 57 27 42 -5 23 0 0.00 M M 9.3 26 230 M M 3 35 220
16 58 35 47 0 18 0 0.00 M M 14.2 32 10 M M 1 42 10
17 52 30 41 -6 24 0 0.00 M M 12.1 32 340 M M 0 41 340
18 53 23 38 -9 27 0 0.00 M M 10.4 16 360 M M 0 21 10
19 61 24 43 -4 22 0 0.00 M M 6.6 18 230 M M 0 24 240
20 61 34 48 0 17 0 0.00 M M 15.3 41 230 M M 1 54 240
21 57 29 43 -5 22 0 0.00 M 0 9.1 17 10 M M 0 23 10
22 65 30 48 0 17 0 0.00 M M 8.9 16 360 M M 0 21 10
23 71 28 50 2 15 0 0.00 M M 3.5 20 360 M M 0 24 360
24 70 32 51 3 14 0 0.00 M M 8.6 31 340 M M 0 39 350
25 54 33 44 -4 21 0 0.00 M M 18.7 33 360 M M 0 45 350
26 66 23 45 -3 20 0 0.00 M M 5.6 24 230 M M 0 30 220
27 56 30 43 -6 22 0 0.00 M M 12.2 24 350 M M 0 30 360
28 51 26 39 -10 26 0 0.00 M M 13.2 24 360 M M 0 31 350
================================================================================
SM 1721 907 499 0 T M 271.7 M 25
================================================================================
AV 61.5 32.4 9.7 FASTST M M 1 MAX(MPH)
MISC ----> 48 230 58 230
================================================================================
NOTES:
# LAST OF SEVERAL OCCURRENCES
COLUMN 17 PEAK WIND IN M.P.H.
PRELIMINARY LOCAL CLIMATOLOGICAL DATA (WS FORM: F-6) , PAGE 2
STATION: KINGMAN AZ
MONTH: FEBRUARY
YEAR: 2021
LATITUDE: 35 16 N
LONGITUDE: 113 57 W
[TEMPERATURE DATA] [PRECIPITATION DATA] SYMBOLS USED IN COLUMN 16
AVERAGE MONTHLY: 46.9 TOTAL FOR MONTH: T 1 = FOG OR MIST
DPTR FM NORMAL: 0.0 DPTR FM NORMAL: -1.14 2 = FOG REDUCING VISIBILITY
HIGHEST: 71 ON 23 GRTST 24HR T ON 1- 1 TO 1/4 MILE OR LESS
LOWEST: 23 ON 26,18 3 = THUNDER
SNOW, ICE PELLETS, HAIL 4 = ICE PELLETS
TOTAL MONTH: M 5 = HAIL
GRTST 24HR M ON M 6 = FREEZING RAIN OR DRIZZLE
GRTST DEPTH: 0 7 = DUSTSTORM OR SANDSTORM:
VSBY 1/2 MILE OR LESS
8 = SMOKE OR HAZE
[NO. OF DAYS WITH] [WEATHER - DAYS WITH] 9 = BLOWING SNOW
X = TORNADO
MAX 32 OR BELOW: 0 0.01 INCH OR MORE: 0
MAX 90 OR ABOVE: 0 0.10 INCH OR MORE: 0
MIN 32 OR BELOW: 14 0.50 INCH OR MORE: 0
MIN 0 OR BELOW: 0 1.00 INCH OR MORE: 0
[HDD (BASE 65) ]
TOTAL THIS MO. 499 CLEAR (SCALE 0-3) 25
DPTR FM NORMAL -9 PTCLDY (SCALE 4-7) 3
TOTAL FM JUL 1 2293 CLOUDY (SCALE 8-10) 0
DPTR FM NORMAL -121
[CDD (BASE 65) ]
TOTAL THIS MO. 0
DPTR FM NORMAL 0 [PRESSURE DATA]
TOTAL FM JAN 1 0 HIGHEST SLP 30.33 ON 22
DPTR FM NORMAL 0 LOWEST SLP 29.45 ON 13
[REMARKS]
#FINAL-02-21#